{"id":46586,"date":"2025-10-01T02:59:05","date_gmt":"2025-10-01T02:59:05","guid":{"rendered":"https:\/\/lovme.pt\/?post_type=product&p=46586"},"modified":"2026-02-19T20:22:06","modified_gmt":"2026-02-19T20:22:06","slug":"armony-vibrador-e-estimulador-manfun-plug-anal-controle-remoto-preto","status":"publish","type":"product","link":"https:\/\/lovme.pt\/index.php\/produto\/armony-vibrador-e-estimulador-manfun-plug-anal-controle-remoto-preto\/","title":{"rendered":"ARMONY &#8211; VIBRADOR E ESTIMULADOR MANFUN PLUG ANAL CONTROLE REMOTO PRETO"},"content":{"rendered":"<p>O vibrador com plug anal da marca <strong>ARMONY<\/strong> oferece uma experi\u00eancia de prazer vers\u00e1til e estimulante. Com um design \u00fanico que combina um vibrador e um plug anal, este brinquedo foi concebido para proporcionar dupla estimula\u00e7\u00e3o e maximizar o prazer.<\/p>\n<p>Fabricado com materiais de alta qualidade como silicone premium e ABS, garante sensa\u00e7\u00e3o de toque suave e durabilidade excepcional. Com 3*9 modos de vibra\u00e7\u00e3o, voc\u00ea pode experimentar uma variedade de sensa\u00e7\u00f5es, desde pulsa\u00e7\u00f5es suaves at\u00e9 vibra\u00e7\u00f5es intensas, para satisfazer seus desejos mais profundos. Al\u00e9m disso, o seu design ergon\u00f4mico e o formato do plug anal garantem uma inser\u00e7\u00e3o confort\u00e1vel e segura.<\/p>\n<p>Este vibrador com plug anal \u00e9 totalmente submers\u00edvel, permitindo-lhe desfrutar de emocionantes momentos de prazer no duche ou na banheira. Com bateria de 3,7 V e capacidade de recarga USB, \u00e9 conveniente e f\u00e1cil de usar em qualquer lugar.<\/p>\n<p>\u00a0<\/p>\n<ul>\n<li>Base amplamente circular para seguran\u00e7a e conforto<\/li>\n<li>Ponta c\u00f4nica para f\u00e1cil inser\u00e7\u00e3o<\/li>\n<li>173*100*38mm<\/li>\n<\/ul>\n<p>\u00a0<\/p>\n<p><strong>ARM\u00d4NIO<\/strong><br \/>Bem-vindo ao <strong>ARMONY<\/strong> , onde prazer e qualidade se fundem para criar uma experi\u00eancia \u00fanica no mundo dos brinquedos er\u00f3ticos. Nossa marca \u00e9 especializada na fabrica\u00e7\u00e3o de vibradores e brinquedos de alta qualidade para homens e mulheres, meticulosamente projetados para aumentar o prazer e a intimidade. De vibradores sofisticados a estimuladores sensuais, cada produto <strong>ARMONY<\/strong> \u00e9 elaborado com aten\u00e7\u00e3o aos detalhes e com o compromisso de proporcionar uma experi\u00eancia de satisfa\u00e7\u00e3o incompar\u00e1vel. Orgulhamo-nos de oferecer uma gama diversificada de produtos que v\u00e3o do cl\u00e1ssico ao inovador, sempre com foco na qualidade, seguran\u00e7a e na explora\u00e7\u00e3o do prazer. Descubra um mundo de sensa\u00e7\u00f5es er\u00f3ticas com <strong>ARMONY<\/strong> , onde o prazer se torna uma forma de arte.<\/p>\n","protected":false},"excerpt":{"rendered":"<p>ARMONY &#8211; VIBRADOR E ESTIMULADOR MANFUN PLUG ANAL CONTROLE REMOTO PRETO<\/p>\n","protected":false},"featured_media":100634,"template":"","meta":{"_acf_changed":false},"product_brand":[],"product_cat":[17,62,63],"product_tag":[],"class_list":{"0":"post-46586","1":"product","2":"type-product","3":"status-publish","4":"has-post-thumbnail","6":"product_cat-brinquedos-de-bem-estar-sexual","7":"product_cat-plugues-e-correntes-anais","8":"product_cat-sexo-anal","9":"yith_product_brand-armony","10":"yith_product_brand-armonyarmony-anal","12":"first","13":"instock","14":"taxable","15":"shipping-taxable","16":"purchasable","17":"product-type-simple"},"acf":[],"yoast_head":"<!-- This site is optimized with the Yoast SEO plugin v27.4 - https:\/\/yoast.com\/product\/yoast-seo-wordpress\/ -->\n<title>ARMONY - VIBRADOR E ESTIMULADOR MANFUN PLUG ANAL CONTROLE REMOTO PRETO - Lovme<\/title>\n<meta name=\"robots\" content=\"index, follow, max-snippet:-1, max-image-preview:large, max-video-preview:-1\" \/>\n<link rel=\"canonical\" href=\"https:\/\/lovme.pt\/index.php\/produto\/armony-vibrador-e-estimulador-manfun-plug-anal-controle-remoto-preto\/\" \/>\n<meta property=\"og:locale\" content=\"pt_PT\" \/>\n<meta property=\"og:type\" content=\"article\" \/>\n<meta property=\"og:title\" content=\"ARMONY - VIBRADOR E ESTIMULADOR MANFUN PLUG ANAL CONTROLE REMOTO PRETO - Lovme\" \/>\n<meta property=\"og:description\" content=\"ARMONY - VIBRADOR E ESTIMULADOR MANFUN PLUG ANAL CONTROLE REMOTO PRETO\" \/>\n<meta property=\"og:url\" content=\"https:\/\/lovme.pt\/index.php\/produto\/armony-vibrador-e-estimulador-manfun-plug-anal-controle-remoto-preto\/\" \/>\n<meta property=\"og:site_name\" content=\"Lovme\" \/>\n<meta property=\"article:modified_time\" content=\"2026-02-19T20:22:06+00:00\" \/>\n<meta property=\"og:image\" content=\"https:\/\/erki24nd3ub.exactdn.com\/wp-content\/uploads\/dream\/img\/img_164093_0178cd4c65d302cdf0ae6fbdfb3c9950_1.jpg?strip=all\" \/>\n\t<meta property=\"og:image:width\" content=\"800\" \/>\n\t<meta property=\"og:image:height\" content=\"800\" \/>\n\t<meta property=\"og:image:type\" content=\"image\/jpeg\" \/>\n<meta name=\"twitter:card\" content=\"summary_large_image\" \/>\n<meta name=\"twitter:label1\" content=\"Tempo estimado de leitura\" \/>\n\t<meta name=\"twitter:data1\" content=\"1 minuto\" \/>\n<script type=\"application\/ld+json\" class=\"yoast-schema-graph\">{\"@context\":\"https:\\\/\\\/schema.org\",\"@graph\":[{\"@type\":\"WebPage\",\"@id\":\"https:\\\/\\\/lovme.pt\\\/index.php\\\/produto\\\/armony-vibrador-e-estimulador-manfun-plug-anal-controle-remoto-preto\\\/\",\"url\":\"https:\\\/\\\/lovme.pt\\\/index.php\\\/produto\\\/armony-vibrador-e-estimulador-manfun-plug-anal-controle-remoto-preto\\\/\",\"name\":\"ARMONY - VIBRADOR E ESTIMULADOR MANFUN PLUG ANAL CONTROLE REMOTO PRETO - Lovme\",\"isPartOf\":{\"@id\":\"https:\\\/\\\/lovme.pt\\\/#website\"},\"primaryImageOfPage\":{\"@id\":\"https:\\\/\\\/lovme.pt\\\/index.php\\\/produto\\\/armony-vibrador-e-estimulador-manfun-plug-anal-controle-remoto-preto\\\/#primaryimage\"},\"image\":{\"@id\":\"https:\\\/\\\/lovme.pt\\\/index.php\\\/produto\\\/armony-vibrador-e-estimulador-manfun-plug-anal-controle-remoto-preto\\\/#primaryimage\"},\"thumbnailUrl\":\"https:\\\/\\\/erki24nd3ub.exactdn.com\\\/wp-content\\\/uploads\\\/dream\\\/img\\\/img_164093_0178cd4c65d302cdf0ae6fbdfb3c9950_1.jpg?strip=all\",\"datePublished\":\"2025-10-01T02:59:05+00:00\",\"dateModified\":\"2026-02-19T20:22:06+00:00\",\"breadcrumb\":{\"@id\":\"https:\\\/\\\/lovme.pt\\\/index.php\\\/produto\\\/armony-vibrador-e-estimulador-manfun-plug-anal-controle-remoto-preto\\\/#breadcrumb\"},\"inLanguage\":\"pt-PT\",\"potentialAction\":[{\"@type\":\"ReadAction\",\"target\":[\"https:\\\/\\\/lovme.pt\\\/index.php\\\/produto\\\/armony-vibrador-e-estimulador-manfun-plug-anal-controle-remoto-preto\\\/\"]}]},{\"@type\":\"ImageObject\",\"inLanguage\":\"pt-PT\",\"@id\":\"https:\\\/\\\/lovme.pt\\\/index.php\\\/produto\\\/armony-vibrador-e-estimulador-manfun-plug-anal-controle-remoto-preto\\\/#primaryimage\",\"url\":\"https:\\\/\\\/erki24nd3ub.exactdn.com\\\/wp-content\\\/uploads\\\/dream\\\/img\\\/img_164093_0178cd4c65d302cdf0ae6fbdfb3c9950_1.jpg?strip=all\",\"contentUrl\":\"https:\\\/\\\/erki24nd3ub.exactdn.com\\\/wp-content\\\/uploads\\\/dream\\\/img\\\/img_164093_0178cd4c65d302cdf0ae6fbdfb3c9950_1.jpg?strip=all\",\"width\":800,\"height\":800},{\"@type\":\"BreadcrumbList\",\"@id\":\"https:\\\/\\\/lovme.pt\\\/index.php\\\/produto\\\/armony-vibrador-e-estimulador-manfun-plug-anal-controle-remoto-preto\\\/#breadcrumb\",\"itemListElement\":[{\"@type\":\"ListItem\",\"position\":1,\"name\":\"In\u00edcio\",\"item\":\"https:\\\/\\\/lovme.pt\\\/\"},{\"@type\":\"ListItem\",\"position\":2,\"name\":\"Loja\",\"item\":\"https:\\\/\\\/lovme.pt\\\/index.php\\\/loja\\\/\"},{\"@type\":\"ListItem\",\"position\":3,\"name\":\"ARMONY &#8211; VIBRADOR E ESTIMULADOR MANFUN PLUG ANAL CONTROLE REMOTO PRETO\"}]},{\"@type\":\"WebSite\",\"@id\":\"https:\\\/\\\/lovme.pt\\\/#website\",\"url\":\"https:\\\/\\\/lovme.pt\\\/\",\"name\":\"Lovme Loja Er\u00f3tica N\u00ba1 em Portugal\",\"description\":\"A melhor loja er\u00f3tica de Portugal.\",\"alternateName\":\"Loja Er\u00f3tica Lovme\",\"potentialAction\":[{\"@type\":\"SearchAction\",\"target\":{\"@type\":\"EntryPoint\",\"urlTemplate\":\"https:\\\/\\\/lovme.pt\\\/?s={search_term_string}\"},\"query-input\":{\"@type\":\"PropertyValueSpecification\",\"valueRequired\":true,\"valueName\":\"search_term_string\"}}],\"inLanguage\":\"pt-PT\"}]}<\/script>\n<!-- \/ Yoast SEO plugin. -->","yoast_head_json":{"title":"ARMONY - VIBRADOR E ESTIMULADOR MANFUN PLUG ANAL CONTROLE REMOTO PRETO - Lovme","robots":{"index":"index","follow":"follow","max-snippet":"max-snippet:-1","max-image-preview":"max-image-preview:large","max-video-preview":"max-video-preview:-1"},"canonical":"https:\/\/lovme.pt\/index.php\/produto\/armony-vibrador-e-estimulador-manfun-plug-anal-controle-remoto-preto\/","og_locale":"pt_PT","og_type":"article","og_title":"ARMONY - VIBRADOR E ESTIMULADOR MANFUN PLUG ANAL CONTROLE REMOTO PRETO - Lovme","og_description":"ARMONY - VIBRADOR E ESTIMULADOR MANFUN PLUG ANAL CONTROLE REMOTO PRETO","og_url":"https:\/\/lovme.pt\/index.php\/produto\/armony-vibrador-e-estimulador-manfun-plug-anal-controle-remoto-preto\/","og_site_name":"Lovme","article_modified_time":"2026-02-19T20:22:06+00:00","og_image":[{"width":800,"height":800,"url":"https:\/\/erki24nd3ub.exactdn.com\/wp-content\/uploads\/dream\/img\/img_164093_0178cd4c65d302cdf0ae6fbdfb3c9950_1.jpg?strip=all","type":"image\/jpeg"}],"twitter_card":"summary_large_image","twitter_misc":{"Tempo estimado de leitura":"1 minuto"},"schema":{"@context":"https:\/\/schema.org","@graph":[{"@type":"WebPage","@id":"https:\/\/lovme.pt\/index.php\/produto\/armony-vibrador-e-estimulador-manfun-plug-anal-controle-remoto-preto\/","url":"https:\/\/lovme.pt\/index.php\/produto\/armony-vibrador-e-estimulador-manfun-plug-anal-controle-remoto-preto\/","name":"ARMONY - VIBRADOR E ESTIMULADOR MANFUN PLUG ANAL CONTROLE REMOTO PRETO - Lovme","isPartOf":{"@id":"https:\/\/lovme.pt\/#website"},"primaryImageOfPage":{"@id":"https:\/\/lovme.pt\/index.php\/produto\/armony-vibrador-e-estimulador-manfun-plug-anal-controle-remoto-preto\/#primaryimage"},"image":{"@id":"https:\/\/lovme.pt\/index.php\/produto\/armony-vibrador-e-estimulador-manfun-plug-anal-controle-remoto-preto\/#primaryimage"},"thumbnailUrl":"https:\/\/erki24nd3ub.exactdn.com\/wp-content\/uploads\/dream\/img\/img_164093_0178cd4c65d302cdf0ae6fbdfb3c9950_1.jpg?strip=all","datePublished":"2025-10-01T02:59:05+00:00","dateModified":"2026-02-19T20:22:06+00:00","breadcrumb":{"@id":"https:\/\/lovme.pt\/index.php\/produto\/armony-vibrador-e-estimulador-manfun-plug-anal-controle-remoto-preto\/#breadcrumb"},"inLanguage":"pt-PT","potentialAction":[{"@type":"ReadAction","target":["https:\/\/lovme.pt\/index.php\/produto\/armony-vibrador-e-estimulador-manfun-plug-anal-controle-remoto-preto\/"]}]},{"@type":"ImageObject","inLanguage":"pt-PT","@id":"https:\/\/lovme.pt\/index.php\/produto\/armony-vibrador-e-estimulador-manfun-plug-anal-controle-remoto-preto\/#primaryimage","url":"https:\/\/erki24nd3ub.exactdn.com\/wp-content\/uploads\/dream\/img\/img_164093_0178cd4c65d302cdf0ae6fbdfb3c9950_1.jpg?strip=all","contentUrl":"https:\/\/erki24nd3ub.exactdn.com\/wp-content\/uploads\/dream\/img\/img_164093_0178cd4c65d302cdf0ae6fbdfb3c9950_1.jpg?strip=all","width":800,"height":800},{"@type":"BreadcrumbList","@id":"https:\/\/lovme.pt\/index.php\/produto\/armony-vibrador-e-estimulador-manfun-plug-anal-controle-remoto-preto\/#breadcrumb","itemListElement":[{"@type":"ListItem","position":1,"name":"In\u00edcio","item":"https:\/\/lovme.pt\/"},{"@type":"ListItem","position":2,"name":"Loja","item":"https:\/\/lovme.pt\/index.php\/loja\/"},{"@type":"ListItem","position":3,"name":"ARMONY &#8211; VIBRADOR E ESTIMULADOR MANFUN PLUG ANAL CONTROLE REMOTO PRETO"}]},{"@type":"WebSite","@id":"https:\/\/lovme.pt\/#website","url":"https:\/\/lovme.pt\/","name":"Lovme Loja Er\u00f3tica N\u00ba1 em Portugal","description":"A melhor loja er\u00f3tica de Portugal.","alternateName":"Loja Er\u00f3tica Lovme","potentialAction":[{"@type":"SearchAction","target":{"@type":"EntryPoint","urlTemplate":"https:\/\/lovme.pt\/?s={search_term_string}"},"query-input":{"@type":"PropertyValueSpecification","valueRequired":true,"valueName":"search_term_string"}}],"inLanguage":"pt-PT"}]}},"_links":{"self":[{"href":"https:\/\/lovme.pt\/index.php\/wp-json\/wp\/v2\/product\/46586","targetHints":{"allow":["GET"]}}],"collection":[{"href":"https:\/\/lovme.pt\/index.php\/wp-json\/wp\/v2\/product"}],"about":[{"href":"https:\/\/lovme.pt\/index.php\/wp-json\/wp\/v2\/types\/product"}],"wp:featuredmedia":[{"embeddable":true,"href":"https:\/\/lovme.pt\/index.php\/wp-json\/wp\/v2\/media\/100634"}],"wp:attachment":[{"href":"https:\/\/lovme.pt\/index.php\/wp-json\/wp\/v2\/media?parent=46586"}],"wp:term":[{"taxonomy":"product_brand","embeddable":true,"href":"https:\/\/lovme.pt\/index.php\/wp-json\/wp\/v2\/product_brand?post=46586"},{"taxonomy":"product_cat","embeddable":true,"href":"https:\/\/lovme.pt\/index.php\/wp-json\/wp\/v2\/product_cat?post=46586"},{"taxonomy":"product_tag","embeddable":true,"href":"https:\/\/lovme.pt\/index.php\/wp-json\/wp\/v2\/product_tag?post=46586"}],"curies":[{"name":"wp","href":"https:\/\/api.w.org\/{rel}","templated":true}]}}