{"id":46366,"date":"2025-09-30T22:48:14","date_gmt":"2025-09-30T22:48:14","guid":{"rendered":"https:\/\/lovme.pt\/?post_type=product&p=46366"},"modified":"2026-02-19T20:13:11","modified_gmt":"2026-02-19T20:13:11","slug":"electrastim-electro-plug-anal-mr-s-leather","status":"publish","type":"product","link":"https:\/\/lovme.pt\/index.php\/produto\/electrastim-electro-plug-anal-mr-s-leather\/","title":{"rendered":"ELECTRASTIM &#8211; ELECTRO PLUG ANAL MR-S-LEATHER"},"content":{"rendered":"<p>Projetado em colabora\u00e7\u00e3o com Mr. S Leather, a maior e mais antiga marca de fetiche dos EUA (desde 1979!), emprestamos nossa experi\u00eancia em eletro ao plug anal mais confort\u00e1vel do mundo para esta edi\u00e7\u00e3o do Silicone Electro.<\/p>\n<p>Desde 1997, este design cl\u00e1ssico faz parte do arsenal de brinquedos anais do Sr. Desta vez, o plug anal el\u00e9trico de silicone mais confort\u00e1vel do mundo \u00e9 feito de nossa mistura propriet\u00e1ria de silicone eletrocondutor para colocar mais pot\u00eancia no jogo.<\/p>\n<p>Mantivemos todo o peso do plugue original com um n\u00facleo de a\u00e7o s\u00f3lido e pesado e um sistema de cabos de &#8220;entrada oculta&#8221; que permite um jogo sentado confort\u00e1vel e seguro.<\/p>\n<p>Compat\u00edvel com todos os estimuladores ElectraStim; eles s\u00e3o vendidos separadamente.<\/p>\n<p><u><strong>CARACTER\u00cdSTICAS:<\/strong><\/u><\/p>\n<ul>\n<li><strong>Comprimento inser\u00edvel:<\/strong> 76 mm (3 polegadas)<\/li>\n<li><strong>Circunfer\u00eancia m\u00e1xima<\/strong> : 121 mm (4,75 polegadas)<\/li>\n<li><strong>Conex\u00e3o<\/strong> : 2mm<\/li>\n<li><strong>Peso:<\/strong> 240g (8,46 on\u00e7as)<\/li>\n<li><strong>Material<\/strong> : Silicone condutor premium (sem ftalato)<\/li>\n<li><strong>N\u00famero de p\u00f3los<\/strong> : 2 (bipolar)<\/li>\n<li><strong>Parceria com Mr. S Leather:<\/strong> vers\u00e3o eletrificada do design do plug anal mais confort\u00e1vel do mundo do Mr.<\/li>\n<li><strong>Silicone de grau m\u00e9dico premium<\/strong> &#8211; macio, flex\u00edvel e totalmente livre de ftalatos.<\/li>\n<li><strong>N\u00facleo de a\u00e7o pesado<\/strong> &#8211; Adiciona um elemento extra de sensa\u00e7\u00e3o e faz com que os m\u00fasculos se contraiam fortemente para criar uma \u00e1rea de condu\u00e7\u00e3o mais eficaz.<\/li>\n<li><strong>Sem fios internos:<\/strong> usa a mistura de silicone condutor propriet\u00e1ria da ElectraStim, portanto, n\u00e3o h\u00e1 risco de quebra ou degrada\u00e7\u00e3o da conex\u00e3o interna.<\/li>\n<li><strong>Sistema de cabo de entrada Stealth<\/strong>  Projetado para proteger os cabos durante jogos sentados<\/li>\n<li><strong>Pesco\u00e7o de silicone flex\u00edvel<\/strong>  Pesco\u00e7o flex\u00edvel projetado para uso confort\u00e1vel<\/li>\n<\/ul>\n<p><u><strong>O QUE INCLUI?:<\/strong><\/u><\/p>\n<ul>\n<li>1x O plug eletro anal de silicone mais confort\u00e1vel do mundo<\/li>\n<li>1 livreto de instru\u00e7\u00f5es em v\u00e1rios idiomas<\/li>\n<\/ul>\n<p>\u00a0<\/p>\n<p>\u00a0<\/p>\n","protected":false},"excerpt":{"rendered":"<p>ELECTRASTIM &#8211; ELECTRO PLUG ANAL MR-S-LEATHER<\/p>\n","protected":false},"featured_media":81096,"template":"","meta":{"_acf_changed":false},"product_brand":[],"product_cat":[48,17,63],"product_tag":[],"class_list":{"0":"post-46366","1":"product","2":"type-product","3":"status-publish","4":"has-post-thumbnail","6":"product_cat-bdsm","7":"product_cat-brinquedos-de-bem-estar-sexual","8":"product_cat-sexo-anal","9":"yith_product_brand-electrastim","11":"first","12":"instock","13":"taxable","14":"shipping-taxable","15":"purchasable","16":"product-type-simple"},"acf":[],"yoast_head":"<!-- This site is optimized with the Yoast SEO plugin v27.4 - https:\/\/yoast.com\/product\/yoast-seo-wordpress\/ -->\n<title>ELECTRASTIM - ELECTRO PLUG ANAL MR-S-LEATHER - Lovme<\/title>\n<meta name=\"robots\" content=\"index, follow, max-snippet:-1, max-image-preview:large, max-video-preview:-1\" \/>\n<link rel=\"canonical\" href=\"https:\/\/lovme.pt\/index.php\/produto\/electrastim-electro-plug-anal-mr-s-leather\/\" \/>\n<meta property=\"og:locale\" content=\"pt_PT\" \/>\n<meta property=\"og:type\" content=\"article\" \/>\n<meta property=\"og:title\" content=\"ELECTRASTIM - ELECTRO PLUG ANAL MR-S-LEATHER - Lovme\" \/>\n<meta property=\"og:description\" content=\"ELECTRASTIM - ELECTRO PLUG ANAL MR-S-LEATHER\" \/>\n<meta property=\"og:url\" content=\"https:\/\/lovme.pt\/index.php\/produto\/electrastim-electro-plug-anal-mr-s-leather\/\" \/>\n<meta property=\"og:site_name\" content=\"Lovme\" \/>\n<meta property=\"article:modified_time\" content=\"2026-02-19T20:13:11+00:00\" \/>\n<meta property=\"og:image\" content=\"https:\/\/erki24nd3ub.exactdn.com\/wp-content\/uploads\/dream\/img\/img_162952_24b618694c80da182c28d346f6b3dd8a_1.jpg?strip=all\" \/>\n\t<meta property=\"og:image:width\" content=\"800\" \/>\n\t<meta property=\"og:image:height\" content=\"800\" \/>\n\t<meta property=\"og:image:type\" content=\"image\/jpeg\" \/>\n<meta name=\"twitter:card\" content=\"summary_large_image\" \/>\n<meta name=\"twitter:label1\" content=\"Tempo estimado de leitura\" \/>\n\t<meta name=\"twitter:data1\" content=\"2 minutos\" \/>\n<script type=\"application\/ld+json\" class=\"yoast-schema-graph\">{\"@context\":\"https:\\\/\\\/schema.org\",\"@graph\":[{\"@type\":\"WebPage\",\"@id\":\"https:\\\/\\\/lovme.pt\\\/index.php\\\/produto\\\/electrastim-electro-plug-anal-mr-s-leather\\\/\",\"url\":\"https:\\\/\\\/lovme.pt\\\/index.php\\\/produto\\\/electrastim-electro-plug-anal-mr-s-leather\\\/\",\"name\":\"ELECTRASTIM - ELECTRO PLUG ANAL MR-S-LEATHER - Lovme\",\"isPartOf\":{\"@id\":\"https:\\\/\\\/lovme.pt\\\/#website\"},\"primaryImageOfPage\":{\"@id\":\"https:\\\/\\\/lovme.pt\\\/index.php\\\/produto\\\/electrastim-electro-plug-anal-mr-s-leather\\\/#primaryimage\"},\"image\":{\"@id\":\"https:\\\/\\\/lovme.pt\\\/index.php\\\/produto\\\/electrastim-electro-plug-anal-mr-s-leather\\\/#primaryimage\"},\"thumbnailUrl\":\"https:\\\/\\\/erki24nd3ub.exactdn.com\\\/wp-content\\\/uploads\\\/dream\\\/img\\\/img_162952_24b618694c80da182c28d346f6b3dd8a_1.jpg?strip=all\",\"datePublished\":\"2025-09-30T22:48:14+00:00\",\"dateModified\":\"2026-02-19T20:13:11+00:00\",\"breadcrumb\":{\"@id\":\"https:\\\/\\\/lovme.pt\\\/index.php\\\/produto\\\/electrastim-electro-plug-anal-mr-s-leather\\\/#breadcrumb\"},\"inLanguage\":\"pt-PT\",\"potentialAction\":[{\"@type\":\"ReadAction\",\"target\":[\"https:\\\/\\\/lovme.pt\\\/index.php\\\/produto\\\/electrastim-electro-plug-anal-mr-s-leather\\\/\"]}]},{\"@type\":\"ImageObject\",\"inLanguage\":\"pt-PT\",\"@id\":\"https:\\\/\\\/lovme.pt\\\/index.php\\\/produto\\\/electrastim-electro-plug-anal-mr-s-leather\\\/#primaryimage\",\"url\":\"https:\\\/\\\/erki24nd3ub.exactdn.com\\\/wp-content\\\/uploads\\\/dream\\\/img\\\/img_162952_24b618694c80da182c28d346f6b3dd8a_1.jpg?strip=all\",\"contentUrl\":\"https:\\\/\\\/erki24nd3ub.exactdn.com\\\/wp-content\\\/uploads\\\/dream\\\/img\\\/img_162952_24b618694c80da182c28d346f6b3dd8a_1.jpg?strip=all\",\"width\":800,\"height\":800},{\"@type\":\"BreadcrumbList\",\"@id\":\"https:\\\/\\\/lovme.pt\\\/index.php\\\/produto\\\/electrastim-electro-plug-anal-mr-s-leather\\\/#breadcrumb\",\"itemListElement\":[{\"@type\":\"ListItem\",\"position\":1,\"name\":\"In\u00edcio\",\"item\":\"https:\\\/\\\/lovme.pt\\\/\"},{\"@type\":\"ListItem\",\"position\":2,\"name\":\"Loja\",\"item\":\"https:\\\/\\\/lovme.pt\\\/index.php\\\/loja\\\/\"},{\"@type\":\"ListItem\",\"position\":3,\"name\":\"ELECTRASTIM &#8211; ELECTRO PLUG ANAL MR-S-LEATHER\"}]},{\"@type\":\"WebSite\",\"@id\":\"https:\\\/\\\/lovme.pt\\\/#website\",\"url\":\"https:\\\/\\\/lovme.pt\\\/\",\"name\":\"Lovme Loja Er\u00f3tica N\u00ba1 em Portugal\",\"description\":\"A melhor loja er\u00f3tica de Portugal.\",\"alternateName\":\"Loja Er\u00f3tica Lovme\",\"potentialAction\":[{\"@type\":\"SearchAction\",\"target\":{\"@type\":\"EntryPoint\",\"urlTemplate\":\"https:\\\/\\\/lovme.pt\\\/?s={search_term_string}\"},\"query-input\":{\"@type\":\"PropertyValueSpecification\",\"valueRequired\":true,\"valueName\":\"search_term_string\"}}],\"inLanguage\":\"pt-PT\"}]}<\/script>\n<!-- \/ Yoast SEO plugin. -->","yoast_head_json":{"title":"ELECTRASTIM - ELECTRO PLUG ANAL MR-S-LEATHER - Lovme","robots":{"index":"index","follow":"follow","max-snippet":"max-snippet:-1","max-image-preview":"max-image-preview:large","max-video-preview":"max-video-preview:-1"},"canonical":"https:\/\/lovme.pt\/index.php\/produto\/electrastim-electro-plug-anal-mr-s-leather\/","og_locale":"pt_PT","og_type":"article","og_title":"ELECTRASTIM - ELECTRO PLUG ANAL MR-S-LEATHER - Lovme","og_description":"ELECTRASTIM - ELECTRO PLUG ANAL MR-S-LEATHER","og_url":"https:\/\/lovme.pt\/index.php\/produto\/electrastim-electro-plug-anal-mr-s-leather\/","og_site_name":"Lovme","article_modified_time":"2026-02-19T20:13:11+00:00","og_image":[{"width":800,"height":800,"url":"https:\/\/erki24nd3ub.exactdn.com\/wp-content\/uploads\/dream\/img\/img_162952_24b618694c80da182c28d346f6b3dd8a_1.jpg?strip=all","type":"image\/jpeg"}],"twitter_card":"summary_large_image","twitter_misc":{"Tempo estimado de leitura":"2 minutos"},"schema":{"@context":"https:\/\/schema.org","@graph":[{"@type":"WebPage","@id":"https:\/\/lovme.pt\/index.php\/produto\/electrastim-electro-plug-anal-mr-s-leather\/","url":"https:\/\/lovme.pt\/index.php\/produto\/electrastim-electro-plug-anal-mr-s-leather\/","name":"ELECTRASTIM - ELECTRO PLUG ANAL MR-S-LEATHER - Lovme","isPartOf":{"@id":"https:\/\/lovme.pt\/#website"},"primaryImageOfPage":{"@id":"https:\/\/lovme.pt\/index.php\/produto\/electrastim-electro-plug-anal-mr-s-leather\/#primaryimage"},"image":{"@id":"https:\/\/lovme.pt\/index.php\/produto\/electrastim-electro-plug-anal-mr-s-leather\/#primaryimage"},"thumbnailUrl":"https:\/\/erki24nd3ub.exactdn.com\/wp-content\/uploads\/dream\/img\/img_162952_24b618694c80da182c28d346f6b3dd8a_1.jpg?strip=all","datePublished":"2025-09-30T22:48:14+00:00","dateModified":"2026-02-19T20:13:11+00:00","breadcrumb":{"@id":"https:\/\/lovme.pt\/index.php\/produto\/electrastim-electro-plug-anal-mr-s-leather\/#breadcrumb"},"inLanguage":"pt-PT","potentialAction":[{"@type":"ReadAction","target":["https:\/\/lovme.pt\/index.php\/produto\/electrastim-electro-plug-anal-mr-s-leather\/"]}]},{"@type":"ImageObject","inLanguage":"pt-PT","@id":"https:\/\/lovme.pt\/index.php\/produto\/electrastim-electro-plug-anal-mr-s-leather\/#primaryimage","url":"https:\/\/erki24nd3ub.exactdn.com\/wp-content\/uploads\/dream\/img\/img_162952_24b618694c80da182c28d346f6b3dd8a_1.jpg?strip=all","contentUrl":"https:\/\/erki24nd3ub.exactdn.com\/wp-content\/uploads\/dream\/img\/img_162952_24b618694c80da182c28d346f6b3dd8a_1.jpg?strip=all","width":800,"height":800},{"@type":"BreadcrumbList","@id":"https:\/\/lovme.pt\/index.php\/produto\/electrastim-electro-plug-anal-mr-s-leather\/#breadcrumb","itemListElement":[{"@type":"ListItem","position":1,"name":"In\u00edcio","item":"https:\/\/lovme.pt\/"},{"@type":"ListItem","position":2,"name":"Loja","item":"https:\/\/lovme.pt\/index.php\/loja\/"},{"@type":"ListItem","position":3,"name":"ELECTRASTIM &#8211; ELECTRO PLUG ANAL MR-S-LEATHER"}]},{"@type":"WebSite","@id":"https:\/\/lovme.pt\/#website","url":"https:\/\/lovme.pt\/","name":"Lovme Loja Er\u00f3tica N\u00ba1 em Portugal","description":"A melhor loja er\u00f3tica de Portugal.","alternateName":"Loja Er\u00f3tica Lovme","potentialAction":[{"@type":"SearchAction","target":{"@type":"EntryPoint","urlTemplate":"https:\/\/lovme.pt\/?s={search_term_string}"},"query-input":{"@type":"PropertyValueSpecification","valueRequired":true,"valueName":"search_term_string"}}],"inLanguage":"pt-PT"}]}},"_links":{"self":[{"href":"https:\/\/lovme.pt\/index.php\/wp-json\/wp\/v2\/product\/46366","targetHints":{"allow":["GET"]}}],"collection":[{"href":"https:\/\/lovme.pt\/index.php\/wp-json\/wp\/v2\/product"}],"about":[{"href":"https:\/\/lovme.pt\/index.php\/wp-json\/wp\/v2\/types\/product"}],"wp:featuredmedia":[{"embeddable":true,"href":"https:\/\/lovme.pt\/index.php\/wp-json\/wp\/v2\/media\/81096"}],"wp:attachment":[{"href":"https:\/\/lovme.pt\/index.php\/wp-json\/wp\/v2\/media?parent=46366"}],"wp:term":[{"taxonomy":"product_brand","embeddable":true,"href":"https:\/\/lovme.pt\/index.php\/wp-json\/wp\/v2\/product_brand?post=46366"},{"taxonomy":"product_cat","embeddable":true,"href":"https:\/\/lovme.pt\/index.php\/wp-json\/wp\/v2\/product_cat?post=46366"},{"taxonomy":"product_tag","embeddable":true,"href":"https:\/\/lovme.pt\/index.php\/wp-json\/wp\/v2\/product_tag?post=46366"}],"curies":[{"name":"wp","href":"https:\/\/api.w.org\/{rel}","templated":true}]}}