{"id":46341,"date":"2025-09-30T09:50:12","date_gmt":"2025-09-30T09:50:12","guid":{"rendered":"https:\/\/lovme.pt\/?post_type=product&p=46341"},"modified":"2026-02-19T20:05:34","modified_gmt":"2026-02-19T20:05:34","slug":"id-juicy-lube-folha-4-ml","status":"publish","type":"product","link":"https:\/\/lovme.pt\/index.php\/produto\/id-juicy-lube-folha-4-ml\/","title":{"rendered":"ID JUICY LUBE &#8211; FOLHA 4 ML"},"content":{"rendered":"<p>Uma del\u00edcia totalmente natural! Frutopia \u00ae  \u00e9 o estado de \u00eaxtase que voc\u00ea sentir\u00e1 ap\u00f3s provar os sabores naturais da nossa mais recente linha de lubrificantes da ID \u00ae. Frutopia \u00ae oferece a voc\u00ea e ao seu parceiro uma experi\u00eancia deliciosa que nenhum outro lubrificante com sabor pode comparar. Este lubrificante pessoal proporcionar\u00e1 uma experi\u00eancia no quarto que voc\u00ea n\u00e3o esquecer\u00e1 t\u00e3o cedo ao se encontrar em situa\u00e7\u00f5es cada vez mais deliciosas. Com tantos outros lubrificantes aromatizados no mercado hoje, voc\u00ea deve estar se perguntando por que deveria escolher o ID \u00ae; aqui est\u00e3o alguns motivos que nos diferenciam dos demais.<\/p>\n<p>Nossa f\u00f3rmula \u00e0 base de \u00e1gua \u00e9 naturalmente ado\u00e7ada, n\u00e3o cont\u00e9m a\u00e7\u00facares e n\u00e3o cont\u00e9m corantes artificiais. O sabor \u00e9 t\u00e3o fresco que voc\u00ea vai sentir como se tivesse acabado de dar uma mordida em um peda\u00e7o de fruta fresca. Na verdade, Frutopia \u00ae \u00e9 at\u00e9 considerado vegano porque nossos ingredientes s\u00e3o extra\u00eddos de fontes naturais de origem vegetal. Experimentar algo novo nunca foi t\u00e3o saboroso. Al\u00e9m disso, Frutopia \u00ae \u00e9 um lubrificante compat\u00edvel com l\u00e1tex. Isso significa que voc\u00ea pode us\u00e1-lo com produtos de l\u00e1tex sem preocupa\u00e7\u00f5es.<\/p>\n<p>A ID \u00ae tem muito orgulho de ter proporcionado uma experi\u00eancia de sabor t\u00e3o revolucion\u00e1ria para todos os nossos clientes desfrutarem. Divirta-se com seus encontros \u00edntimos e coloque este lubrificante em sua cole\u00e7\u00e3o, voc\u00ea ficar\u00e1 feliz por ter feito isso. Adicione um pouco de sabor ao quarto com este delicioso lubrificante com sabor de frutas.<\/p>\n<p>Nossa linha Frutopia \u00ae est\u00e1 dispon\u00edvel em nosso sexy frasco de 3,4 on\u00e7as. garrafa de bomba de bloqueio para facilidade de aplica\u00e7\u00e3o. Esteja voc\u00ea procurando uma explos\u00e3o c\u00edtrica ou um bocado refrescante, voc\u00ea encontrar\u00e1 isso e muito mais com nossos seis deliciosos sabores: Framboesa, Manga, Paix\u00e3o, Morango, Banana, Melancia e Cereja. A variedade colorida da Frutopia \u00ae far\u00e1 com que voc\u00ea fa\u00e7a mais do que apenas lamber os l\u00e1bios. Frutopia \u00ae, nenhum lubrificante com sabor ser\u00e1 o mesmo.<\/p>\n<p>\u00a0<\/p>\n<p>\u00a0<\/p>\n<p style=\"text-align: center;\"><img decoding=\"async\" alt=\"https:\/\/store.dreamlove.es\/UserFiles\/image\/id2.png\" src=\"https:\/\/store.dreamlove.es\/UserFiles\/image\/id2.png\" style=\"line-height: 20.8px; text-align: center;\" \/><\/p>\n","protected":false},"excerpt":{"rendered":"<p>EMBALAGEM DISPON\u00cdVEL EM: \/pt\/<\/p>\n","protected":false},"featured_media":57663,"template":"","meta":{"_acf_changed":false},"product_brand":[],"product_cat":[49,53],"product_tag":[],"class_list":{"0":"post-46341","1":"product","2":"type-product","3":"status-publish","4":"has-post-thumbnail","6":"product_cat-cosmeticos","7":"product_cat-lubrificantes-intimos","8":"yith_product_brand-id-lubricantesid-juicy-lube","9":"yith_product_brand-id-lubricantes","11":"first","12":"instock","13":"taxable","14":"shipping-taxable","15":"purchasable","16":"product-type-simple"},"acf":[],"yoast_head":"<!-- This site is optimized with the Yoast SEO plugin v27.4 - https:\/\/yoast.com\/product\/yoast-seo-wordpress\/ -->\n<title>ID JUICY LUBE - FOLHA 4 ML - Lovme<\/title>\n<meta name=\"robots\" content=\"index, follow, max-snippet:-1, max-image-preview:large, max-video-preview:-1\" \/>\n<link rel=\"canonical\" href=\"https:\/\/lovme.pt\/index.php\/produto\/id-juicy-lube-folha-4-ml\/\" \/>\n<meta property=\"og:locale\" content=\"pt_PT\" \/>\n<meta property=\"og:type\" content=\"article\" \/>\n<meta property=\"og:title\" content=\"ID JUICY LUBE - FOLHA 4 ML - Lovme\" \/>\n<meta property=\"og:description\" content=\"EMBALAGEM DISPON\u00cdVEL EM: \/pt\/\" \/>\n<meta property=\"og:url\" content=\"https:\/\/lovme.pt\/index.php\/produto\/id-juicy-lube-folha-4-ml\/\" \/>\n<meta property=\"og:site_name\" content=\"Lovme\" \/>\n<meta property=\"article:modified_time\" content=\"2026-02-19T20:05:34+00:00\" \/>\n<meta property=\"og:image\" content=\"https:\/\/erki24nd3ub.exactdn.com\/wp-content\/uploads\/dream\/img\/img_162776_9e303f02e049f55a9542d3bd7e3313c2_1.jpeg?strip=all\" \/>\n\t<meta property=\"og:image:width\" content=\"470\" \/>\n\t<meta property=\"og:image:height\" content=\"470\" \/>\n\t<meta property=\"og:image:type\" content=\"image\/jpeg\" \/>\n<meta name=\"twitter:card\" content=\"summary_large_image\" \/>\n<meta name=\"twitter:label1\" content=\"Tempo estimado de leitura\" \/>\n\t<meta name=\"twitter:data1\" content=\"2 minutos\" \/>\n<script type=\"application\/ld+json\" class=\"yoast-schema-graph\">{\"@context\":\"https:\\\/\\\/schema.org\",\"@graph\":[{\"@type\":\"WebPage\",\"@id\":\"https:\\\/\\\/lovme.pt\\\/index.php\\\/produto\\\/id-juicy-lube-folha-4-ml\\\/\",\"url\":\"https:\\\/\\\/lovme.pt\\\/index.php\\\/produto\\\/id-juicy-lube-folha-4-ml\\\/\",\"name\":\"ID JUICY LUBE - FOLHA 4 ML - Lovme\",\"isPartOf\":{\"@id\":\"https:\\\/\\\/lovme.pt\\\/#website\"},\"primaryImageOfPage\":{\"@id\":\"https:\\\/\\\/lovme.pt\\\/index.php\\\/produto\\\/id-juicy-lube-folha-4-ml\\\/#primaryimage\"},\"image\":{\"@id\":\"https:\\\/\\\/lovme.pt\\\/index.php\\\/produto\\\/id-juicy-lube-folha-4-ml\\\/#primaryimage\"},\"thumbnailUrl\":\"https:\\\/\\\/erki24nd3ub.exactdn.com\\\/wp-content\\\/uploads\\\/dream\\\/img\\\/img_162776_9e303f02e049f55a9542d3bd7e3313c2_1.jpeg?strip=all\",\"datePublished\":\"2025-09-30T09:50:12+00:00\",\"dateModified\":\"2026-02-19T20:05:34+00:00\",\"breadcrumb\":{\"@id\":\"https:\\\/\\\/lovme.pt\\\/index.php\\\/produto\\\/id-juicy-lube-folha-4-ml\\\/#breadcrumb\"},\"inLanguage\":\"pt-PT\",\"potentialAction\":[{\"@type\":\"ReadAction\",\"target\":[\"https:\\\/\\\/lovme.pt\\\/index.php\\\/produto\\\/id-juicy-lube-folha-4-ml\\\/\"]}]},{\"@type\":\"ImageObject\",\"inLanguage\":\"pt-PT\",\"@id\":\"https:\\\/\\\/lovme.pt\\\/index.php\\\/produto\\\/id-juicy-lube-folha-4-ml\\\/#primaryimage\",\"url\":\"https:\\\/\\\/erki24nd3ub.exactdn.com\\\/wp-content\\\/uploads\\\/dream\\\/img\\\/img_162776_9e303f02e049f55a9542d3bd7e3313c2_1.jpeg?strip=all\",\"contentUrl\":\"https:\\\/\\\/erki24nd3ub.exactdn.com\\\/wp-content\\\/uploads\\\/dream\\\/img\\\/img_162776_9e303f02e049f55a9542d3bd7e3313c2_1.jpeg?strip=all\",\"width\":470,\"height\":470},{\"@type\":\"BreadcrumbList\",\"@id\":\"https:\\\/\\\/lovme.pt\\\/index.php\\\/produto\\\/id-juicy-lube-folha-4-ml\\\/#breadcrumb\",\"itemListElement\":[{\"@type\":\"ListItem\",\"position\":1,\"name\":\"In\u00edcio\",\"item\":\"https:\\\/\\\/lovme.pt\\\/\"},{\"@type\":\"ListItem\",\"position\":2,\"name\":\"Loja\",\"item\":\"https:\\\/\\\/lovme.pt\\\/index.php\\\/loja\\\/\"},{\"@type\":\"ListItem\",\"position\":3,\"name\":\"ID JUICY LUBE &#8211; FOLHA 4 ML\"}]},{\"@type\":\"WebSite\",\"@id\":\"https:\\\/\\\/lovme.pt\\\/#website\",\"url\":\"https:\\\/\\\/lovme.pt\\\/\",\"name\":\"Lovme Loja Er\u00f3tica N\u00ba1 em Portugal\",\"description\":\"A melhor loja er\u00f3tica de Portugal.\",\"alternateName\":\"Loja Er\u00f3tica Lovme\",\"potentialAction\":[{\"@type\":\"SearchAction\",\"target\":{\"@type\":\"EntryPoint\",\"urlTemplate\":\"https:\\\/\\\/lovme.pt\\\/?s={search_term_string}\"},\"query-input\":{\"@type\":\"PropertyValueSpecification\",\"valueRequired\":true,\"valueName\":\"search_term_string\"}}],\"inLanguage\":\"pt-PT\"}]}<\/script>\n<!-- \/ Yoast SEO plugin. -->","yoast_head_json":{"title":"ID JUICY LUBE - FOLHA 4 ML - Lovme","robots":{"index":"index","follow":"follow","max-snippet":"max-snippet:-1","max-image-preview":"max-image-preview:large","max-video-preview":"max-video-preview:-1"},"canonical":"https:\/\/lovme.pt\/index.php\/produto\/id-juicy-lube-folha-4-ml\/","og_locale":"pt_PT","og_type":"article","og_title":"ID JUICY LUBE - FOLHA 4 ML - Lovme","og_description":"EMBALAGEM DISPON\u00cdVEL EM: \/pt\/","og_url":"https:\/\/lovme.pt\/index.php\/produto\/id-juicy-lube-folha-4-ml\/","og_site_name":"Lovme","article_modified_time":"2026-02-19T20:05:34+00:00","og_image":[{"width":470,"height":470,"url":"https:\/\/erki24nd3ub.exactdn.com\/wp-content\/uploads\/dream\/img\/img_162776_9e303f02e049f55a9542d3bd7e3313c2_1.jpeg?strip=all","type":"image\/jpeg"}],"twitter_card":"summary_large_image","twitter_misc":{"Tempo estimado de leitura":"2 minutos"},"schema":{"@context":"https:\/\/schema.org","@graph":[{"@type":"WebPage","@id":"https:\/\/lovme.pt\/index.php\/produto\/id-juicy-lube-folha-4-ml\/","url":"https:\/\/lovme.pt\/index.php\/produto\/id-juicy-lube-folha-4-ml\/","name":"ID JUICY LUBE - FOLHA 4 ML - Lovme","isPartOf":{"@id":"https:\/\/lovme.pt\/#website"},"primaryImageOfPage":{"@id":"https:\/\/lovme.pt\/index.php\/produto\/id-juicy-lube-folha-4-ml\/#primaryimage"},"image":{"@id":"https:\/\/lovme.pt\/index.php\/produto\/id-juicy-lube-folha-4-ml\/#primaryimage"},"thumbnailUrl":"https:\/\/erki24nd3ub.exactdn.com\/wp-content\/uploads\/dream\/img\/img_162776_9e303f02e049f55a9542d3bd7e3313c2_1.jpeg?strip=all","datePublished":"2025-09-30T09:50:12+00:00","dateModified":"2026-02-19T20:05:34+00:00","breadcrumb":{"@id":"https:\/\/lovme.pt\/index.php\/produto\/id-juicy-lube-folha-4-ml\/#breadcrumb"},"inLanguage":"pt-PT","potentialAction":[{"@type":"ReadAction","target":["https:\/\/lovme.pt\/index.php\/produto\/id-juicy-lube-folha-4-ml\/"]}]},{"@type":"ImageObject","inLanguage":"pt-PT","@id":"https:\/\/lovme.pt\/index.php\/produto\/id-juicy-lube-folha-4-ml\/#primaryimage","url":"https:\/\/erki24nd3ub.exactdn.com\/wp-content\/uploads\/dream\/img\/img_162776_9e303f02e049f55a9542d3bd7e3313c2_1.jpeg?strip=all","contentUrl":"https:\/\/erki24nd3ub.exactdn.com\/wp-content\/uploads\/dream\/img\/img_162776_9e303f02e049f55a9542d3bd7e3313c2_1.jpeg?strip=all","width":470,"height":470},{"@type":"BreadcrumbList","@id":"https:\/\/lovme.pt\/index.php\/produto\/id-juicy-lube-folha-4-ml\/#breadcrumb","itemListElement":[{"@type":"ListItem","position":1,"name":"In\u00edcio","item":"https:\/\/lovme.pt\/"},{"@type":"ListItem","position":2,"name":"Loja","item":"https:\/\/lovme.pt\/index.php\/loja\/"},{"@type":"ListItem","position":3,"name":"ID JUICY LUBE &#8211; FOLHA 4 ML"}]},{"@type":"WebSite","@id":"https:\/\/lovme.pt\/#website","url":"https:\/\/lovme.pt\/","name":"Lovme Loja Er\u00f3tica N\u00ba1 em Portugal","description":"A melhor loja er\u00f3tica de Portugal.","alternateName":"Loja Er\u00f3tica Lovme","potentialAction":[{"@type":"SearchAction","target":{"@type":"EntryPoint","urlTemplate":"https:\/\/lovme.pt\/?s={search_term_string}"},"query-input":{"@type":"PropertyValueSpecification","valueRequired":true,"valueName":"search_term_string"}}],"inLanguage":"pt-PT"}]}},"_links":{"self":[{"href":"https:\/\/lovme.pt\/index.php\/wp-json\/wp\/v2\/product\/46341","targetHints":{"allow":["GET"]}}],"collection":[{"href":"https:\/\/lovme.pt\/index.php\/wp-json\/wp\/v2\/product"}],"about":[{"href":"https:\/\/lovme.pt\/index.php\/wp-json\/wp\/v2\/types\/product"}],"wp:featuredmedia":[{"embeddable":true,"href":"https:\/\/lovme.pt\/index.php\/wp-json\/wp\/v2\/media\/57663"}],"wp:attachment":[{"href":"https:\/\/lovme.pt\/index.php\/wp-json\/wp\/v2\/media?parent=46341"}],"wp:term":[{"taxonomy":"product_brand","embeddable":true,"href":"https:\/\/lovme.pt\/index.php\/wp-json\/wp\/v2\/product_brand?post=46341"},{"taxonomy":"product_cat","embeddable":true,"href":"https:\/\/lovme.pt\/index.php\/wp-json\/wp\/v2\/product_cat?post=46341"},{"taxonomy":"product_tag","embeddable":true,"href":"https:\/\/lovme.pt\/index.php\/wp-json\/wp\/v2\/product_tag?post=46341"}],"curies":[{"name":"wp","href":"https:\/\/api.w.org\/{rel}","templated":true}]}}