{"id":46265,"date":"2025-10-01T00:18:05","date_gmt":"2025-10-01T00:18:05","guid":{"rendered":"https:\/\/lovme.pt\/?post_type=product&p=46265"},"modified":"2026-02-19T20:14:58","modified_gmt":"2026-02-19T20:14:58","slug":"leg-avenue-bodysuit-sem-emenda-com-tanga-amarelo","status":"publish","type":"product","link":"https:\/\/lovme.pt\/index.php\/produto\/leg-avenue-bodysuit-sem-emenda-com-tanga-amarelo\/","title":{"rendered":"LEG AVENUE &#8211; BODYSUIT SEM EMENDA COM TANGA AMARELO"},"content":{"rendered":"<p>Explore a sedu\u00e7\u00e3o e o conforto com nosso cativante body de design assim\u00e9trico, costas estilo tanga e corte sem costuras. Este design \u00fanico funde a ousadia de um corte assim\u00e9trico com a sensualidade de umas costas estilo tanga, criando uma pe\u00e7a que redefine eleg\u00e2ncia e estilo.<\/p>\n<p> O corte assim\u00e9trico acrescenta um toque vanguardista e moderno, destacando a sua figura de uma forma \u00fanica. As costas estilo tanga acrescentam um elemento provocativo, proporcionando um toque de sensualidade que chama a aten\u00e7\u00e3o.<\/p>\n<p> Al\u00e9m disso, o design sem costuras n\u00e3o s\u00f3 melhora a est\u00e9tica do body, mas tamb\u00e9m proporciona uma sensa\u00e7\u00e3o suave e confort\u00e1vel na pele. Esta fus\u00e3o de estilo e conforto torna este body perfeito para qualquer ocasi\u00e3o onde voc\u00ea queira se sentir atraente e confiante.<\/p>\n<p> Descubra a magia da lingerie que combina design ousado, conforto sem costuras e a sensualidade das costas estilo tanga. Este body convida voc\u00ea a expressar sua feminilidade com confian\u00e7a e estilo, oferecendo uma experi\u00eancia \u00fanica a cada uso.<\/p>\n<p> <u><strong>CARACTER\u00cdSTICAS:<\/strong><\/u><\/p>\n<ul>\n<li> Um tamanho<\/li>\n<li> <u>Composi\u00e7\u00e3o<\/u> : 93% nylon, 7% elastano.<\/li>\n<li> <u>Cor<\/u> amarela<\/li>\n<\/ul>\n<p> <strong>A Leg Avenue<\/strong> tem os produtos que voc\u00ea procurava, comprometendo-se a oferecer aos clientes produtos inovadores, pre\u00e7os competitivos e muita satisfa\u00e7\u00e3o, fresquinhos da mais moda de Los Angeles. Ningu\u00e9m torna isso mais sexy!!<\/p>\n","protected":false},"excerpt":{"rendered":"<p>LEG AVENUE &#8211; BODYSUIT SEM EMENDA COM TANGA AMARELO<\/p>\n","protected":false},"featured_media":86409,"template":"","meta":{"_acf_changed":false},"product_brand":[],"product_cat":[47,66],"product_tag":[],"class_list":{"0":"post-46265","1":"product","2":"type-product","3":"status-publish","4":"has-post-thumbnail","6":"product_cat-lingerie","7":"product_cat-lingerie-feminina","8":"yith_product_brand-leg-avenue","9":"yith_product_brand-leg-avenueleg-avenue-bodystockings","11":"first","12":"instock","13":"taxable","14":"shipping-taxable","15":"purchasable","16":"product-type-simple"},"acf":[],"yoast_head":"<!-- This site is optimized with the Yoast SEO plugin v27.3 - https:\/\/yoast.com\/product\/yoast-seo-wordpress\/ -->\n<title>LEG AVENUE - BODYSUIT SEM EMENDA COM TANGA AMARELO - Lovme<\/title>\n<meta name=\"robots\" content=\"index, follow, max-snippet:-1, max-image-preview:large, max-video-preview:-1\" \/>\n<link rel=\"canonical\" href=\"https:\/\/lovme.pt\/index.php\/produto\/leg-avenue-bodysuit-sem-emenda-com-tanga-amarelo\/\" \/>\n<meta property=\"og:locale\" content=\"pt_PT\" \/>\n<meta property=\"og:type\" content=\"article\" \/>\n<meta property=\"og:title\" content=\"LEG AVENUE - BODYSUIT SEM EMENDA COM TANGA AMARELO - Lovme\" \/>\n<meta property=\"og:description\" content=\"LEG AVENUE - BODYSUIT SEM EMENDA COM TANGA AMARELO\" \/>\n<meta property=\"og:url\" content=\"https:\/\/lovme.pt\/index.php\/produto\/leg-avenue-bodysuit-sem-emenda-com-tanga-amarelo\/\" \/>\n<meta property=\"og:site_name\" content=\"Lovme\" \/>\n<meta property=\"article:modified_time\" content=\"2026-02-19T20:14:58+00:00\" \/>\n<meta property=\"og:image\" content=\"https:\/\/erki24nd3ub.exactdn.com\/wp-content\/uploads\/dream\/img\/img_162054_84456e4a6bba4db2a9274e04bf978798_1.jpg?strip=all\" \/>\n\t<meta property=\"og:image:width\" content=\"800\" \/>\n\t<meta property=\"og:image:height\" content=\"800\" \/>\n\t<meta property=\"og:image:type\" content=\"image\/jpeg\" \/>\n<meta name=\"twitter:card\" content=\"summary_large_image\" \/>\n<meta name=\"twitter:label1\" content=\"Tempo estimado de leitura\" \/>\n\t<meta name=\"twitter:data1\" content=\"1 minuto\" \/>\n<script type=\"application\/ld+json\" class=\"yoast-schema-graph\">{\"@context\":\"https:\\\/\\\/schema.org\",\"@graph\":[{\"@type\":\"WebPage\",\"@id\":\"https:\\\/\\\/lovme.pt\\\/index.php\\\/produto\\\/leg-avenue-bodysuit-sem-emenda-com-tanga-amarelo\\\/\",\"url\":\"https:\\\/\\\/lovme.pt\\\/index.php\\\/produto\\\/leg-avenue-bodysuit-sem-emenda-com-tanga-amarelo\\\/\",\"name\":\"LEG AVENUE - BODYSUIT SEM EMENDA COM TANGA AMARELO - Lovme\",\"isPartOf\":{\"@id\":\"https:\\\/\\\/lovme.pt\\\/#website\"},\"primaryImageOfPage\":{\"@id\":\"https:\\\/\\\/lovme.pt\\\/index.php\\\/produto\\\/leg-avenue-bodysuit-sem-emenda-com-tanga-amarelo\\\/#primaryimage\"},\"image\":{\"@id\":\"https:\\\/\\\/lovme.pt\\\/index.php\\\/produto\\\/leg-avenue-bodysuit-sem-emenda-com-tanga-amarelo\\\/#primaryimage\"},\"thumbnailUrl\":\"https:\\\/\\\/erki24nd3ub.exactdn.com\\\/wp-content\\\/uploads\\\/dream\\\/img\\\/img_162054_84456e4a6bba4db2a9274e04bf978798_1.jpg?strip=all\",\"datePublished\":\"2025-10-01T00:18:05+00:00\",\"dateModified\":\"2026-02-19T20:14:58+00:00\",\"breadcrumb\":{\"@id\":\"https:\\\/\\\/lovme.pt\\\/index.php\\\/produto\\\/leg-avenue-bodysuit-sem-emenda-com-tanga-amarelo\\\/#breadcrumb\"},\"inLanguage\":\"pt-PT\",\"potentialAction\":[{\"@type\":\"ReadAction\",\"target\":[\"https:\\\/\\\/lovme.pt\\\/index.php\\\/produto\\\/leg-avenue-bodysuit-sem-emenda-com-tanga-amarelo\\\/\"]}]},{\"@type\":\"ImageObject\",\"inLanguage\":\"pt-PT\",\"@id\":\"https:\\\/\\\/lovme.pt\\\/index.php\\\/produto\\\/leg-avenue-bodysuit-sem-emenda-com-tanga-amarelo\\\/#primaryimage\",\"url\":\"https:\\\/\\\/erki24nd3ub.exactdn.com\\\/wp-content\\\/uploads\\\/dream\\\/img\\\/img_162054_84456e4a6bba4db2a9274e04bf978798_1.jpg?strip=all\",\"contentUrl\":\"https:\\\/\\\/erki24nd3ub.exactdn.com\\\/wp-content\\\/uploads\\\/dream\\\/img\\\/img_162054_84456e4a6bba4db2a9274e04bf978798_1.jpg?strip=all\",\"width\":800,\"height\":800},{\"@type\":\"BreadcrumbList\",\"@id\":\"https:\\\/\\\/lovme.pt\\\/index.php\\\/produto\\\/leg-avenue-bodysuit-sem-emenda-com-tanga-amarelo\\\/#breadcrumb\",\"itemListElement\":[{\"@type\":\"ListItem\",\"position\":1,\"name\":\"In\u00edcio\",\"item\":\"https:\\\/\\\/lovme.pt\\\/\"},{\"@type\":\"ListItem\",\"position\":2,\"name\":\"Loja\",\"item\":\"https:\\\/\\\/lovme.pt\\\/index.php\\\/loja\\\/\"},{\"@type\":\"ListItem\",\"position\":3,\"name\":\"LEG AVENUE &#8211; BODYSUIT SEM EMENDA COM TANGA AMARELO\"}]},{\"@type\":\"WebSite\",\"@id\":\"https:\\\/\\\/lovme.pt\\\/#website\",\"url\":\"https:\\\/\\\/lovme.pt\\\/\",\"name\":\"Lovme Loja Er\u00f3tica N\u00ba1 em Portugal\",\"description\":\"A melhor loja er\u00f3tica de Portugal.\",\"alternateName\":\"Loja Er\u00f3tica Lovme\",\"potentialAction\":[{\"@type\":\"SearchAction\",\"target\":{\"@type\":\"EntryPoint\",\"urlTemplate\":\"https:\\\/\\\/lovme.pt\\\/?s={search_term_string}\"},\"query-input\":{\"@type\":\"PropertyValueSpecification\",\"valueRequired\":true,\"valueName\":\"search_term_string\"}}],\"inLanguage\":\"pt-PT\"}]}<\/script>\n<!-- \/ Yoast SEO plugin. -->","yoast_head_json":{"title":"LEG AVENUE - BODYSUIT SEM EMENDA COM TANGA AMARELO - Lovme","robots":{"index":"index","follow":"follow","max-snippet":"max-snippet:-1","max-image-preview":"max-image-preview:large","max-video-preview":"max-video-preview:-1"},"canonical":"https:\/\/lovme.pt\/index.php\/produto\/leg-avenue-bodysuit-sem-emenda-com-tanga-amarelo\/","og_locale":"pt_PT","og_type":"article","og_title":"LEG AVENUE - BODYSUIT SEM EMENDA COM TANGA AMARELO - Lovme","og_description":"LEG AVENUE - BODYSUIT SEM EMENDA COM TANGA AMARELO","og_url":"https:\/\/lovme.pt\/index.php\/produto\/leg-avenue-bodysuit-sem-emenda-com-tanga-amarelo\/","og_site_name":"Lovme","article_modified_time":"2026-02-19T20:14:58+00:00","og_image":[{"width":800,"height":800,"url":"https:\/\/erki24nd3ub.exactdn.com\/wp-content\/uploads\/dream\/img\/img_162054_84456e4a6bba4db2a9274e04bf978798_1.jpg?strip=all","type":"image\/jpeg"}],"twitter_card":"summary_large_image","twitter_misc":{"Tempo estimado de leitura":"1 minuto"},"schema":{"@context":"https:\/\/schema.org","@graph":[{"@type":"WebPage","@id":"https:\/\/lovme.pt\/index.php\/produto\/leg-avenue-bodysuit-sem-emenda-com-tanga-amarelo\/","url":"https:\/\/lovme.pt\/index.php\/produto\/leg-avenue-bodysuit-sem-emenda-com-tanga-amarelo\/","name":"LEG AVENUE - BODYSUIT SEM EMENDA COM TANGA AMARELO - Lovme","isPartOf":{"@id":"https:\/\/lovme.pt\/#website"},"primaryImageOfPage":{"@id":"https:\/\/lovme.pt\/index.php\/produto\/leg-avenue-bodysuit-sem-emenda-com-tanga-amarelo\/#primaryimage"},"image":{"@id":"https:\/\/lovme.pt\/index.php\/produto\/leg-avenue-bodysuit-sem-emenda-com-tanga-amarelo\/#primaryimage"},"thumbnailUrl":"https:\/\/erki24nd3ub.exactdn.com\/wp-content\/uploads\/dream\/img\/img_162054_84456e4a6bba4db2a9274e04bf978798_1.jpg?strip=all","datePublished":"2025-10-01T00:18:05+00:00","dateModified":"2026-02-19T20:14:58+00:00","breadcrumb":{"@id":"https:\/\/lovme.pt\/index.php\/produto\/leg-avenue-bodysuit-sem-emenda-com-tanga-amarelo\/#breadcrumb"},"inLanguage":"pt-PT","potentialAction":[{"@type":"ReadAction","target":["https:\/\/lovme.pt\/index.php\/produto\/leg-avenue-bodysuit-sem-emenda-com-tanga-amarelo\/"]}]},{"@type":"ImageObject","inLanguage":"pt-PT","@id":"https:\/\/lovme.pt\/index.php\/produto\/leg-avenue-bodysuit-sem-emenda-com-tanga-amarelo\/#primaryimage","url":"https:\/\/erki24nd3ub.exactdn.com\/wp-content\/uploads\/dream\/img\/img_162054_84456e4a6bba4db2a9274e04bf978798_1.jpg?strip=all","contentUrl":"https:\/\/erki24nd3ub.exactdn.com\/wp-content\/uploads\/dream\/img\/img_162054_84456e4a6bba4db2a9274e04bf978798_1.jpg?strip=all","width":800,"height":800},{"@type":"BreadcrumbList","@id":"https:\/\/lovme.pt\/index.php\/produto\/leg-avenue-bodysuit-sem-emenda-com-tanga-amarelo\/#breadcrumb","itemListElement":[{"@type":"ListItem","position":1,"name":"In\u00edcio","item":"https:\/\/lovme.pt\/"},{"@type":"ListItem","position":2,"name":"Loja","item":"https:\/\/lovme.pt\/index.php\/loja\/"},{"@type":"ListItem","position":3,"name":"LEG AVENUE &#8211; BODYSUIT SEM EMENDA COM TANGA AMARELO"}]},{"@type":"WebSite","@id":"https:\/\/lovme.pt\/#website","url":"https:\/\/lovme.pt\/","name":"Lovme Loja Er\u00f3tica N\u00ba1 em Portugal","description":"A melhor loja er\u00f3tica de Portugal.","alternateName":"Loja Er\u00f3tica Lovme","potentialAction":[{"@type":"SearchAction","target":{"@type":"EntryPoint","urlTemplate":"https:\/\/lovme.pt\/?s={search_term_string}"},"query-input":{"@type":"PropertyValueSpecification","valueRequired":true,"valueName":"search_term_string"}}],"inLanguage":"pt-PT"}]}},"_links":{"self":[{"href":"https:\/\/lovme.pt\/index.php\/wp-json\/wp\/v2\/product\/46265","targetHints":{"allow":["GET"]}}],"collection":[{"href":"https:\/\/lovme.pt\/index.php\/wp-json\/wp\/v2\/product"}],"about":[{"href":"https:\/\/lovme.pt\/index.php\/wp-json\/wp\/v2\/types\/product"}],"wp:featuredmedia":[{"embeddable":true,"href":"https:\/\/lovme.pt\/index.php\/wp-json\/wp\/v2\/media\/86409"}],"wp:attachment":[{"href":"https:\/\/lovme.pt\/index.php\/wp-json\/wp\/v2\/media?parent=46265"}],"wp:term":[{"taxonomy":"product_brand","embeddable":true,"href":"https:\/\/lovme.pt\/index.php\/wp-json\/wp\/v2\/product_brand?post=46265"},{"taxonomy":"product_cat","embeddable":true,"href":"https:\/\/lovme.pt\/index.php\/wp-json\/wp\/v2\/product_cat?post=46265"},{"taxonomy":"product_tag","embeddable":true,"href":"https:\/\/lovme.pt\/index.php\/wp-json\/wp\/v2\/product_tag?post=46265"}],"curies":[{"name":"wp","href":"https:\/\/api.w.org\/{rel}","templated":true}]}}