{"id":46242,"date":"2025-10-01T00:50:47","date_gmt":"2025-10-01T00:50:47","guid":{"rendered":"https:\/\/lovme.pt\/?post_type=product&p=46242"},"modified":"2026-02-19T20:17:03","modified_gmt":"2026-02-19T20:17:03","slug":"leg-avenue-meias-arrastao-e-renda-preta","status":"publish","type":"product","link":"https:\/\/lovme.pt\/index.php\/produto\/leg-avenue-meias-arrastao-e-renda-preta\/","title":{"rendered":"LEG AVENUE &#8211; MEIAS ARRAST\u00c3O E RENDA PRETA"},"content":{"rendered":"<p>As meias arrast\u00e3o at\u00e9 a coxa com top de renda preta s\u00e3o uma escolha ousada e sedutora que combina a sensualidade da rede com a eleg\u00e2ncia da renda preta. Projetadas para real\u00e7ar a feminilidade e dar um toque de provoca\u00e7\u00e3o, essas meias s\u00e3o ideais para ocasi\u00f5es especiais ou para quem quer se sentir sensual no dia a dia.<\/p>\n<p>A parte inferior destas meias \u00e9 feita com uma rede aberta, criando um padr\u00e3o entrela\u00e7ado que destaca as pernas de forma marcante. A malha proporciona um toque glamour e um elemento de sugest\u00e3o ao revelar sutilmente a pele atrav\u00e9s dos pequenos espa\u00e7os entre as meias.<\/p>\n<p>O toque distintivo destas meias est\u00e1 no top de renda preta que adorna a parte superior. A renda acrescenta um elemento de eleg\u00e2ncia e sofistica\u00e7\u00e3o, criando um contraste intrigante com a textura mais ousada da rede. Este detalhe n\u00e3o s\u00f3 acrescenta um toque aerodin\u00e2mico, mas tamb\u00e9m proporciona uma transi\u00e7\u00e3o suave entre a meia-cal\u00e7a e a pele, criando um visual fluido e elegante.<\/p>\n<p>A cor preta \u00e9 uma escolha cl\u00e1ssica que evoca sensualidade e mist\u00e9rio. Al\u00e9m disso, o preto combina facilmente com uma variedade de looks, tornando essas meias vers\u00e1teis e adequadas para diferentes estilos e ocasi\u00f5es.<\/p>\n<p>O comprimento at\u00e9 a coxa dessas meias as torna ideais para combinar com saias, vestidos curtos ou lingerie sexy. Podem ser um complemento perfeito para ocasi\u00f5es \u00edntimas ou para eventos mais formais onde pretende real\u00e7ar o seu estilo e confian\u00e7a.<\/p>\n<p>\u00c9 importante mencionar que muitas meias deste tipo incorporam um el\u00e1stico na parte superior para garantir um ajuste confort\u00e1vel e seguro, evitando que deslizem para baixo.<\/p>\n<p>\u00a0<\/p>\n<p><u><strong>CARACTER\u00cdSTICAS:<\/strong><\/u><\/p>\n<ul>\n<li>Um tamanho<\/li>\n<li><u>Composi\u00e7\u00e3o<\/u> : 92% n\u00e1ilon, 8% elastano<\/li>\n<li><u>Cor<\/u> preta<\/li>\n<\/ul>\n<p>\u00a0<\/p>\n<p><strong>A Leg Avenue<\/strong> tem os produtos que voc\u00ea procurava, comprometida em oferecer aos clientes produtos inovadores, pre\u00e7os competitivos e muita satisfa\u00e7\u00e3o, frescos do bairro mais badalado de Los Angeles. Ningu\u00e9m torna isso mais sexy!!<\/p>\n","protected":false},"excerpt":{"rendered":"<p>LEG AVENUE &#8211; MEIAS ARRAST\u00c3O E RENDA PRETA<\/p>\n","protected":false},"featured_media":91501,"template":"","meta":{"_acf_changed":false},"product_brand":[],"product_cat":[47,66],"product_tag":[],"class_list":{"0":"post-46242","1":"product","2":"type-product","3":"status-publish","4":"has-post-thumbnail","6":"product_cat-lingerie","7":"product_cat-lingerie-feminina","8":"yith_product_brand-leg-avenue","9":"yith_product_brand-leg-avenueleg-avenue-hosiery","11":"first","12":"instock","13":"taxable","14":"shipping-taxable","15":"purchasable","16":"product-type-simple"},"acf":[],"yoast_head":"<!-- This site is optimized with the Yoast SEO plugin v27.4 - https:\/\/yoast.com\/product\/yoast-seo-wordpress\/ -->\n<title>LEG AVENUE - MEIAS ARRAST\u00c3O E RENDA PRETA - Lovme<\/title>\n<meta name=\"robots\" content=\"index, follow, max-snippet:-1, max-image-preview:large, max-video-preview:-1\" \/>\n<link rel=\"canonical\" href=\"https:\/\/lovme.pt\/index.php\/produto\/leg-avenue-meias-arrastao-e-renda-preta\/\" \/>\n<meta property=\"og:locale\" content=\"pt_PT\" \/>\n<meta property=\"og:type\" content=\"article\" \/>\n<meta property=\"og:title\" content=\"LEG AVENUE - MEIAS ARRAST\u00c3O E RENDA PRETA - Lovme\" \/>\n<meta property=\"og:description\" content=\"LEG AVENUE - MEIAS ARRAST\u00c3O E RENDA PRETA\" \/>\n<meta property=\"og:url\" content=\"https:\/\/lovme.pt\/index.php\/produto\/leg-avenue-meias-arrastao-e-renda-preta\/\" \/>\n<meta property=\"og:site_name\" content=\"Lovme\" \/>\n<meta property=\"article:modified_time\" content=\"2026-02-19T20:17:03+00:00\" \/>\n<meta property=\"og:image\" content=\"https:\/\/erki24nd3ub.exactdn.com\/wp-content\/uploads\/dream\/img\/img_162147_0ccec0c4ad4e4c8a25b1836f4067191b_1.jpg?strip=all\" \/>\n\t<meta property=\"og:image:width\" content=\"800\" \/>\n\t<meta property=\"og:image:height\" content=\"800\" \/>\n\t<meta property=\"og:image:type\" content=\"image\/jpeg\" \/>\n<meta name=\"twitter:card\" content=\"summary_large_image\" \/>\n<meta name=\"twitter:label1\" content=\"Tempo estimado de leitura\" \/>\n\t<meta name=\"twitter:data1\" content=\"2 minutos\" \/>\n<script type=\"application\/ld+json\" class=\"yoast-schema-graph\">{\"@context\":\"https:\\\/\\\/schema.org\",\"@graph\":[{\"@type\":\"WebPage\",\"@id\":\"https:\\\/\\\/lovme.pt\\\/index.php\\\/produto\\\/leg-avenue-meias-arrastao-e-renda-preta\\\/\",\"url\":\"https:\\\/\\\/lovme.pt\\\/index.php\\\/produto\\\/leg-avenue-meias-arrastao-e-renda-preta\\\/\",\"name\":\"LEG AVENUE - MEIAS ARRAST\u00c3O E RENDA PRETA - Lovme\",\"isPartOf\":{\"@id\":\"https:\\\/\\\/lovme.pt\\\/#website\"},\"primaryImageOfPage\":{\"@id\":\"https:\\\/\\\/lovme.pt\\\/index.php\\\/produto\\\/leg-avenue-meias-arrastao-e-renda-preta\\\/#primaryimage\"},\"image\":{\"@id\":\"https:\\\/\\\/lovme.pt\\\/index.php\\\/produto\\\/leg-avenue-meias-arrastao-e-renda-preta\\\/#primaryimage\"},\"thumbnailUrl\":\"https:\\\/\\\/erki24nd3ub.exactdn.com\\\/wp-content\\\/uploads\\\/dream\\\/img\\\/img_162147_0ccec0c4ad4e4c8a25b1836f4067191b_1.jpg?strip=all\",\"datePublished\":\"2025-10-01T00:50:47+00:00\",\"dateModified\":\"2026-02-19T20:17:03+00:00\",\"breadcrumb\":{\"@id\":\"https:\\\/\\\/lovme.pt\\\/index.php\\\/produto\\\/leg-avenue-meias-arrastao-e-renda-preta\\\/#breadcrumb\"},\"inLanguage\":\"pt-PT\",\"potentialAction\":[{\"@type\":\"ReadAction\",\"target\":[\"https:\\\/\\\/lovme.pt\\\/index.php\\\/produto\\\/leg-avenue-meias-arrastao-e-renda-preta\\\/\"]}]},{\"@type\":\"ImageObject\",\"inLanguage\":\"pt-PT\",\"@id\":\"https:\\\/\\\/lovme.pt\\\/index.php\\\/produto\\\/leg-avenue-meias-arrastao-e-renda-preta\\\/#primaryimage\",\"url\":\"https:\\\/\\\/erki24nd3ub.exactdn.com\\\/wp-content\\\/uploads\\\/dream\\\/img\\\/img_162147_0ccec0c4ad4e4c8a25b1836f4067191b_1.jpg?strip=all\",\"contentUrl\":\"https:\\\/\\\/erki24nd3ub.exactdn.com\\\/wp-content\\\/uploads\\\/dream\\\/img\\\/img_162147_0ccec0c4ad4e4c8a25b1836f4067191b_1.jpg?strip=all\",\"width\":800,\"height\":800},{\"@type\":\"BreadcrumbList\",\"@id\":\"https:\\\/\\\/lovme.pt\\\/index.php\\\/produto\\\/leg-avenue-meias-arrastao-e-renda-preta\\\/#breadcrumb\",\"itemListElement\":[{\"@type\":\"ListItem\",\"position\":1,\"name\":\"In\u00edcio\",\"item\":\"https:\\\/\\\/lovme.pt\\\/\"},{\"@type\":\"ListItem\",\"position\":2,\"name\":\"Loja\",\"item\":\"https:\\\/\\\/lovme.pt\\\/index.php\\\/loja\\\/\"},{\"@type\":\"ListItem\",\"position\":3,\"name\":\"LEG AVENUE &#8211; MEIAS ARRAST\u00c3O E RENDA PRETA\"}]},{\"@type\":\"WebSite\",\"@id\":\"https:\\\/\\\/lovme.pt\\\/#website\",\"url\":\"https:\\\/\\\/lovme.pt\\\/\",\"name\":\"Lovme Loja Er\u00f3tica N\u00ba1 em Portugal\",\"description\":\"A melhor loja er\u00f3tica de Portugal.\",\"alternateName\":\"Loja Er\u00f3tica Lovme\",\"potentialAction\":[{\"@type\":\"SearchAction\",\"target\":{\"@type\":\"EntryPoint\",\"urlTemplate\":\"https:\\\/\\\/lovme.pt\\\/?s={search_term_string}\"},\"query-input\":{\"@type\":\"PropertyValueSpecification\",\"valueRequired\":true,\"valueName\":\"search_term_string\"}}],\"inLanguage\":\"pt-PT\"}]}<\/script>\n<!-- \/ Yoast SEO plugin. -->","yoast_head_json":{"title":"LEG AVENUE - MEIAS ARRAST\u00c3O E RENDA PRETA - Lovme","robots":{"index":"index","follow":"follow","max-snippet":"max-snippet:-1","max-image-preview":"max-image-preview:large","max-video-preview":"max-video-preview:-1"},"canonical":"https:\/\/lovme.pt\/index.php\/produto\/leg-avenue-meias-arrastao-e-renda-preta\/","og_locale":"pt_PT","og_type":"article","og_title":"LEG AVENUE - MEIAS ARRAST\u00c3O E RENDA PRETA - Lovme","og_description":"LEG AVENUE - MEIAS ARRAST\u00c3O E RENDA PRETA","og_url":"https:\/\/lovme.pt\/index.php\/produto\/leg-avenue-meias-arrastao-e-renda-preta\/","og_site_name":"Lovme","article_modified_time":"2026-02-19T20:17:03+00:00","og_image":[{"width":800,"height":800,"url":"https:\/\/erki24nd3ub.exactdn.com\/wp-content\/uploads\/dream\/img\/img_162147_0ccec0c4ad4e4c8a25b1836f4067191b_1.jpg?strip=all","type":"image\/jpeg"}],"twitter_card":"summary_large_image","twitter_misc":{"Tempo estimado de leitura":"2 minutos"},"schema":{"@context":"https:\/\/schema.org","@graph":[{"@type":"WebPage","@id":"https:\/\/lovme.pt\/index.php\/produto\/leg-avenue-meias-arrastao-e-renda-preta\/","url":"https:\/\/lovme.pt\/index.php\/produto\/leg-avenue-meias-arrastao-e-renda-preta\/","name":"LEG AVENUE - MEIAS ARRAST\u00c3O E RENDA PRETA - Lovme","isPartOf":{"@id":"https:\/\/lovme.pt\/#website"},"primaryImageOfPage":{"@id":"https:\/\/lovme.pt\/index.php\/produto\/leg-avenue-meias-arrastao-e-renda-preta\/#primaryimage"},"image":{"@id":"https:\/\/lovme.pt\/index.php\/produto\/leg-avenue-meias-arrastao-e-renda-preta\/#primaryimage"},"thumbnailUrl":"https:\/\/erki24nd3ub.exactdn.com\/wp-content\/uploads\/dream\/img\/img_162147_0ccec0c4ad4e4c8a25b1836f4067191b_1.jpg?strip=all","datePublished":"2025-10-01T00:50:47+00:00","dateModified":"2026-02-19T20:17:03+00:00","breadcrumb":{"@id":"https:\/\/lovme.pt\/index.php\/produto\/leg-avenue-meias-arrastao-e-renda-preta\/#breadcrumb"},"inLanguage":"pt-PT","potentialAction":[{"@type":"ReadAction","target":["https:\/\/lovme.pt\/index.php\/produto\/leg-avenue-meias-arrastao-e-renda-preta\/"]}]},{"@type":"ImageObject","inLanguage":"pt-PT","@id":"https:\/\/lovme.pt\/index.php\/produto\/leg-avenue-meias-arrastao-e-renda-preta\/#primaryimage","url":"https:\/\/erki24nd3ub.exactdn.com\/wp-content\/uploads\/dream\/img\/img_162147_0ccec0c4ad4e4c8a25b1836f4067191b_1.jpg?strip=all","contentUrl":"https:\/\/erki24nd3ub.exactdn.com\/wp-content\/uploads\/dream\/img\/img_162147_0ccec0c4ad4e4c8a25b1836f4067191b_1.jpg?strip=all","width":800,"height":800},{"@type":"BreadcrumbList","@id":"https:\/\/lovme.pt\/index.php\/produto\/leg-avenue-meias-arrastao-e-renda-preta\/#breadcrumb","itemListElement":[{"@type":"ListItem","position":1,"name":"In\u00edcio","item":"https:\/\/lovme.pt\/"},{"@type":"ListItem","position":2,"name":"Loja","item":"https:\/\/lovme.pt\/index.php\/loja\/"},{"@type":"ListItem","position":3,"name":"LEG AVENUE &#8211; MEIAS ARRAST\u00c3O E RENDA PRETA"}]},{"@type":"WebSite","@id":"https:\/\/lovme.pt\/#website","url":"https:\/\/lovme.pt\/","name":"Lovme Loja Er\u00f3tica N\u00ba1 em Portugal","description":"A melhor loja er\u00f3tica de Portugal.","alternateName":"Loja Er\u00f3tica Lovme","potentialAction":[{"@type":"SearchAction","target":{"@type":"EntryPoint","urlTemplate":"https:\/\/lovme.pt\/?s={search_term_string}"},"query-input":{"@type":"PropertyValueSpecification","valueRequired":true,"valueName":"search_term_string"}}],"inLanguage":"pt-PT"}]}},"_links":{"self":[{"href":"https:\/\/lovme.pt\/index.php\/wp-json\/wp\/v2\/product\/46242","targetHints":{"allow":["GET"]}}],"collection":[{"href":"https:\/\/lovme.pt\/index.php\/wp-json\/wp\/v2\/product"}],"about":[{"href":"https:\/\/lovme.pt\/index.php\/wp-json\/wp\/v2\/types\/product"}],"wp:featuredmedia":[{"embeddable":true,"href":"https:\/\/lovme.pt\/index.php\/wp-json\/wp\/v2\/media\/91501"}],"wp:attachment":[{"href":"https:\/\/lovme.pt\/index.php\/wp-json\/wp\/v2\/media?parent=46242"}],"wp:term":[{"taxonomy":"product_brand","embeddable":true,"href":"https:\/\/lovme.pt\/index.php\/wp-json\/wp\/v2\/product_brand?post=46242"},{"taxonomy":"product_cat","embeddable":true,"href":"https:\/\/lovme.pt\/index.php\/wp-json\/wp\/v2\/product_cat?post=46242"},{"taxonomy":"product_tag","embeddable":true,"href":"https:\/\/lovme.pt\/index.php\/wp-json\/wp\/v2\/product_tag?post=46242"}],"curies":[{"name":"wp","href":"https:\/\/api.w.org\/{rel}","templated":true}]}}