{"id":45956,"date":"2025-09-30T22:12:10","date_gmt":"2025-09-30T22:12:10","guid":{"rendered":"https:\/\/lovme.pt\/?post_type=product&p=45956"},"modified":"2026-02-19T20:23:19","modified_gmt":"2026-02-19T20:23:19","slug":"anais-men-aegis-slip-s","status":"publish","type":"product","link":"https:\/\/lovme.pt\/index.php\/produto\/anais-men-aegis-slip-s\/","title":{"rendered":"ANAIS MEN &#8211; AEGIS SLIP S"},"content":{"rendered":"<p><b>\u00c9GIDE<\/b><br \/>Slip, com estampa xadrez em tons de cinza<\/p>\n<p><strong>CARACTER\u00cdSTICAS<\/strong><\/p>\n<div>\n<div>\n<ul>\n<li>Cuecas masculinas sexy<\/li>\n<li>Feito de material de alta qualidade<\/li>\n<li>Corte perfeito garante conforto de uso<\/li>\n<li>Faixa larga, confort\u00e1vel e el\u00e1stica na cintura<\/li>\n<li>Ajuste perfeito ao corpo<\/li>\n<\/ul>\n<p><strong>COMPOSI\u00c7\u00c3O:<\/strong><\/p>\n<\/div>\n<div>\n<ul>\n<li>95% poliamida<\/li>\n<li>5% el\u00e1stico<\/li>\n<\/ul>\n<p>\u00a0<\/p>\n<p><strong>Anais Apparel<\/strong> a lingerie mais sexy do mundo desde 2003.<\/p>\n<\/div>\n<div>\n<table border=\"0\" cellpadding=\"0\" cellspacing=\"0\" width=\"832\" width:=\"\">\n<tbody>\n<tr height=\"23\">\n<td class=\"xl72\" colspan=\"8\" height=\"23\" style=\"text-align: center;\" width=\"832\" width:=\"\"><strong>GUIA DE TAMANHO<\/strong><\/td>\n<\/tr>\n<tr height=\"23\">\n<td class=\"xl73\" colspan=\"2\" height=\"23\" style=\"text-align: center;\">Tamanho<\/td>\n<td border-left:=\"class=xl71\" style=\"text-align: center;\" width=\"104\" width:=\"\">S<\/td>\n<td border-left:=\"class=xl71\" style=\"text-align: center;\" width=\"104\" width:=\"\">M<\/td>\n<td border-left:=\"class=xl71\" style=\"text-align: center;\" width=\"104\" width:=\"\">L<\/td>\n<td border-left:=\"class=xl71\" style=\"text-align: center;\" width=\"104\" width:=\"\">XL<\/td>\n<td border-left:=\"class=xl71\" style=\"text-align: center;\" width=\"104\" width:=\"\">2XL<\/td>\n<td border-left:=\"class=xl71\" style=\"text-align: center;\" width=\"104\" width:=\"\">3XL<\/td>\n<\/tr>\n<tr height=\"23\">\n<td class=\"xl74\" colspan=\"2\" height=\"23\" style=\"text-align: center;\" width=\"208\" width:=\"\">Cintura em cm<\/td>\n<td border-left:=\"class=xl72\" style=\"text-align: center;\" width=\"104\" width:=\"\">75-80<\/td>\n<td border-left:=\"class=xl72\" style=\"text-align: center;\" width=\"104\" width:=\"\">81-88<\/td>\n<td border-left:=\"class=xl71\" style=\"text-align: center;\" width=\"104\" width:=\"\">89-97<\/td>\n<td border-left:=\"class=xl71\" style=\"text-align: center;\" width=\"104\" width:=\"\">98-106<\/td>\n<td border-left:=\"class=xl71\" style=\"text-align: center;\" width=\"104\" width:=\"\">107-116<\/td>\n<td border-left:=\"class=xl71\" style=\"text-align: center;\" width=\"104\" width:=\"\">117-125<\/td>\n<\/tr>\n<\/tbody>\n<\/table>\n<\/div>\n<\/div>\n<div>\n<p>\u00a0<\/p>\n<p><strong>ANAIS, UMA LINGERIE PARA TODOS OS GOSTOS SEXUAIS.<\/strong><\/p>\n<\/div>\n<p>Ap\u00f3s o lan\u00e7amento da lingerie feminina ANAIS em 2016, v\u00e1rios anos depois, em 2021, foi inventada a ANAIS. a marca ANAIS FOR MEN para atender um nicho de mercado diferenciado. Os donos da empresa familiar decidiram lan\u00e7ar a ANAIS, transformando-a numa marca mais aberta a p\u00fablicos de diferentes idades e gostos sexuais.<\/p>\n<p>Com o in\u00edcio desta marca, a ANAIS realmente decolou, dobrando de popularidade a cada ano.<\/p>\n<p>A for\u00e7a aqui \u00e9 tamb\u00e9m que a marca \u00e9 criada e fabricada na Europa, utilizando os melhores t\u00eaxteis europeus, mas feita de forma diferente.<\/p>\n<p>Essa marca ficou mais ousada, mais sexy, mais selvagem e por isso se popularizou. n\u00e3o s\u00f3 uma marca para uma faixa et\u00e1ria geralmente mais jovem, mas tamb\u00e9m uma marca l\u00edder em grandes festas, vestindo homens e mulheres em toda a Europa.<\/p>\n<p>Mas tudo continua a ser criado e fabricado na Pol\u00f3nia, de grande qualidade, verificando a qualidade de cada produto antes do envio. atrav\u00e9s de um departamento de qualidade.<\/p>\n<p>Como consequ\u00eancia do sucesso da ANAIS, a marca continua a crescer, criando novas cole\u00e7\u00f5es para homem, desenvolvendo uma grande variedade. Com um estilo picante e sexy, ANAIS FOR MEN foi recebida pela comunidade de bra\u00e7os abertos e hoje \u00e9 uma marca refer\u00eancia em moda principalmente para homens heterossexuais que cuidam de sua imagem e gays de todo o mundo.<\/p>\n","protected":false},"excerpt":{"rendered":"<p>ANAIS MEN &#8211; AEGIS SLIP S<\/p>\n","protected":false},"featured_media":75055,"template":"","meta":{"_acf_changed":false},"product_brand":[],"product_cat":[47,67,115],"product_tag":[],"class_list":{"0":"post-45956","1":"product","2":"type-product","3":"status-publish","4":"has-post-thumbnail","6":"product_cat-lingerie","7":"product_cat-lingerie-masculina","8":"product_cat-ofertas","9":"yith_product_brand-anais-luxury-lingerie","10":"yith_product_brand-anais-luxury-lingerie-anais-men","11":"yith_product_brand-anais-luxury-lingerie-anais-men-anais-men-slip-thong","13":"first","14":"instock","15":"taxable","16":"shipping-taxable","17":"purchasable","18":"product-type-variable","19":"has-default-attributes"},"acf":[],"yoast_head":"<!-- This site is optimized with the Yoast SEO plugin v27.4 - https:\/\/yoast.com\/product\/yoast-seo-wordpress\/ -->\n<title>ANAIS MEN - AEGIS SLIP S - Lovme<\/title>\n<meta name=\"robots\" content=\"index, follow, max-snippet:-1, max-image-preview:large, max-video-preview:-1\" \/>\n<link rel=\"canonical\" href=\"https:\/\/lovme.pt\/index.php\/produto\/anais-men-aegis-slip-s\/\" \/>\n<meta property=\"og:locale\" content=\"pt_PT\" \/>\n<meta property=\"og:type\" content=\"article\" \/>\n<meta property=\"og:title\" content=\"ANAIS MEN - AEGIS SLIP S - Lovme\" \/>\n<meta property=\"og:description\" content=\"ANAIS MEN - AEGIS SLIP S\" \/>\n<meta property=\"og:url\" content=\"https:\/\/lovme.pt\/index.php\/produto\/anais-men-aegis-slip-s\/\" \/>\n<meta property=\"og:site_name\" content=\"Lovme\" \/>\n<meta property=\"article:modified_time\" content=\"2026-02-19T20:23:19+00:00\" \/>\n<meta property=\"og:image\" content=\"https:\/\/erki24nd3ub.exactdn.com\/wp-content\/uploads\/dream\/img\/img_160529_a21c6e0805b71b066a12b5da5ea1a5f4_1.jpg?strip=all\" \/>\n\t<meta property=\"og:image:width\" content=\"800\" \/>\n\t<meta property=\"og:image:height\" content=\"800\" \/>\n\t<meta property=\"og:image:type\" content=\"image\/jpeg\" \/>\n<meta name=\"twitter:card\" content=\"summary_large_image\" \/>\n<meta name=\"twitter:label1\" content=\"Tempo estimado de leitura\" \/>\n\t<meta name=\"twitter:data1\" content=\"1 minuto\" \/>\n<script type=\"application\/ld+json\" class=\"yoast-schema-graph\">{\"@context\":\"https:\\\/\\\/schema.org\",\"@graph\":[{\"@type\":\"WebPage\",\"@id\":\"https:\\\/\\\/lovme.pt\\\/index.php\\\/produto\\\/anais-men-aegis-slip-s\\\/\",\"url\":\"https:\\\/\\\/lovme.pt\\\/index.php\\\/produto\\\/anais-men-aegis-slip-s\\\/\",\"name\":\"ANAIS MEN - AEGIS SLIP S - Lovme\",\"isPartOf\":{\"@id\":\"https:\\\/\\\/lovme.pt\\\/#website\"},\"primaryImageOfPage\":{\"@id\":\"https:\\\/\\\/lovme.pt\\\/index.php\\\/produto\\\/anais-men-aegis-slip-s\\\/#primaryimage\"},\"image\":{\"@id\":\"https:\\\/\\\/lovme.pt\\\/index.php\\\/produto\\\/anais-men-aegis-slip-s\\\/#primaryimage\"},\"thumbnailUrl\":\"https:\\\/\\\/erki24nd3ub.exactdn.com\\\/wp-content\\\/uploads\\\/dream\\\/img\\\/img_160529_a21c6e0805b71b066a12b5da5ea1a5f4_1.jpg?strip=all\",\"datePublished\":\"2025-09-30T22:12:10+00:00\",\"dateModified\":\"2026-02-19T20:23:19+00:00\",\"breadcrumb\":{\"@id\":\"https:\\\/\\\/lovme.pt\\\/index.php\\\/produto\\\/anais-men-aegis-slip-s\\\/#breadcrumb\"},\"inLanguage\":\"pt-PT\",\"potentialAction\":[{\"@type\":\"ReadAction\",\"target\":[\"https:\\\/\\\/lovme.pt\\\/index.php\\\/produto\\\/anais-men-aegis-slip-s\\\/\"]}]},{\"@type\":\"ImageObject\",\"inLanguage\":\"pt-PT\",\"@id\":\"https:\\\/\\\/lovme.pt\\\/index.php\\\/produto\\\/anais-men-aegis-slip-s\\\/#primaryimage\",\"url\":\"https:\\\/\\\/erki24nd3ub.exactdn.com\\\/wp-content\\\/uploads\\\/dream\\\/img\\\/img_160529_a21c6e0805b71b066a12b5da5ea1a5f4_1.jpg?strip=all\",\"contentUrl\":\"https:\\\/\\\/erki24nd3ub.exactdn.com\\\/wp-content\\\/uploads\\\/dream\\\/img\\\/img_160529_a21c6e0805b71b066a12b5da5ea1a5f4_1.jpg?strip=all\",\"width\":800,\"height\":800},{\"@type\":\"BreadcrumbList\",\"@id\":\"https:\\\/\\\/lovme.pt\\\/index.php\\\/produto\\\/anais-men-aegis-slip-s\\\/#breadcrumb\",\"itemListElement\":[{\"@type\":\"ListItem\",\"position\":1,\"name\":\"In\u00edcio\",\"item\":\"https:\\\/\\\/lovme.pt\\\/\"},{\"@type\":\"ListItem\",\"position\":2,\"name\":\"Loja\",\"item\":\"https:\\\/\\\/lovme.pt\\\/index.php\\\/loja\\\/\"},{\"@type\":\"ListItem\",\"position\":3,\"name\":\"ANAIS MEN &#8211; AEGIS SLIP S\"}]},{\"@type\":\"WebSite\",\"@id\":\"https:\\\/\\\/lovme.pt\\\/#website\",\"url\":\"https:\\\/\\\/lovme.pt\\\/\",\"name\":\"Lovme Loja Er\u00f3tica N\u00ba1 em Portugal\",\"description\":\"A melhor loja er\u00f3tica de Portugal.\",\"alternateName\":\"Loja Er\u00f3tica Lovme\",\"potentialAction\":[{\"@type\":\"SearchAction\",\"target\":{\"@type\":\"EntryPoint\",\"urlTemplate\":\"https:\\\/\\\/lovme.pt\\\/?s={search_term_string}\"},\"query-input\":{\"@type\":\"PropertyValueSpecification\",\"valueRequired\":true,\"valueName\":\"search_term_string\"}}],\"inLanguage\":\"pt-PT\"}]}<\/script>\n<!-- \/ Yoast SEO plugin. -->","yoast_head_json":{"title":"ANAIS MEN - AEGIS SLIP S - Lovme","robots":{"index":"index","follow":"follow","max-snippet":"max-snippet:-1","max-image-preview":"max-image-preview:large","max-video-preview":"max-video-preview:-1"},"canonical":"https:\/\/lovme.pt\/index.php\/produto\/anais-men-aegis-slip-s\/","og_locale":"pt_PT","og_type":"article","og_title":"ANAIS MEN - AEGIS SLIP S - Lovme","og_description":"ANAIS MEN - AEGIS SLIP S","og_url":"https:\/\/lovme.pt\/index.php\/produto\/anais-men-aegis-slip-s\/","og_site_name":"Lovme","article_modified_time":"2026-02-19T20:23:19+00:00","og_image":[{"width":800,"height":800,"url":"https:\/\/erki24nd3ub.exactdn.com\/wp-content\/uploads\/dream\/img\/img_160529_a21c6e0805b71b066a12b5da5ea1a5f4_1.jpg?strip=all","type":"image\/jpeg"}],"twitter_card":"summary_large_image","twitter_misc":{"Tempo estimado de leitura":"1 minuto"},"schema":{"@context":"https:\/\/schema.org","@graph":[{"@type":"WebPage","@id":"https:\/\/lovme.pt\/index.php\/produto\/anais-men-aegis-slip-s\/","url":"https:\/\/lovme.pt\/index.php\/produto\/anais-men-aegis-slip-s\/","name":"ANAIS MEN - AEGIS SLIP S - Lovme","isPartOf":{"@id":"https:\/\/lovme.pt\/#website"},"primaryImageOfPage":{"@id":"https:\/\/lovme.pt\/index.php\/produto\/anais-men-aegis-slip-s\/#primaryimage"},"image":{"@id":"https:\/\/lovme.pt\/index.php\/produto\/anais-men-aegis-slip-s\/#primaryimage"},"thumbnailUrl":"https:\/\/erki24nd3ub.exactdn.com\/wp-content\/uploads\/dream\/img\/img_160529_a21c6e0805b71b066a12b5da5ea1a5f4_1.jpg?strip=all","datePublished":"2025-09-30T22:12:10+00:00","dateModified":"2026-02-19T20:23:19+00:00","breadcrumb":{"@id":"https:\/\/lovme.pt\/index.php\/produto\/anais-men-aegis-slip-s\/#breadcrumb"},"inLanguage":"pt-PT","potentialAction":[{"@type":"ReadAction","target":["https:\/\/lovme.pt\/index.php\/produto\/anais-men-aegis-slip-s\/"]}]},{"@type":"ImageObject","inLanguage":"pt-PT","@id":"https:\/\/lovme.pt\/index.php\/produto\/anais-men-aegis-slip-s\/#primaryimage","url":"https:\/\/erki24nd3ub.exactdn.com\/wp-content\/uploads\/dream\/img\/img_160529_a21c6e0805b71b066a12b5da5ea1a5f4_1.jpg?strip=all","contentUrl":"https:\/\/erki24nd3ub.exactdn.com\/wp-content\/uploads\/dream\/img\/img_160529_a21c6e0805b71b066a12b5da5ea1a5f4_1.jpg?strip=all","width":800,"height":800},{"@type":"BreadcrumbList","@id":"https:\/\/lovme.pt\/index.php\/produto\/anais-men-aegis-slip-s\/#breadcrumb","itemListElement":[{"@type":"ListItem","position":1,"name":"In\u00edcio","item":"https:\/\/lovme.pt\/"},{"@type":"ListItem","position":2,"name":"Loja","item":"https:\/\/lovme.pt\/index.php\/loja\/"},{"@type":"ListItem","position":3,"name":"ANAIS MEN &#8211; AEGIS SLIP S"}]},{"@type":"WebSite","@id":"https:\/\/lovme.pt\/#website","url":"https:\/\/lovme.pt\/","name":"Lovme Loja Er\u00f3tica N\u00ba1 em Portugal","description":"A melhor loja er\u00f3tica de Portugal.","alternateName":"Loja Er\u00f3tica Lovme","potentialAction":[{"@type":"SearchAction","target":{"@type":"EntryPoint","urlTemplate":"https:\/\/lovme.pt\/?s={search_term_string}"},"query-input":{"@type":"PropertyValueSpecification","valueRequired":true,"valueName":"search_term_string"}}],"inLanguage":"pt-PT"}]}},"_links":{"self":[{"href":"https:\/\/lovme.pt\/index.php\/wp-json\/wp\/v2\/product\/45956","targetHints":{"allow":["GET"]}}],"collection":[{"href":"https:\/\/lovme.pt\/index.php\/wp-json\/wp\/v2\/product"}],"about":[{"href":"https:\/\/lovme.pt\/index.php\/wp-json\/wp\/v2\/types\/product"}],"wp:featuredmedia":[{"embeddable":true,"href":"https:\/\/lovme.pt\/index.php\/wp-json\/wp\/v2\/media\/75055"}],"wp:attachment":[{"href":"https:\/\/lovme.pt\/index.php\/wp-json\/wp\/v2\/media?parent=45956"}],"wp:term":[{"taxonomy":"product_brand","embeddable":true,"href":"https:\/\/lovme.pt\/index.php\/wp-json\/wp\/v2\/product_brand?post=45956"},{"taxonomy":"product_cat","embeddable":true,"href":"https:\/\/lovme.pt\/index.php\/wp-json\/wp\/v2\/product_cat?post=45956"},{"taxonomy":"product_tag","embeddable":true,"href":"https:\/\/lovme.pt\/index.php\/wp-json\/wp\/v2\/product_tag?post=45956"}],"curies":[{"name":"wp","href":"https:\/\/api.w.org\/{rel}","templated":true}]}}