{"id":45676,"date":"2025-10-01T03:14:05","date_gmt":"2025-10-01T03:14:05","guid":{"rendered":"https:\/\/lovme.pt\/?post_type=product&p=45676"},"modified":"2026-04-01T01:30:41","modified_gmt":"2026-04-01T01:30:41","slug":"alive-discretion-gag-respiravel-vermelho","status":"publish","type":"product","link":"https:\/\/lovme.pt\/index.php\/produto\/alive-discretion-gag-respiravel-vermelho\/","title":{"rendered":"ALIVE &#8211; DISCRETION GAG RESPIR\u00c1VEL VERMELHO"},"content":{"rendered":"<p><strong>Discretion,<\/strong> \u00e9 uma morda\u00e7a BDSM respir\u00e1vel, um acess\u00f3rio projetado para adicionar um elemento de submiss\u00e3o e restri\u00e7\u00e3o \u00e0s pr\u00e1ticas er\u00f3ticas consensuais. Ao contr\u00e1rio das morda\u00e7as tradicionais que podem limitar completamente a capacidade de falar, uma morda\u00e7a respir\u00e1vel permite alguma liberdade de respira\u00e7\u00e3o e comunica\u00e7\u00e3o, tornando-a uma escolha popular para quem procura uma experi\u00eancia BDSM mais \u00edntima. moderado e confort\u00e1vel.<\/p>\n<p>\u00a0<\/p>\n<ul>\n<li><strong>Material:<\/strong> Estas morda\u00e7as respir\u00e1veis s\u00e3o feitas com materiais seguros para o corpo. A escolha destes materiais garante n\u00e3o s\u00f3 seguran\u00e7a, mas tamb\u00e9m conforto durante o uso prolongado.<\/li>\n<li><strong>Design respir\u00e1vel:<\/strong> A caracter\u00edstica mais distintiva desta morda\u00e7a \u00e9 seu design perfurado ou respir\u00e1vel. Isso permite que o usu\u00e1rio respire com relativa facilidade atrav\u00e9s de pequenos orif\u00edcios ou aberturas na morda\u00e7a, eliminando a sensa\u00e7\u00e3o de sufocamento completo que pode estar associada a outras morda\u00e7as mais apertadas.<!-- li--><\/li>\n<li><strong>Ajuste confort\u00e1vel:<\/strong> a morda\u00e7a respir\u00e1vel foi projetada para caber confortavelmente. Projetado para ser ajust\u00e1vel e confort\u00e1vel de usar. Geralmente possui uma al\u00e7a que envolve a cabe\u00e7a e \u00e9 presa com fivelas, permitindo que se adapte a diferentes tamanhos e formatos de cabe\u00e7a.<\/li>\n<li><strong>Limpeza f\u00e1cil:<\/strong> a maioria das morda\u00e7as respir\u00e1veis s\u00e3o f\u00e1ceis de limpar. Por serem feitos de materiais dur\u00e1veis e n\u00e3o absorventes, basta utilizar um limpador espec\u00edfico para brinquedos sexuais ou \u00e1gua morna com sab\u00e3o neutro para manter a higiene.<\/li>\n<\/ul>\n<p>\u00c9 essencial que todas as pr\u00e1ticas de BDSM sejam realizadas de forma consensual, com limites claros estabelecidos e comunica\u00e7\u00e3o aberta entre todas as partes envolvidas. Seguran\u00e7a, respeito m\u00fatuo e consentimento informado devem sempre ser prioridades em qualquer atividade BDSM.<\/p>\n<p>\u00a0<\/p>\n<p><u><strong>CARACTER\u00cdSTICAS:<\/strong><\/u><\/p>\n<ul>\n<li>Cor vermelha<\/li>\n<li><u>Dimens\u00f5es<\/u> : Comprimento 64 cm \/ Di\u00e2metro 4,5 cm<\/li>\n<li>Impermeabiliza\u00e7\u00e3o: Resistente \u00e0 \u00e1gua-IPX8<\/li>\n<\/ul>\n","protected":false},"excerpt":{"rendered":"<p>ALIVE &#8211; DISCRETION GAG RESPIR\u00c1VEL VERMELHO<\/p>\n","protected":false},"featured_media":102187,"template":"","meta":{"_acf_changed":false},"product_brand":[],"product_cat":[48],"product_tag":[],"class_list":{"0":"post-45676","1":"product","2":"type-product","3":"status-publish","4":"has-post-thumbnail","6":"product_cat-bdsm","7":"yith_product_brand-alive","9":"first","10":"instock","11":"taxable","12":"shipping-taxable","13":"purchasable","14":"product-type-simple"},"acf":[],"yoast_head":"<!-- This site is optimized with the Yoast SEO plugin v27.4 - https:\/\/yoast.com\/product\/yoast-seo-wordpress\/ -->\n<title>ALIVE - DISCRETION GAG RESPIR\u00c1VEL VERMELHO - Lovme<\/title>\n<meta name=\"robots\" content=\"index, follow, max-snippet:-1, max-image-preview:large, max-video-preview:-1\" \/>\n<link rel=\"canonical\" href=\"https:\/\/lovme.pt\/index.php\/produto\/alive-discretion-gag-respiravel-vermelho\/\" \/>\n<meta property=\"og:locale\" content=\"pt_PT\" \/>\n<meta property=\"og:type\" content=\"article\" \/>\n<meta property=\"og:title\" content=\"ALIVE - DISCRETION GAG RESPIR\u00c1VEL VERMELHO - Lovme\" \/>\n<meta property=\"og:description\" content=\"ALIVE - DISCRETION GAG RESPIR\u00c1VEL VERMELHO\" \/>\n<meta property=\"og:url\" content=\"https:\/\/lovme.pt\/index.php\/produto\/alive-discretion-gag-respiravel-vermelho\/\" \/>\n<meta property=\"og:site_name\" content=\"Lovme\" \/>\n<meta property=\"article:modified_time\" content=\"2026-04-01T01:30:41+00:00\" \/>\n<meta property=\"og:image\" content=\"https:\/\/erki24nd3ub.exactdn.com\/wp-content\/uploads\/dream\/img\/img_158894_360f8844c2f4d1e2b810769e3dae8cff_1.jpg?strip=all\" \/>\n\t<meta property=\"og:image:width\" content=\"800\" \/>\n\t<meta property=\"og:image:height\" content=\"800\" \/>\n\t<meta property=\"og:image:type\" content=\"image\/jpeg\" \/>\n<meta name=\"twitter:card\" content=\"summary_large_image\" \/>\n<meta name=\"twitter:label1\" content=\"Tempo estimado de leitura\" \/>\n\t<meta name=\"twitter:data1\" content=\"2 minutos\" \/>\n<script type=\"application\/ld+json\" class=\"yoast-schema-graph\">{\"@context\":\"https:\\\/\\\/schema.org\",\"@graph\":[{\"@type\":\"WebPage\",\"@id\":\"https:\\\/\\\/lovme.pt\\\/index.php\\\/produto\\\/alive-discretion-gag-respiravel-vermelho\\\/\",\"url\":\"https:\\\/\\\/lovme.pt\\\/index.php\\\/produto\\\/alive-discretion-gag-respiravel-vermelho\\\/\",\"name\":\"ALIVE - DISCRETION GAG RESPIR\u00c1VEL VERMELHO - Lovme\",\"isPartOf\":{\"@id\":\"https:\\\/\\\/lovme.pt\\\/#website\"},\"primaryImageOfPage\":{\"@id\":\"https:\\\/\\\/lovme.pt\\\/index.php\\\/produto\\\/alive-discretion-gag-respiravel-vermelho\\\/#primaryimage\"},\"image\":{\"@id\":\"https:\\\/\\\/lovme.pt\\\/index.php\\\/produto\\\/alive-discretion-gag-respiravel-vermelho\\\/#primaryimage\"},\"thumbnailUrl\":\"https:\\\/\\\/erki24nd3ub.exactdn.com\\\/wp-content\\\/uploads\\\/dream\\\/img\\\/img_158894_360f8844c2f4d1e2b810769e3dae8cff_1.jpg?strip=all\",\"datePublished\":\"2025-10-01T03:14:05+00:00\",\"dateModified\":\"2026-04-01T01:30:41+00:00\",\"breadcrumb\":{\"@id\":\"https:\\\/\\\/lovme.pt\\\/index.php\\\/produto\\\/alive-discretion-gag-respiravel-vermelho\\\/#breadcrumb\"},\"inLanguage\":\"pt-PT\",\"potentialAction\":[{\"@type\":\"ReadAction\",\"target\":[\"https:\\\/\\\/lovme.pt\\\/index.php\\\/produto\\\/alive-discretion-gag-respiravel-vermelho\\\/\"]}]},{\"@type\":\"ImageObject\",\"inLanguage\":\"pt-PT\",\"@id\":\"https:\\\/\\\/lovme.pt\\\/index.php\\\/produto\\\/alive-discretion-gag-respiravel-vermelho\\\/#primaryimage\",\"url\":\"https:\\\/\\\/erki24nd3ub.exactdn.com\\\/wp-content\\\/uploads\\\/dream\\\/img\\\/img_158894_360f8844c2f4d1e2b810769e3dae8cff_1.jpg?strip=all\",\"contentUrl\":\"https:\\\/\\\/erki24nd3ub.exactdn.com\\\/wp-content\\\/uploads\\\/dream\\\/img\\\/img_158894_360f8844c2f4d1e2b810769e3dae8cff_1.jpg?strip=all\",\"width\":800,\"height\":800},{\"@type\":\"BreadcrumbList\",\"@id\":\"https:\\\/\\\/lovme.pt\\\/index.php\\\/produto\\\/alive-discretion-gag-respiravel-vermelho\\\/#breadcrumb\",\"itemListElement\":[{\"@type\":\"ListItem\",\"position\":1,\"name\":\"In\u00edcio\",\"item\":\"https:\\\/\\\/lovme.pt\\\/\"},{\"@type\":\"ListItem\",\"position\":2,\"name\":\"Loja\",\"item\":\"https:\\\/\\\/lovme.pt\\\/index.php\\\/loja\\\/\"},{\"@type\":\"ListItem\",\"position\":3,\"name\":\"ALIVE &#8211; DISCRETION GAG RESPIR\u00c1VEL VERMELHO\"}]},{\"@type\":\"WebSite\",\"@id\":\"https:\\\/\\\/lovme.pt\\\/#website\",\"url\":\"https:\\\/\\\/lovme.pt\\\/\",\"name\":\"Lovme Loja Er\u00f3tica N\u00ba1 em Portugal\",\"description\":\"A melhor loja er\u00f3tica de Portugal.\",\"alternateName\":\"Loja Er\u00f3tica Lovme\",\"potentialAction\":[{\"@type\":\"SearchAction\",\"target\":{\"@type\":\"EntryPoint\",\"urlTemplate\":\"https:\\\/\\\/lovme.pt\\\/?s={search_term_string}\"},\"query-input\":{\"@type\":\"PropertyValueSpecification\",\"valueRequired\":true,\"valueName\":\"search_term_string\"}}],\"inLanguage\":\"pt-PT\"}]}<\/script>\n<!-- \/ Yoast SEO plugin. -->","yoast_head_json":{"title":"ALIVE - DISCRETION GAG RESPIR\u00c1VEL VERMELHO - Lovme","robots":{"index":"index","follow":"follow","max-snippet":"max-snippet:-1","max-image-preview":"max-image-preview:large","max-video-preview":"max-video-preview:-1"},"canonical":"https:\/\/lovme.pt\/index.php\/produto\/alive-discretion-gag-respiravel-vermelho\/","og_locale":"pt_PT","og_type":"article","og_title":"ALIVE - DISCRETION GAG RESPIR\u00c1VEL VERMELHO - Lovme","og_description":"ALIVE - DISCRETION GAG RESPIR\u00c1VEL VERMELHO","og_url":"https:\/\/lovme.pt\/index.php\/produto\/alive-discretion-gag-respiravel-vermelho\/","og_site_name":"Lovme","article_modified_time":"2026-04-01T01:30:41+00:00","og_image":[{"width":800,"height":800,"url":"https:\/\/erki24nd3ub.exactdn.com\/wp-content\/uploads\/dream\/img\/img_158894_360f8844c2f4d1e2b810769e3dae8cff_1.jpg?strip=all","type":"image\/jpeg"}],"twitter_card":"summary_large_image","twitter_misc":{"Tempo estimado de leitura":"2 minutos"},"schema":{"@context":"https:\/\/schema.org","@graph":[{"@type":"WebPage","@id":"https:\/\/lovme.pt\/index.php\/produto\/alive-discretion-gag-respiravel-vermelho\/","url":"https:\/\/lovme.pt\/index.php\/produto\/alive-discretion-gag-respiravel-vermelho\/","name":"ALIVE - DISCRETION GAG RESPIR\u00c1VEL VERMELHO - Lovme","isPartOf":{"@id":"https:\/\/lovme.pt\/#website"},"primaryImageOfPage":{"@id":"https:\/\/lovme.pt\/index.php\/produto\/alive-discretion-gag-respiravel-vermelho\/#primaryimage"},"image":{"@id":"https:\/\/lovme.pt\/index.php\/produto\/alive-discretion-gag-respiravel-vermelho\/#primaryimage"},"thumbnailUrl":"https:\/\/erki24nd3ub.exactdn.com\/wp-content\/uploads\/dream\/img\/img_158894_360f8844c2f4d1e2b810769e3dae8cff_1.jpg?strip=all","datePublished":"2025-10-01T03:14:05+00:00","dateModified":"2026-04-01T01:30:41+00:00","breadcrumb":{"@id":"https:\/\/lovme.pt\/index.php\/produto\/alive-discretion-gag-respiravel-vermelho\/#breadcrumb"},"inLanguage":"pt-PT","potentialAction":[{"@type":"ReadAction","target":["https:\/\/lovme.pt\/index.php\/produto\/alive-discretion-gag-respiravel-vermelho\/"]}]},{"@type":"ImageObject","inLanguage":"pt-PT","@id":"https:\/\/lovme.pt\/index.php\/produto\/alive-discretion-gag-respiravel-vermelho\/#primaryimage","url":"https:\/\/erki24nd3ub.exactdn.com\/wp-content\/uploads\/dream\/img\/img_158894_360f8844c2f4d1e2b810769e3dae8cff_1.jpg?strip=all","contentUrl":"https:\/\/erki24nd3ub.exactdn.com\/wp-content\/uploads\/dream\/img\/img_158894_360f8844c2f4d1e2b810769e3dae8cff_1.jpg?strip=all","width":800,"height":800},{"@type":"BreadcrumbList","@id":"https:\/\/lovme.pt\/index.php\/produto\/alive-discretion-gag-respiravel-vermelho\/#breadcrumb","itemListElement":[{"@type":"ListItem","position":1,"name":"In\u00edcio","item":"https:\/\/lovme.pt\/"},{"@type":"ListItem","position":2,"name":"Loja","item":"https:\/\/lovme.pt\/index.php\/loja\/"},{"@type":"ListItem","position":3,"name":"ALIVE &#8211; DISCRETION GAG RESPIR\u00c1VEL VERMELHO"}]},{"@type":"WebSite","@id":"https:\/\/lovme.pt\/#website","url":"https:\/\/lovme.pt\/","name":"Lovme Loja Er\u00f3tica N\u00ba1 em Portugal","description":"A melhor loja er\u00f3tica de Portugal.","alternateName":"Loja Er\u00f3tica Lovme","potentialAction":[{"@type":"SearchAction","target":{"@type":"EntryPoint","urlTemplate":"https:\/\/lovme.pt\/?s={search_term_string}"},"query-input":{"@type":"PropertyValueSpecification","valueRequired":true,"valueName":"search_term_string"}}],"inLanguage":"pt-PT"}]}},"_links":{"self":[{"href":"https:\/\/lovme.pt\/index.php\/wp-json\/wp\/v2\/product\/45676","targetHints":{"allow":["GET"]}}],"collection":[{"href":"https:\/\/lovme.pt\/index.php\/wp-json\/wp\/v2\/product"}],"about":[{"href":"https:\/\/lovme.pt\/index.php\/wp-json\/wp\/v2\/types\/product"}],"wp:featuredmedia":[{"embeddable":true,"href":"https:\/\/lovme.pt\/index.php\/wp-json\/wp\/v2\/media\/102187"}],"wp:attachment":[{"href":"https:\/\/lovme.pt\/index.php\/wp-json\/wp\/v2\/media?parent=45676"}],"wp:term":[{"taxonomy":"product_brand","embeddable":true,"href":"https:\/\/lovme.pt\/index.php\/wp-json\/wp\/v2\/product_brand?post=45676"},{"taxonomy":"product_cat","embeddable":true,"href":"https:\/\/lovme.pt\/index.php\/wp-json\/wp\/v2\/product_cat?post=45676"},{"taxonomy":"product_tag","embeddable":true,"href":"https:\/\/lovme.pt\/index.php\/wp-json\/wp\/v2\/product_tag?post=45676"}],"curies":[{"name":"wp","href":"https:\/\/api.w.org\/{rel}","templated":true}]}}