{"id":45610,"date":"2025-10-01T03:11:15","date_gmt":"2025-10-01T03:11:15","guid":{"rendered":"https:\/\/lovme.pt\/?post_type=product&p=45610"},"modified":"2026-02-19T20:22:34","modified_gmt":"2026-02-19T20:22:34","slug":"femintimate-spray-limpador-de-brinquedos-antibacteriano-150-ml","status":"publish","type":"product","link":"https:\/\/lovme.pt\/index.php\/produto\/femintimate-spray-limpador-de-brinquedos-antibacteriano-150-ml\/","title":{"rendered":"FEMINTIMATE &#8211; SPRAY LIMPADOR DE BRINQUEDOS ANTIBACTERIANO 150 ML"},"content":{"rendered":"<p>A marca Feminitimate, especialista em intimidade feminina, oferece seu limpador antibacteriano de brinquedos sexuais para garantir a limpeza de seus brinquedos \u00edntimos e prolongar sua vida \u00fatil. Ao manter o brinquedo sexual limpo voc\u00ea consegue evitar doen\u00e7as, al\u00e9m de evitar que o brinquedo se deteriore prematuramente.<\/p>\n<p>O <strong>Spray de Limpeza Femintimate<\/strong> \u00e9 a melhor solu\u00e7\u00e3o para a manuten\u00e7\u00e3o dos seus produtos Femintimate e de todos os brinquedos sexuais em geral. \u00c9 muito importante manter os seus brinquedos sexuais limpos e livres de bact\u00e9rias se quiser que funcionem durante o tempo esperado. Bem, uma boa higiene dos brinquedos sexuais \u00e9 t\u00e3o importante para voc\u00ea quanto para o brinquedo.<\/p>\n<p>\u00c9 t\u00e3o simples como aplicar a quantidade de <strong>Spray de Limpeza Feminina<\/strong> que achar necess\u00e1ria no brinquedo e com um pouco de \u00e1gua morna esfregar o brinquedo com as m\u00e3os. Depois de ver que o cheiro Se o brinquedo \u00e9 bonito e n\u00e3o tem manchas, significa que est\u00e1 limpo. completamente limpo, ent\u00e3o enx\u00e1gue e deixe secar. Estar\u00e1 pronto para guardar ou\u2026 Para uma segunda rodada!<\/p>\n<p>\u00a0<\/p>\n<p><u><strong>CARACTER\u00cdSTICAS:<\/strong><\/u><\/p>\n<ul>\n<li>Limpador higi\u00eanico para brinquedos sexuais<\/li>\n<li>Limpador \u00e0 base de \u00e1gua<\/li>\n<li>Inodoro, incolor, n\u00e3o mancha<\/li>\n<li>Livre de \u00e1lcool<\/li>\n<li>Garrafa de spray<\/li>\n<li>Capacidade: 150ml<\/li>\n<\/ul>\n<p>\u00a0<\/p>\n","protected":false},"excerpt":{"rendered":"<p>FEMINTIMATE &#8211; SPRAY LIMPADOR DE BRINQUEDOS ANTIBACTERIANO 150 ML<\/p>\n","protected":false},"featured_media":101988,"template":"","meta":{"_acf_changed":false},"product_brand":[],"product_cat":[49,55],"product_tag":[],"class_list":{"0":"post-45610","1":"product","2":"type-product","3":"status-publish","4":"has-post-thumbnail","6":"product_cat-cosmeticos","7":"product_cat-cuidado-de-brinquedos","8":"yith_product_brand-femintimate","10":"first","11":"instock","12":"taxable","13":"shipping-taxable","14":"purchasable","15":"product-type-simple"},"acf":[],"yoast_head":"<!-- This site is optimized with the Yoast SEO plugin v27.4 - https:\/\/yoast.com\/product\/yoast-seo-wordpress\/ -->\n<title>FEMINTIMATE - SPRAY LIMPADOR DE BRINQUEDOS ANTIBACTERIANO 150 ML - Lovme<\/title>\n<meta name=\"robots\" content=\"index, follow, max-snippet:-1, max-image-preview:large, max-video-preview:-1\" \/>\n<link rel=\"canonical\" href=\"https:\/\/lovme.pt\/index.php\/produto\/femintimate-spray-limpador-de-brinquedos-antibacteriano-150-ml\/\" \/>\n<meta property=\"og:locale\" content=\"pt_PT\" \/>\n<meta property=\"og:type\" content=\"article\" \/>\n<meta property=\"og:title\" content=\"FEMINTIMATE - SPRAY LIMPADOR DE BRINQUEDOS ANTIBACTERIANO 150 ML - Lovme\" \/>\n<meta property=\"og:description\" content=\"FEMINTIMATE - SPRAY LIMPADOR DE BRINQUEDOS ANTIBACTERIANO 150 ML\" \/>\n<meta property=\"og:url\" content=\"https:\/\/lovme.pt\/index.php\/produto\/femintimate-spray-limpador-de-brinquedos-antibacteriano-150-ml\/\" \/>\n<meta property=\"og:site_name\" content=\"Lovme\" \/>\n<meta property=\"article:modified_time\" content=\"2026-02-19T20:22:34+00:00\" \/>\n<meta property=\"og:image\" content=\"https:\/\/erki24nd3ub.exactdn.com\/wp-content\/uploads\/dream\/img\/img_158749_202f23544cb8fe15a62ac7fd339488d6_1.jpg?strip=all\" \/>\n\t<meta property=\"og:image:width\" content=\"800\" \/>\n\t<meta property=\"og:image:height\" content=\"800\" \/>\n\t<meta property=\"og:image:type\" content=\"image\/jpeg\" \/>\n<meta name=\"twitter:card\" content=\"summary_large_image\" \/>\n<meta name=\"twitter:label1\" content=\"Tempo estimado de leitura\" \/>\n\t<meta name=\"twitter:data1\" content=\"1 minuto\" \/>\n<script type=\"application\/ld+json\" class=\"yoast-schema-graph\">{\"@context\":\"https:\\\/\\\/schema.org\",\"@graph\":[{\"@type\":\"WebPage\",\"@id\":\"https:\\\/\\\/lovme.pt\\\/index.php\\\/produto\\\/femintimate-spray-limpador-de-brinquedos-antibacteriano-150-ml\\\/\",\"url\":\"https:\\\/\\\/lovme.pt\\\/index.php\\\/produto\\\/femintimate-spray-limpador-de-brinquedos-antibacteriano-150-ml\\\/\",\"name\":\"FEMINTIMATE - SPRAY LIMPADOR DE BRINQUEDOS ANTIBACTERIANO 150 ML - Lovme\",\"isPartOf\":{\"@id\":\"https:\\\/\\\/lovme.pt\\\/#website\"},\"primaryImageOfPage\":{\"@id\":\"https:\\\/\\\/lovme.pt\\\/index.php\\\/produto\\\/femintimate-spray-limpador-de-brinquedos-antibacteriano-150-ml\\\/#primaryimage\"},\"image\":{\"@id\":\"https:\\\/\\\/lovme.pt\\\/index.php\\\/produto\\\/femintimate-spray-limpador-de-brinquedos-antibacteriano-150-ml\\\/#primaryimage\"},\"thumbnailUrl\":\"https:\\\/\\\/erki24nd3ub.exactdn.com\\\/wp-content\\\/uploads\\\/dream\\\/img\\\/img_158749_202f23544cb8fe15a62ac7fd339488d6_1.jpg?strip=all\",\"datePublished\":\"2025-10-01T03:11:15+00:00\",\"dateModified\":\"2026-02-19T20:22:34+00:00\",\"breadcrumb\":{\"@id\":\"https:\\\/\\\/lovme.pt\\\/index.php\\\/produto\\\/femintimate-spray-limpador-de-brinquedos-antibacteriano-150-ml\\\/#breadcrumb\"},\"inLanguage\":\"pt-PT\",\"potentialAction\":[{\"@type\":\"ReadAction\",\"target\":[\"https:\\\/\\\/lovme.pt\\\/index.php\\\/produto\\\/femintimate-spray-limpador-de-brinquedos-antibacteriano-150-ml\\\/\"]}]},{\"@type\":\"ImageObject\",\"inLanguage\":\"pt-PT\",\"@id\":\"https:\\\/\\\/lovme.pt\\\/index.php\\\/produto\\\/femintimate-spray-limpador-de-brinquedos-antibacteriano-150-ml\\\/#primaryimage\",\"url\":\"https:\\\/\\\/erki24nd3ub.exactdn.com\\\/wp-content\\\/uploads\\\/dream\\\/img\\\/img_158749_202f23544cb8fe15a62ac7fd339488d6_1.jpg?strip=all\",\"contentUrl\":\"https:\\\/\\\/erki24nd3ub.exactdn.com\\\/wp-content\\\/uploads\\\/dream\\\/img\\\/img_158749_202f23544cb8fe15a62ac7fd339488d6_1.jpg?strip=all\",\"width\":800,\"height\":800},{\"@type\":\"BreadcrumbList\",\"@id\":\"https:\\\/\\\/lovme.pt\\\/index.php\\\/produto\\\/femintimate-spray-limpador-de-brinquedos-antibacteriano-150-ml\\\/#breadcrumb\",\"itemListElement\":[{\"@type\":\"ListItem\",\"position\":1,\"name\":\"In\u00edcio\",\"item\":\"https:\\\/\\\/lovme.pt\\\/\"},{\"@type\":\"ListItem\",\"position\":2,\"name\":\"Loja\",\"item\":\"https:\\\/\\\/lovme.pt\\\/index.php\\\/loja\\\/\"},{\"@type\":\"ListItem\",\"position\":3,\"name\":\"FEMINTIMATE &#8211; SPRAY LIMPADOR DE BRINQUEDOS ANTIBACTERIANO 150 ML\"}]},{\"@type\":\"WebSite\",\"@id\":\"https:\\\/\\\/lovme.pt\\\/#website\",\"url\":\"https:\\\/\\\/lovme.pt\\\/\",\"name\":\"Lovme Loja Er\u00f3tica N\u00ba1 em Portugal\",\"description\":\"A melhor loja er\u00f3tica de Portugal.\",\"alternateName\":\"Loja Er\u00f3tica Lovme\",\"potentialAction\":[{\"@type\":\"SearchAction\",\"target\":{\"@type\":\"EntryPoint\",\"urlTemplate\":\"https:\\\/\\\/lovme.pt\\\/?s={search_term_string}\"},\"query-input\":{\"@type\":\"PropertyValueSpecification\",\"valueRequired\":true,\"valueName\":\"search_term_string\"}}],\"inLanguage\":\"pt-PT\"}]}<\/script>\n<!-- \/ Yoast SEO plugin. -->","yoast_head_json":{"title":"FEMINTIMATE - SPRAY LIMPADOR DE BRINQUEDOS ANTIBACTERIANO 150 ML - Lovme","robots":{"index":"index","follow":"follow","max-snippet":"max-snippet:-1","max-image-preview":"max-image-preview:large","max-video-preview":"max-video-preview:-1"},"canonical":"https:\/\/lovme.pt\/index.php\/produto\/femintimate-spray-limpador-de-brinquedos-antibacteriano-150-ml\/","og_locale":"pt_PT","og_type":"article","og_title":"FEMINTIMATE - SPRAY LIMPADOR DE BRINQUEDOS ANTIBACTERIANO 150 ML - Lovme","og_description":"FEMINTIMATE - SPRAY LIMPADOR DE BRINQUEDOS ANTIBACTERIANO 150 ML","og_url":"https:\/\/lovme.pt\/index.php\/produto\/femintimate-spray-limpador-de-brinquedos-antibacteriano-150-ml\/","og_site_name":"Lovme","article_modified_time":"2026-02-19T20:22:34+00:00","og_image":[{"width":800,"height":800,"url":"https:\/\/erki24nd3ub.exactdn.com\/wp-content\/uploads\/dream\/img\/img_158749_202f23544cb8fe15a62ac7fd339488d6_1.jpg?strip=all","type":"image\/jpeg"}],"twitter_card":"summary_large_image","twitter_misc":{"Tempo estimado de leitura":"1 minuto"},"schema":{"@context":"https:\/\/schema.org","@graph":[{"@type":"WebPage","@id":"https:\/\/lovme.pt\/index.php\/produto\/femintimate-spray-limpador-de-brinquedos-antibacteriano-150-ml\/","url":"https:\/\/lovme.pt\/index.php\/produto\/femintimate-spray-limpador-de-brinquedos-antibacteriano-150-ml\/","name":"FEMINTIMATE - SPRAY LIMPADOR DE BRINQUEDOS ANTIBACTERIANO 150 ML - Lovme","isPartOf":{"@id":"https:\/\/lovme.pt\/#website"},"primaryImageOfPage":{"@id":"https:\/\/lovme.pt\/index.php\/produto\/femintimate-spray-limpador-de-brinquedos-antibacteriano-150-ml\/#primaryimage"},"image":{"@id":"https:\/\/lovme.pt\/index.php\/produto\/femintimate-spray-limpador-de-brinquedos-antibacteriano-150-ml\/#primaryimage"},"thumbnailUrl":"https:\/\/erki24nd3ub.exactdn.com\/wp-content\/uploads\/dream\/img\/img_158749_202f23544cb8fe15a62ac7fd339488d6_1.jpg?strip=all","datePublished":"2025-10-01T03:11:15+00:00","dateModified":"2026-02-19T20:22:34+00:00","breadcrumb":{"@id":"https:\/\/lovme.pt\/index.php\/produto\/femintimate-spray-limpador-de-brinquedos-antibacteriano-150-ml\/#breadcrumb"},"inLanguage":"pt-PT","potentialAction":[{"@type":"ReadAction","target":["https:\/\/lovme.pt\/index.php\/produto\/femintimate-spray-limpador-de-brinquedos-antibacteriano-150-ml\/"]}]},{"@type":"ImageObject","inLanguage":"pt-PT","@id":"https:\/\/lovme.pt\/index.php\/produto\/femintimate-spray-limpador-de-brinquedos-antibacteriano-150-ml\/#primaryimage","url":"https:\/\/erki24nd3ub.exactdn.com\/wp-content\/uploads\/dream\/img\/img_158749_202f23544cb8fe15a62ac7fd339488d6_1.jpg?strip=all","contentUrl":"https:\/\/erki24nd3ub.exactdn.com\/wp-content\/uploads\/dream\/img\/img_158749_202f23544cb8fe15a62ac7fd339488d6_1.jpg?strip=all","width":800,"height":800},{"@type":"BreadcrumbList","@id":"https:\/\/lovme.pt\/index.php\/produto\/femintimate-spray-limpador-de-brinquedos-antibacteriano-150-ml\/#breadcrumb","itemListElement":[{"@type":"ListItem","position":1,"name":"In\u00edcio","item":"https:\/\/lovme.pt\/"},{"@type":"ListItem","position":2,"name":"Loja","item":"https:\/\/lovme.pt\/index.php\/loja\/"},{"@type":"ListItem","position":3,"name":"FEMINTIMATE &#8211; SPRAY LIMPADOR DE BRINQUEDOS ANTIBACTERIANO 150 ML"}]},{"@type":"WebSite","@id":"https:\/\/lovme.pt\/#website","url":"https:\/\/lovme.pt\/","name":"Lovme Loja Er\u00f3tica N\u00ba1 em Portugal","description":"A melhor loja er\u00f3tica de Portugal.","alternateName":"Loja Er\u00f3tica Lovme","potentialAction":[{"@type":"SearchAction","target":{"@type":"EntryPoint","urlTemplate":"https:\/\/lovme.pt\/?s={search_term_string}"},"query-input":{"@type":"PropertyValueSpecification","valueRequired":true,"valueName":"search_term_string"}}],"inLanguage":"pt-PT"}]}},"_links":{"self":[{"href":"https:\/\/lovme.pt\/index.php\/wp-json\/wp\/v2\/product\/45610","targetHints":{"allow":["GET"]}}],"collection":[{"href":"https:\/\/lovme.pt\/index.php\/wp-json\/wp\/v2\/product"}],"about":[{"href":"https:\/\/lovme.pt\/index.php\/wp-json\/wp\/v2\/types\/product"}],"wp:featuredmedia":[{"embeddable":true,"href":"https:\/\/lovme.pt\/index.php\/wp-json\/wp\/v2\/media\/101988"}],"wp:attachment":[{"href":"https:\/\/lovme.pt\/index.php\/wp-json\/wp\/v2\/media?parent=45610"}],"wp:term":[{"taxonomy":"product_brand","embeddable":true,"href":"https:\/\/lovme.pt\/index.php\/wp-json\/wp\/v2\/product_brand?post=45610"},{"taxonomy":"product_cat","embeddable":true,"href":"https:\/\/lovme.pt\/index.php\/wp-json\/wp\/v2\/product_cat?post=45610"},{"taxonomy":"product_tag","embeddable":true,"href":"https:\/\/lovme.pt\/index.php\/wp-json\/wp\/v2\/product_tag?post=45610"}],"curies":[{"name":"wp","href":"https:\/\/api.w.org\/{rel}","templated":true}]}}