{"id":45608,"date":"2025-10-01T03:09:47","date_gmt":"2025-10-01T03:09:47","guid":{"rendered":"https:\/\/lovme.pt\/?post_type=product&p=45608"},"modified":"2026-02-19T20:22:28","modified_gmt":"2026-02-19T20:22:28","slug":"femintimate-creme-clarificante-branqueador-100-ml","status":"publish","type":"product","link":"https:\/\/lovme.pt\/index.php\/produto\/femintimate-creme-clarificante-branqueador-100-ml\/","title":{"rendered":"FEMINTIMATE &#8211; CREME CLARIFICANTE BRANQUEADOR 100 ML"},"content":{"rendered":"<p><strong>Creme clarificante<\/strong> que unificar\u00e1 o tom da pele do \u00e2nus, regi\u00e3o da virilha ou l\u00e1bios vaginais. Ir\u00e1 progressivamente reduzindo a hiperpigmenta\u00e7\u00e3o, d\u00e1 luminosidade \u00e0 pele. Pode ser usado diariamente, n\u00e3o irrita e n\u00e3o possui aroma.<\/p>\n<p>A marca Femintimate apresenta um creme clareador perfeito para clarear naturalmente a pele das \u00e1reas \u00edntimas, l\u00e1bios vaginais, regi\u00e3o anal e perineal, biqu\u00edni, mamilos, axilas e cotovelos.<\/p>\n<p><strong>Clarifying Cream<\/strong> \u00e9 um novo tratamento desenvolvido para reduzir manchas, hipercromia e halos. Elimina gradualmente a hiperpigmenta\u00e7\u00e3o. Tem um efeito natural, eficaz e delicado na pele, conferindo-lhe um aspecto homog\u00e9neo, jovem e luminoso.<\/p>\n<p>O creme clareador Femintimate Clarifying Cream tem a fun\u00e7\u00e3o de neutralizar a matura\u00e7\u00e3o da melanina, garantindo um processo de clareamento das imperfei\u00e7\u00f5es da pele e \u00e1reas hiperpigmentadas. Caracteriza-se pela sua r\u00e1pida absor\u00e7\u00e3o, f\u00e1cil difus\u00e3o e n\u00e3o oleoso. Seu aroma \u00e9 neutro e inodoro<\/p>\n<p>O formato de 100 ml \u00e9 pr\u00e1tico para uso regular e prolongado, permitindo que o creme clareador seja facilmente integrado \u00e0 sua rotina de cuidados pessoais. A sua aplica\u00e7\u00e3o \u00e9 simples e a r\u00e1pida absor\u00e7\u00e3o garante que o creme atue de forma eficaz sem deixar res\u00edduos gordurosos.<\/p>\n<p>\u00a0<\/p>\n<p><u><strong>CARACTER\u00cdSTICAS:<\/strong><\/u><\/p>\n<ul>\n<li>Creme de tratamento clareador<\/li>\n<li>Fragr\u00e2ncia neutra<\/li>\n<li>Ilumina e hidrata a pele<\/li>\n<li>Creme n\u00e3o gorduroso<\/li>\n<li>Capacidade: 100ml<\/li>\n<\/ul>\n<p><strong>Ingredientes:<\/strong> Aqua, triglicer\u00eddeo capr\u00edlico \/ c\u00e1prico, \u00e9ster peg-8 C12-20, glicerina, estearato de Peg-8, estearato de glicerila, propilenoglicol, dimeticona, suco de folha de aloe barbadensis, \u00e1cido palm\u00edtico, \u00e1cido este\u00e1rico, sorbato de pot\u00e1ssio, levulinato de s\u00f3dio, caprilil glicol, perfume, edta diss\u00f3dico, \u00f3leo de soja glicina, \u00e1cido c\u00edtrico agudo, extrato de folha de Camellia sinensis, col\u00e1geno hidrolisado, extrato de lim\u00e3o c\u00edtrico, tocoferol, extrato de raiz de Glycyrrhiza Glabra, benzoato de s\u00f3dio, beta-sitosterol, esqualeno.<\/p>\n","protected":false},"excerpt":{"rendered":"<p>FEMINTIMATE &#8211; CREME CLARIFICANTE BRANQUEADOR 100 ML<\/p>\n","protected":false},"featured_media":101899,"template":"","meta":{"_acf_changed":false},"product_brand":[],"product_cat":[49,72],"product_tag":[],"class_list":{"0":"post-45608","1":"product","2":"type-product","3":"status-publish","4":"has-post-thumbnail","6":"product_cat-cosmeticos","7":"product_cat-higiene-intima","8":"yith_product_brand-femintimate","10":"first","11":"instock","12":"taxable","13":"shipping-taxable","14":"purchasable","15":"product-type-simple"},"acf":[],"yoast_head":"<!-- This site is optimized with the Yoast SEO plugin v27.4 - https:\/\/yoast.com\/product\/yoast-seo-wordpress\/ -->\n<title>FEMINTIMATE - CREME CLARIFICANTE BRANQUEADOR 100 ML - Lovme<\/title>\n<meta name=\"robots\" content=\"index, follow, max-snippet:-1, max-image-preview:large, max-video-preview:-1\" \/>\n<link rel=\"canonical\" href=\"https:\/\/lovme.pt\/index.php\/produto\/femintimate-creme-clarificante-branqueador-100-ml\/\" \/>\n<meta property=\"og:locale\" content=\"pt_PT\" \/>\n<meta property=\"og:type\" content=\"article\" \/>\n<meta property=\"og:title\" content=\"FEMINTIMATE - CREME CLARIFICANTE BRANQUEADOR 100 ML - Lovme\" \/>\n<meta property=\"og:description\" content=\"FEMINTIMATE - CREME CLARIFICANTE BRANQUEADOR 100 ML\" \/>\n<meta property=\"og:url\" content=\"https:\/\/lovme.pt\/index.php\/produto\/femintimate-creme-clarificante-branqueador-100-ml\/\" \/>\n<meta property=\"og:site_name\" content=\"Lovme\" \/>\n<meta property=\"article:modified_time\" content=\"2026-02-19T20:22:28+00:00\" \/>\n<meta property=\"og:image\" content=\"https:\/\/erki24nd3ub.exactdn.com\/wp-content\/uploads\/dream\/img\/img_158752_2596278021434c6c439586f0baf728cf_1.jpg?strip=all\" \/>\n\t<meta property=\"og:image:width\" content=\"800\" \/>\n\t<meta property=\"og:image:height\" content=\"800\" \/>\n\t<meta property=\"og:image:type\" content=\"image\/jpeg\" \/>\n<meta name=\"twitter:card\" content=\"summary_large_image\" \/>\n<meta name=\"twitter:label1\" content=\"Tempo estimado de leitura\" \/>\n\t<meta name=\"twitter:data1\" content=\"1 minuto\" \/>\n<script type=\"application\/ld+json\" class=\"yoast-schema-graph\">{\"@context\":\"https:\\\/\\\/schema.org\",\"@graph\":[{\"@type\":\"WebPage\",\"@id\":\"https:\\\/\\\/lovme.pt\\\/index.php\\\/produto\\\/femintimate-creme-clarificante-branqueador-100-ml\\\/\",\"url\":\"https:\\\/\\\/lovme.pt\\\/index.php\\\/produto\\\/femintimate-creme-clarificante-branqueador-100-ml\\\/\",\"name\":\"FEMINTIMATE - CREME CLARIFICANTE BRANQUEADOR 100 ML - Lovme\",\"isPartOf\":{\"@id\":\"https:\\\/\\\/lovme.pt\\\/#website\"},\"primaryImageOfPage\":{\"@id\":\"https:\\\/\\\/lovme.pt\\\/index.php\\\/produto\\\/femintimate-creme-clarificante-branqueador-100-ml\\\/#primaryimage\"},\"image\":{\"@id\":\"https:\\\/\\\/lovme.pt\\\/index.php\\\/produto\\\/femintimate-creme-clarificante-branqueador-100-ml\\\/#primaryimage\"},\"thumbnailUrl\":\"https:\\\/\\\/erki24nd3ub.exactdn.com\\\/wp-content\\\/uploads\\\/dream\\\/img\\\/img_158752_2596278021434c6c439586f0baf728cf_1.jpg?strip=all\",\"datePublished\":\"2025-10-01T03:09:47+00:00\",\"dateModified\":\"2026-02-19T20:22:28+00:00\",\"breadcrumb\":{\"@id\":\"https:\\\/\\\/lovme.pt\\\/index.php\\\/produto\\\/femintimate-creme-clarificante-branqueador-100-ml\\\/#breadcrumb\"},\"inLanguage\":\"pt-PT\",\"potentialAction\":[{\"@type\":\"ReadAction\",\"target\":[\"https:\\\/\\\/lovme.pt\\\/index.php\\\/produto\\\/femintimate-creme-clarificante-branqueador-100-ml\\\/\"]}]},{\"@type\":\"ImageObject\",\"inLanguage\":\"pt-PT\",\"@id\":\"https:\\\/\\\/lovme.pt\\\/index.php\\\/produto\\\/femintimate-creme-clarificante-branqueador-100-ml\\\/#primaryimage\",\"url\":\"https:\\\/\\\/erki24nd3ub.exactdn.com\\\/wp-content\\\/uploads\\\/dream\\\/img\\\/img_158752_2596278021434c6c439586f0baf728cf_1.jpg?strip=all\",\"contentUrl\":\"https:\\\/\\\/erki24nd3ub.exactdn.com\\\/wp-content\\\/uploads\\\/dream\\\/img\\\/img_158752_2596278021434c6c439586f0baf728cf_1.jpg?strip=all\",\"width\":800,\"height\":800},{\"@type\":\"BreadcrumbList\",\"@id\":\"https:\\\/\\\/lovme.pt\\\/index.php\\\/produto\\\/femintimate-creme-clarificante-branqueador-100-ml\\\/#breadcrumb\",\"itemListElement\":[{\"@type\":\"ListItem\",\"position\":1,\"name\":\"In\u00edcio\",\"item\":\"https:\\\/\\\/lovme.pt\\\/\"},{\"@type\":\"ListItem\",\"position\":2,\"name\":\"Loja\",\"item\":\"https:\\\/\\\/lovme.pt\\\/index.php\\\/loja\\\/\"},{\"@type\":\"ListItem\",\"position\":3,\"name\":\"FEMINTIMATE &#8211; CREME CLARIFICANTE BRANQUEADOR 100 ML\"}]},{\"@type\":\"WebSite\",\"@id\":\"https:\\\/\\\/lovme.pt\\\/#website\",\"url\":\"https:\\\/\\\/lovme.pt\\\/\",\"name\":\"Lovme Loja Er\u00f3tica N\u00ba1 em Portugal\",\"description\":\"A melhor loja er\u00f3tica de Portugal.\",\"alternateName\":\"Loja Er\u00f3tica Lovme\",\"potentialAction\":[{\"@type\":\"SearchAction\",\"target\":{\"@type\":\"EntryPoint\",\"urlTemplate\":\"https:\\\/\\\/lovme.pt\\\/?s={search_term_string}\"},\"query-input\":{\"@type\":\"PropertyValueSpecification\",\"valueRequired\":true,\"valueName\":\"search_term_string\"}}],\"inLanguage\":\"pt-PT\"}]}<\/script>\n<!-- \/ Yoast SEO plugin. -->","yoast_head_json":{"title":"FEMINTIMATE - CREME CLARIFICANTE BRANQUEADOR 100 ML - Lovme","robots":{"index":"index","follow":"follow","max-snippet":"max-snippet:-1","max-image-preview":"max-image-preview:large","max-video-preview":"max-video-preview:-1"},"canonical":"https:\/\/lovme.pt\/index.php\/produto\/femintimate-creme-clarificante-branqueador-100-ml\/","og_locale":"pt_PT","og_type":"article","og_title":"FEMINTIMATE - CREME CLARIFICANTE BRANQUEADOR 100 ML - Lovme","og_description":"FEMINTIMATE - CREME CLARIFICANTE BRANQUEADOR 100 ML","og_url":"https:\/\/lovme.pt\/index.php\/produto\/femintimate-creme-clarificante-branqueador-100-ml\/","og_site_name":"Lovme","article_modified_time":"2026-02-19T20:22:28+00:00","og_image":[{"width":800,"height":800,"url":"https:\/\/erki24nd3ub.exactdn.com\/wp-content\/uploads\/dream\/img\/img_158752_2596278021434c6c439586f0baf728cf_1.jpg?strip=all","type":"image\/jpeg"}],"twitter_card":"summary_large_image","twitter_misc":{"Tempo estimado de leitura":"1 minuto"},"schema":{"@context":"https:\/\/schema.org","@graph":[{"@type":"WebPage","@id":"https:\/\/lovme.pt\/index.php\/produto\/femintimate-creme-clarificante-branqueador-100-ml\/","url":"https:\/\/lovme.pt\/index.php\/produto\/femintimate-creme-clarificante-branqueador-100-ml\/","name":"FEMINTIMATE - CREME CLARIFICANTE BRANQUEADOR 100 ML - Lovme","isPartOf":{"@id":"https:\/\/lovme.pt\/#website"},"primaryImageOfPage":{"@id":"https:\/\/lovme.pt\/index.php\/produto\/femintimate-creme-clarificante-branqueador-100-ml\/#primaryimage"},"image":{"@id":"https:\/\/lovme.pt\/index.php\/produto\/femintimate-creme-clarificante-branqueador-100-ml\/#primaryimage"},"thumbnailUrl":"https:\/\/erki24nd3ub.exactdn.com\/wp-content\/uploads\/dream\/img\/img_158752_2596278021434c6c439586f0baf728cf_1.jpg?strip=all","datePublished":"2025-10-01T03:09:47+00:00","dateModified":"2026-02-19T20:22:28+00:00","breadcrumb":{"@id":"https:\/\/lovme.pt\/index.php\/produto\/femintimate-creme-clarificante-branqueador-100-ml\/#breadcrumb"},"inLanguage":"pt-PT","potentialAction":[{"@type":"ReadAction","target":["https:\/\/lovme.pt\/index.php\/produto\/femintimate-creme-clarificante-branqueador-100-ml\/"]}]},{"@type":"ImageObject","inLanguage":"pt-PT","@id":"https:\/\/lovme.pt\/index.php\/produto\/femintimate-creme-clarificante-branqueador-100-ml\/#primaryimage","url":"https:\/\/erki24nd3ub.exactdn.com\/wp-content\/uploads\/dream\/img\/img_158752_2596278021434c6c439586f0baf728cf_1.jpg?strip=all","contentUrl":"https:\/\/erki24nd3ub.exactdn.com\/wp-content\/uploads\/dream\/img\/img_158752_2596278021434c6c439586f0baf728cf_1.jpg?strip=all","width":800,"height":800},{"@type":"BreadcrumbList","@id":"https:\/\/lovme.pt\/index.php\/produto\/femintimate-creme-clarificante-branqueador-100-ml\/#breadcrumb","itemListElement":[{"@type":"ListItem","position":1,"name":"In\u00edcio","item":"https:\/\/lovme.pt\/"},{"@type":"ListItem","position":2,"name":"Loja","item":"https:\/\/lovme.pt\/index.php\/loja\/"},{"@type":"ListItem","position":3,"name":"FEMINTIMATE &#8211; CREME CLARIFICANTE BRANQUEADOR 100 ML"}]},{"@type":"WebSite","@id":"https:\/\/lovme.pt\/#website","url":"https:\/\/lovme.pt\/","name":"Lovme Loja Er\u00f3tica N\u00ba1 em Portugal","description":"A melhor loja er\u00f3tica de Portugal.","alternateName":"Loja Er\u00f3tica Lovme","potentialAction":[{"@type":"SearchAction","target":{"@type":"EntryPoint","urlTemplate":"https:\/\/lovme.pt\/?s={search_term_string}"},"query-input":{"@type":"PropertyValueSpecification","valueRequired":true,"valueName":"search_term_string"}}],"inLanguage":"pt-PT"}]}},"_links":{"self":[{"href":"https:\/\/lovme.pt\/index.php\/wp-json\/wp\/v2\/product\/45608","targetHints":{"allow":["GET"]}}],"collection":[{"href":"https:\/\/lovme.pt\/index.php\/wp-json\/wp\/v2\/product"}],"about":[{"href":"https:\/\/lovme.pt\/index.php\/wp-json\/wp\/v2\/types\/product"}],"wp:featuredmedia":[{"embeddable":true,"href":"https:\/\/lovme.pt\/index.php\/wp-json\/wp\/v2\/media\/101899"}],"wp:attachment":[{"href":"https:\/\/lovme.pt\/index.php\/wp-json\/wp\/v2\/media?parent=45608"}],"wp:term":[{"taxonomy":"product_brand","embeddable":true,"href":"https:\/\/lovme.pt\/index.php\/wp-json\/wp\/v2\/product_brand?post=45608"},{"taxonomy":"product_cat","embeddable":true,"href":"https:\/\/lovme.pt\/index.php\/wp-json\/wp\/v2\/product_cat?post=45608"},{"taxonomy":"product_tag","embeddable":true,"href":"https:\/\/lovme.pt\/index.php\/wp-json\/wp\/v2\/product_tag?post=45608"}],"curies":[{"name":"wp","href":"https:\/\/api.w.org\/{rel}","templated":true}]}}