{"id":45605,"date":"2025-10-01T20:16:16","date_gmt":"2025-10-01T20:16:16","guid":{"rendered":"https:\/\/lovme.pt\/?post_type=product&#038;p=45605"},"modified":"2026-02-19T20:19:24","modified_gmt":"2026-02-19T20:19:24","slug":"femintimate-massageador-daisy-ondas-estimulantes-e-vibrador-rosa","status":"publish","type":"product","link":"https:\/\/lovme.pt\/index.php\/produto\/femintimate-massageador-daisy-ondas-estimulantes-e-vibrador-rosa\/","title":{"rendered":"FEMINTIMATE &#8211; MASSAGEADOR DAISY SUC\u00c7\u00c3O E VIBRADOR ROSA"},"content":{"rendered":"<p><strong>O Massageador Femintimate Daisy<\/strong> \u00e9 um massageador pessoal e estimulador \u00edntimo projetado para o bem-estar feminino. Seu design ergon\u00f4mico permite uma pegada e uso confort\u00e1veis. Feito com silicone supermacio e ABS de alta qualidade, livre de ftalatos.<\/p>\n<p> Possui dois motores superpotentes e ultrassilenciosos com 10 modos de suc\u00e7\u00e3o e vibra\u00e7\u00e3o. \u00c9 recarreg\u00e1vel e \u00e0 prova d\u00e1gua. Desfrute do prazer do sexo oral com a tecnologia exclusiva de orgasmo que permite estimular o clit\u00f3ris e atingir o orgasmo em segundos, desde toques suaves at\u00e9 vibra\u00e7\u00f5es intensas. Com 10 n\u00edveis de for\u00e7a de suc\u00e7\u00e3o, oferece uma variedade de op\u00e7\u00f5es personaliz\u00e1veis para aprimorar sua experi\u00eancia.<\/p>\n<\/p>\n<p> <u><strong>HIGIENE E MANUTEN\u00c7\u00c3O<\/strong><\/u><\/p>\n<p> O <strong>Massageador Femintimate Daisy<\/strong> deve ser mantido impec\u00e1vel para evitar contamina\u00e7\u00e3o por pat\u00f3genos. Para isso, lave-o antes e depois do uso com \u00e1gua morna e sab\u00e3o neutro e seque-o com uma toalha de algod\u00e3o limpa.<\/p>\n<\/p>\n<p> <u><strong>CARACTER\u00cdSTICAS:<\/strong><\/u><\/p>\n<ul>\n<li> Material: ABS \/ Acabamento em silicone<\/li>\n<li> Di\u00e2metro: 4,2 cm<\/li>\n<li> Comprimento total: 20,2 cm<\/li>\n<li> Fun\u00e7\u00f5es: 10 vibra\u00e7\u00e3o + 10 suc\u00e7\u00e3o<\/li>\n<li> Motores: 2<\/li>\n<li> Impermeabiliza\u00e7\u00e3o: \u00c0 prova d\u00e1gua-IPX7<\/li>\n<li> \u00c1rea de estimula\u00e7\u00e3o: Clit\u00f3ris<\/li>\n<\/ul>\n","protected":false},"excerpt":{"rendered":"<p>FEMINTIMATE &#8211; MASSAGEADOR DAISY SUC\u00c7\u00c3O E VIBRADOR ROSA<\/p>\n","protected":false},"featured_media":103367,"template":"","meta":{"_acf_changed":false},"product_brand":[],"product_cat":[17,61,64,76],"product_tag":[],"class_list":{"0":"post-45605","1":"product","2":"type-product","3":"status-publish","4":"has-post-thumbnail","6":"product_cat-brinquedos-de-bem-estar-sexual","7":"product_cat-para-elas","8":"product_cat-sugadores","9":"product_cat-vibradores","10":"yith_product_brand-femintimate","12":"first","13":"instock","14":"taxable","15":"shipping-taxable","16":"purchasable","17":"product-type-simple"},"acf":[],"yoast_head":"<!-- This site is optimized with the Yoast SEO plugin v27.4 - https:\/\/yoast.com\/product\/yoast-seo-wordpress\/ -->\n<title>FEMINTIMATE - MASSAGEADOR DAISY SUC\u00c7\u00c3O E VIBRADOR ROSA - Lovme<\/title>\n<meta name=\"robots\" content=\"index, follow, max-snippet:-1, max-image-preview:large, max-video-preview:-1\" \/>\n<link rel=\"canonical\" href=\"https:\/\/lovme.pt\/index.php\/produto\/femintimate-massageador-daisy-ondas-estimulantes-e-vibrador-rosa\/\" \/>\n<meta property=\"og:locale\" content=\"pt_PT\" \/>\n<meta property=\"og:type\" content=\"article\" \/>\n<meta property=\"og:title\" content=\"FEMINTIMATE - MASSAGEADOR DAISY SUC\u00c7\u00c3O E VIBRADOR ROSA - Lovme\" \/>\n<meta property=\"og:description\" content=\"FEMINTIMATE - MASSAGEADOR DAISY SUC\u00c7\u00c3O E VIBRADOR ROSA\" \/>\n<meta property=\"og:url\" content=\"https:\/\/lovme.pt\/index.php\/produto\/femintimate-massageador-daisy-ondas-estimulantes-e-vibrador-rosa\/\" \/>\n<meta property=\"og:site_name\" content=\"Lovme\" \/>\n<meta property=\"article:modified_time\" content=\"2026-02-19T20:19:24+00:00\" \/>\n<meta property=\"og:image\" content=\"https:\/\/erki24nd3ub.exactdn.com\/wp-content\/uploads\/dream\/img\/img_158719_1707f8c98cd06669c217e8ccf3654553_1.jpg?strip=all\" \/>\n\t<meta property=\"og:image:width\" content=\"800\" \/>\n\t<meta property=\"og:image:height\" content=\"800\" \/>\n\t<meta property=\"og:image:type\" content=\"image\/jpeg\" \/>\n<meta name=\"twitter:card\" content=\"summary_large_image\" \/>\n<meta name=\"twitter:label1\" content=\"Tempo estimado de leitura\" \/>\n\t<meta name=\"twitter:data1\" content=\"1 minuto\" \/>\n<script type=\"application\/ld+json\" class=\"yoast-schema-graph\">{\"@context\":\"https:\\\/\\\/schema.org\",\"@graph\":[{\"@type\":\"WebPage\",\"@id\":\"https:\\\/\\\/lovme.pt\\\/index.php\\\/produto\\\/femintimate-massageador-daisy-ondas-estimulantes-e-vibrador-rosa\\\/\",\"url\":\"https:\\\/\\\/lovme.pt\\\/index.php\\\/produto\\\/femintimate-massageador-daisy-ondas-estimulantes-e-vibrador-rosa\\\/\",\"name\":\"FEMINTIMATE - MASSAGEADOR DAISY SUC\u00c7\u00c3O E VIBRADOR ROSA - Lovme\",\"isPartOf\":{\"@id\":\"https:\\\/\\\/lovme.pt\\\/#website\"},\"primaryImageOfPage\":{\"@id\":\"https:\\\/\\\/lovme.pt\\\/index.php\\\/produto\\\/femintimate-massageador-daisy-ondas-estimulantes-e-vibrador-rosa\\\/#primaryimage\"},\"image\":{\"@id\":\"https:\\\/\\\/lovme.pt\\\/index.php\\\/produto\\\/femintimate-massageador-daisy-ondas-estimulantes-e-vibrador-rosa\\\/#primaryimage\"},\"thumbnailUrl\":\"https:\\\/\\\/erki24nd3ub.exactdn.com\\\/wp-content\\\/uploads\\\/dream\\\/img\\\/img_158719_1707f8c98cd06669c217e8ccf3654553_1.jpg?strip=all\",\"datePublished\":\"2025-10-01T20:16:16+00:00\",\"dateModified\":\"2026-02-19T20:19:24+00:00\",\"breadcrumb\":{\"@id\":\"https:\\\/\\\/lovme.pt\\\/index.php\\\/produto\\\/femintimate-massageador-daisy-ondas-estimulantes-e-vibrador-rosa\\\/#breadcrumb\"},\"inLanguage\":\"pt-PT\",\"potentialAction\":[{\"@type\":\"ReadAction\",\"target\":[\"https:\\\/\\\/lovme.pt\\\/index.php\\\/produto\\\/femintimate-massageador-daisy-ondas-estimulantes-e-vibrador-rosa\\\/\"]}]},{\"@type\":\"ImageObject\",\"inLanguage\":\"pt-PT\",\"@id\":\"https:\\\/\\\/lovme.pt\\\/index.php\\\/produto\\\/femintimate-massageador-daisy-ondas-estimulantes-e-vibrador-rosa\\\/#primaryimage\",\"url\":\"https:\\\/\\\/erki24nd3ub.exactdn.com\\\/wp-content\\\/uploads\\\/dream\\\/img\\\/img_158719_1707f8c98cd06669c217e8ccf3654553_1.jpg?strip=all\",\"contentUrl\":\"https:\\\/\\\/erki24nd3ub.exactdn.com\\\/wp-content\\\/uploads\\\/dream\\\/img\\\/img_158719_1707f8c98cd06669c217e8ccf3654553_1.jpg?strip=all\",\"width\":800,\"height\":800},{\"@type\":\"BreadcrumbList\",\"@id\":\"https:\\\/\\\/lovme.pt\\\/index.php\\\/produto\\\/femintimate-massageador-daisy-ondas-estimulantes-e-vibrador-rosa\\\/#breadcrumb\",\"itemListElement\":[{\"@type\":\"ListItem\",\"position\":1,\"name\":\"In\u00edcio\",\"item\":\"https:\\\/\\\/lovme.pt\\\/\"},{\"@type\":\"ListItem\",\"position\":2,\"name\":\"Loja\",\"item\":\"https:\\\/\\\/lovme.pt\\\/index.php\\\/loja\\\/\"},{\"@type\":\"ListItem\",\"position\":3,\"name\":\"FEMINTIMATE &#8211; MASSAGEADOR DAISY SUC\u00c7\u00c3O E VIBRADOR ROSA\"}]},{\"@type\":\"WebSite\",\"@id\":\"https:\\\/\\\/lovme.pt\\\/#website\",\"url\":\"https:\\\/\\\/lovme.pt\\\/\",\"name\":\"Lovme Loja Er\u00f3tica N\u00ba1 em Portugal\",\"description\":\"A melhor loja er\u00f3tica de Portugal.\",\"alternateName\":\"Loja Er\u00f3tica Lovme\",\"potentialAction\":[{\"@type\":\"SearchAction\",\"target\":{\"@type\":\"EntryPoint\",\"urlTemplate\":\"https:\\\/\\\/lovme.pt\\\/?s={search_term_string}\"},\"query-input\":{\"@type\":\"PropertyValueSpecification\",\"valueRequired\":true,\"valueName\":\"search_term_string\"}}],\"inLanguage\":\"pt-PT\"}]}<\/script>\n<!-- \/ Yoast SEO plugin. -->","yoast_head_json":{"title":"FEMINTIMATE - MASSAGEADOR DAISY SUC\u00c7\u00c3O E VIBRADOR ROSA - Lovme","robots":{"index":"index","follow":"follow","max-snippet":"max-snippet:-1","max-image-preview":"max-image-preview:large","max-video-preview":"max-video-preview:-1"},"canonical":"https:\/\/lovme.pt\/index.php\/produto\/femintimate-massageador-daisy-ondas-estimulantes-e-vibrador-rosa\/","og_locale":"pt_PT","og_type":"article","og_title":"FEMINTIMATE - MASSAGEADOR DAISY SUC\u00c7\u00c3O E VIBRADOR ROSA - Lovme","og_description":"FEMINTIMATE - MASSAGEADOR DAISY SUC\u00c7\u00c3O E VIBRADOR ROSA","og_url":"https:\/\/lovme.pt\/index.php\/produto\/femintimate-massageador-daisy-ondas-estimulantes-e-vibrador-rosa\/","og_site_name":"Lovme","article_modified_time":"2026-02-19T20:19:24+00:00","og_image":[{"width":800,"height":800,"url":"https:\/\/erki24nd3ub.exactdn.com\/wp-content\/uploads\/dream\/img\/img_158719_1707f8c98cd06669c217e8ccf3654553_1.jpg?strip=all","type":"image\/jpeg"}],"twitter_card":"summary_large_image","twitter_misc":{"Tempo estimado de leitura":"1 minuto"},"schema":{"@context":"https:\/\/schema.org","@graph":[{"@type":"WebPage","@id":"https:\/\/lovme.pt\/index.php\/produto\/femintimate-massageador-daisy-ondas-estimulantes-e-vibrador-rosa\/","url":"https:\/\/lovme.pt\/index.php\/produto\/femintimate-massageador-daisy-ondas-estimulantes-e-vibrador-rosa\/","name":"FEMINTIMATE - MASSAGEADOR DAISY SUC\u00c7\u00c3O E VIBRADOR ROSA - Lovme","isPartOf":{"@id":"https:\/\/lovme.pt\/#website"},"primaryImageOfPage":{"@id":"https:\/\/lovme.pt\/index.php\/produto\/femintimate-massageador-daisy-ondas-estimulantes-e-vibrador-rosa\/#primaryimage"},"image":{"@id":"https:\/\/lovme.pt\/index.php\/produto\/femintimate-massageador-daisy-ondas-estimulantes-e-vibrador-rosa\/#primaryimage"},"thumbnailUrl":"https:\/\/erki24nd3ub.exactdn.com\/wp-content\/uploads\/dream\/img\/img_158719_1707f8c98cd06669c217e8ccf3654553_1.jpg?strip=all","datePublished":"2025-10-01T20:16:16+00:00","dateModified":"2026-02-19T20:19:24+00:00","breadcrumb":{"@id":"https:\/\/lovme.pt\/index.php\/produto\/femintimate-massageador-daisy-ondas-estimulantes-e-vibrador-rosa\/#breadcrumb"},"inLanguage":"pt-PT","potentialAction":[{"@type":"ReadAction","target":["https:\/\/lovme.pt\/index.php\/produto\/femintimate-massageador-daisy-ondas-estimulantes-e-vibrador-rosa\/"]}]},{"@type":"ImageObject","inLanguage":"pt-PT","@id":"https:\/\/lovme.pt\/index.php\/produto\/femintimate-massageador-daisy-ondas-estimulantes-e-vibrador-rosa\/#primaryimage","url":"https:\/\/erki24nd3ub.exactdn.com\/wp-content\/uploads\/dream\/img\/img_158719_1707f8c98cd06669c217e8ccf3654553_1.jpg?strip=all","contentUrl":"https:\/\/erki24nd3ub.exactdn.com\/wp-content\/uploads\/dream\/img\/img_158719_1707f8c98cd06669c217e8ccf3654553_1.jpg?strip=all","width":800,"height":800},{"@type":"BreadcrumbList","@id":"https:\/\/lovme.pt\/index.php\/produto\/femintimate-massageador-daisy-ondas-estimulantes-e-vibrador-rosa\/#breadcrumb","itemListElement":[{"@type":"ListItem","position":1,"name":"In\u00edcio","item":"https:\/\/lovme.pt\/"},{"@type":"ListItem","position":2,"name":"Loja","item":"https:\/\/lovme.pt\/index.php\/loja\/"},{"@type":"ListItem","position":3,"name":"FEMINTIMATE &#8211; MASSAGEADOR DAISY SUC\u00c7\u00c3O E VIBRADOR ROSA"}]},{"@type":"WebSite","@id":"https:\/\/lovme.pt\/#website","url":"https:\/\/lovme.pt\/","name":"Lovme Loja Er\u00f3tica N\u00ba1 em Portugal","description":"A melhor loja er\u00f3tica de Portugal.","alternateName":"Loja Er\u00f3tica Lovme","potentialAction":[{"@type":"SearchAction","target":{"@type":"EntryPoint","urlTemplate":"https:\/\/lovme.pt\/?s={search_term_string}"},"query-input":{"@type":"PropertyValueSpecification","valueRequired":true,"valueName":"search_term_string"}}],"inLanguage":"pt-PT"}]}},"_links":{"self":[{"href":"https:\/\/lovme.pt\/index.php\/wp-json\/wp\/v2\/product\/45605","targetHints":{"allow":["GET"]}}],"collection":[{"href":"https:\/\/lovme.pt\/index.php\/wp-json\/wp\/v2\/product"}],"about":[{"href":"https:\/\/lovme.pt\/index.php\/wp-json\/wp\/v2\/types\/product"}],"wp:featuredmedia":[{"embeddable":true,"href":"https:\/\/lovme.pt\/index.php\/wp-json\/wp\/v2\/media\/103367"}],"wp:attachment":[{"href":"https:\/\/lovme.pt\/index.php\/wp-json\/wp\/v2\/media?parent=45605"}],"wp:term":[{"taxonomy":"product_brand","embeddable":true,"href":"https:\/\/lovme.pt\/index.php\/wp-json\/wp\/v2\/product_brand?post=45605"},{"taxonomy":"product_cat","embeddable":true,"href":"https:\/\/lovme.pt\/index.php\/wp-json\/wp\/v2\/product_cat?post=45605"},{"taxonomy":"product_tag","embeddable":true,"href":"https:\/\/lovme.pt\/index.php\/wp-json\/wp\/v2\/product_tag?post=45605"}],"curies":[{"name":"wp","href":"https:\/\/api.w.org\/{rel}","templated":true}]}}