{"id":45576,"date":"2025-10-01T03:14:02","date_gmt":"2025-10-01T03:14:02","guid":{"rendered":"https:\/\/lovme.pt\/?post_type=product&p=45576"},"modified":"2026-03-31T22:28:44","modified_gmt":"2026-03-31T22:28:44","slug":"adrien-lastic-algemas-de-metal-com-penas-pretas","status":"publish","type":"product","link":"https:\/\/lovme.pt\/index.php\/produto\/adrien-lastic-algemas-de-metal-com-penas-pretas\/","title":{"rendered":"ADRIEN LASTIC &#8211; ALGEMAS DE METAL COM PENAS PRETAS"},"content":{"rendered":"<p><u><strong>DESCUBRA MENOTTES<\/strong><\/u><\/p>\n<p>Pessoas malcriadas correm o risco de serem presas. Eles s\u00e3o algemados em um local secreto com Adrien Lastics Menottes. A puni\u00e7\u00e3o que o prisioneiro receber\u00e1 ser\u00e1 mais ou menos intensa. Depende de quem est\u00e1 de plant\u00e3o!<\/p>\n<p>As algemas de penas macias t\u00eam a fun\u00e7\u00e3o de manter sua parceira na posi\u00e7\u00e3o submissa perfeita, mantendo-a im\u00f3vel e controlada para que ela sinta um prazer intenso onde ela n\u00e3o consegue controlar o qu\u00ea. O que voc\u00ea est\u00e1 fazendo. sempre com consentimento.<\/p>\n<p>Adriens Lastic Menottes s\u00e3o realmente eficazes, resistentes e acima de tudo seguros. Eles s\u00e3o feitos de metal e revestidos com um forro brilhante e de toque macio.<\/p>\n<p>As algemas s\u00e3o ligadas por uma corrente de metal resistente e forte. Al\u00e9m disso, inclui um conjunto de 2 chaves. Envie ou seja subjugado!<\/p>\n<div>\n<p><u><strong>COMO US\u00c1-LO?<\/strong><\/u><\/p>\n<p>As algemas s\u00e3o um dos brinquedos mais populares do BDSM e s\u00e3o ideais para quem est\u00e1 come\u00e7ando neste mundo e tamb\u00e9m para quem tem mais experi\u00eancia em bondage.<\/p>\n<p>Com as algemas Adriens Lastic, amarre o seu parceiro \u00e0 cama, para que fique imobilizado, sempre com o seu consentimento claro. Voc\u00ea tamb\u00e9m pode algemar as m\u00e3os do seu parceiro atr\u00e1s das costas e, por exemplo, sentar-se na posi\u00e7\u00e3o de cachorrinho, mas sem as m\u00e3os.<\/p>\n<p>Experimente as posturas e o n\u00edvel de submiss\u00e3o e domina\u00e7\u00e3o que voc\u00ea mais gosta! Explore novas sensa\u00e7\u00f5es.<\/p>\n<p>\u00a0<\/p>\n<p><u><strong>CARACTER\u00cdSTICAS<\/strong><\/u><\/p>\n<ul>\n<li>Algemas de metal e penas super macias.<\/li>\n<li>Acompanhado por uma forte corrente de metal.<\/li>\n<li>Retentor de seguran\u00e7a e fechado com chave. Inclui duas chaves.<\/li>\n<li>Perfeito para jogos a dois.<\/li>\n<li><u>Dimens\u00f5es<\/u> : Comprimento 29 cm \/\/ Di\u00e2metro 8 cm<\/li>\n<\/ul>\n<p>\u00a0<\/p>\n<p><u><strong>CONTE\u00daDO DA CAIXA<\/strong><\/u><\/p>\n<ul>\n<li>Algemas Adrien Lastics Menottes<\/li>\n<li>Inclui 2 conjuntos de chaves e mecanismo de seguran\u00e7a.<\/li>\n<li>Cart\u00e3o de garantia de 2 anos.<\/li>\n<\/ul>\n<\/div>\n","protected":false},"excerpt":{"rendered":"<p>ADRIEN LASTIC &#8211; ALGEMAS DE METAL COM PENAS PRETAS<\/p>\n","protected":false},"featured_media":102181,"template":"","meta":{"_acf_changed":false},"product_brand":[],"product_cat":[48],"product_tag":[],"class_list":{"0":"post-45576","1":"product","2":"type-product","3":"status-publish","4":"has-post-thumbnail","6":"product_cat-bdsm","7":"yith_product_brand-adrien-lastic","9":"first","10":"instock","11":"taxable","12":"shipping-taxable","13":"purchasable","14":"product-type-simple"},"acf":[],"yoast_head":"<!-- This site is optimized with the Yoast SEO plugin v27.4 - https:\/\/yoast.com\/product\/yoast-seo-wordpress\/ -->\n<title>ADRIEN LASTIC - ALGEMAS DE METAL COM PENAS PRETAS - Lovme<\/title>\n<meta name=\"robots\" content=\"index, follow, max-snippet:-1, max-image-preview:large, max-video-preview:-1\" \/>\n<link rel=\"canonical\" href=\"https:\/\/lovme.pt\/index.php\/produto\/adrien-lastic-algemas-de-metal-com-penas-pretas\/\" \/>\n<meta property=\"og:locale\" content=\"pt_PT\" \/>\n<meta property=\"og:type\" content=\"article\" \/>\n<meta property=\"og:title\" content=\"ADRIEN LASTIC - ALGEMAS DE METAL COM PENAS PRETAS - Lovme\" \/>\n<meta property=\"og:description\" content=\"ADRIEN LASTIC - ALGEMAS DE METAL COM PENAS PRETAS\" \/>\n<meta property=\"og:url\" content=\"https:\/\/lovme.pt\/index.php\/produto\/adrien-lastic-algemas-de-metal-com-penas-pretas\/\" \/>\n<meta property=\"og:site_name\" content=\"Lovme\" \/>\n<meta property=\"article:modified_time\" content=\"2026-03-31T22:28:44+00:00\" \/>\n<meta property=\"og:image\" content=\"https:\/\/erki24nd3ub.exactdn.com\/wp-content\/uploads\/dream\/img\/img_215522_3798b6e872e2de17e4886ca044c5dcd4_1.jpg?strip=all\" \/>\n\t<meta property=\"og:image:width\" content=\"900\" \/>\n\t<meta property=\"og:image:height\" content=\"900\" \/>\n\t<meta property=\"og:image:type\" content=\"image\/jpeg\" \/>\n<meta name=\"twitter:card\" content=\"summary_large_image\" \/>\n<meta name=\"twitter:label1\" content=\"Tempo estimado de leitura\" \/>\n\t<meta name=\"twitter:data1\" content=\"2 minutos\" \/>\n<script type=\"application\/ld+json\" class=\"yoast-schema-graph\">{\"@context\":\"https:\\\/\\\/schema.org\",\"@graph\":[{\"@type\":\"WebPage\",\"@id\":\"https:\\\/\\\/lovme.pt\\\/index.php\\\/produto\\\/adrien-lastic-algemas-de-metal-com-penas-pretas\\\/\",\"url\":\"https:\\\/\\\/lovme.pt\\\/index.php\\\/produto\\\/adrien-lastic-algemas-de-metal-com-penas-pretas\\\/\",\"name\":\"ADRIEN LASTIC - ALGEMAS DE METAL COM PENAS PRETAS - Lovme\",\"isPartOf\":{\"@id\":\"https:\\\/\\\/lovme.pt\\\/#website\"},\"primaryImageOfPage\":{\"@id\":\"https:\\\/\\\/lovme.pt\\\/index.php\\\/produto\\\/adrien-lastic-algemas-de-metal-com-penas-pretas\\\/#primaryimage\"},\"image\":{\"@id\":\"https:\\\/\\\/lovme.pt\\\/index.php\\\/produto\\\/adrien-lastic-algemas-de-metal-com-penas-pretas\\\/#primaryimage\"},\"thumbnailUrl\":\"https:\\\/\\\/erki24nd3ub.exactdn.com\\\/wp-content\\\/uploads\\\/dream\\\/img\\\/img_215522_3798b6e872e2de17e4886ca044c5dcd4_1.jpg?strip=all\",\"datePublished\":\"2025-10-01T03:14:02+00:00\",\"dateModified\":\"2026-03-31T22:28:44+00:00\",\"breadcrumb\":{\"@id\":\"https:\\\/\\\/lovme.pt\\\/index.php\\\/produto\\\/adrien-lastic-algemas-de-metal-com-penas-pretas\\\/#breadcrumb\"},\"inLanguage\":\"pt-PT\",\"potentialAction\":[{\"@type\":\"ReadAction\",\"target\":[\"https:\\\/\\\/lovme.pt\\\/index.php\\\/produto\\\/adrien-lastic-algemas-de-metal-com-penas-pretas\\\/\"]}]},{\"@type\":\"ImageObject\",\"inLanguage\":\"pt-PT\",\"@id\":\"https:\\\/\\\/lovme.pt\\\/index.php\\\/produto\\\/adrien-lastic-algemas-de-metal-com-penas-pretas\\\/#primaryimage\",\"url\":\"https:\\\/\\\/erki24nd3ub.exactdn.com\\\/wp-content\\\/uploads\\\/dream\\\/img\\\/img_215522_3798b6e872e2de17e4886ca044c5dcd4_1.jpg?strip=all\",\"contentUrl\":\"https:\\\/\\\/erki24nd3ub.exactdn.com\\\/wp-content\\\/uploads\\\/dream\\\/img\\\/img_215522_3798b6e872e2de17e4886ca044c5dcd4_1.jpg?strip=all\",\"width\":900,\"height\":900},{\"@type\":\"BreadcrumbList\",\"@id\":\"https:\\\/\\\/lovme.pt\\\/index.php\\\/produto\\\/adrien-lastic-algemas-de-metal-com-penas-pretas\\\/#breadcrumb\",\"itemListElement\":[{\"@type\":\"ListItem\",\"position\":1,\"name\":\"In\u00edcio\",\"item\":\"https:\\\/\\\/lovme.pt\\\/\"},{\"@type\":\"ListItem\",\"position\":2,\"name\":\"Loja\",\"item\":\"https:\\\/\\\/lovme.pt\\\/index.php\\\/loja\\\/\"},{\"@type\":\"ListItem\",\"position\":3,\"name\":\"ADRIEN LASTIC &#8211; ALGEMAS DE METAL COM PENAS PRETAS\"}]},{\"@type\":\"WebSite\",\"@id\":\"https:\\\/\\\/lovme.pt\\\/#website\",\"url\":\"https:\\\/\\\/lovme.pt\\\/\",\"name\":\"Lovme Loja Er\u00f3tica N\u00ba1 em Portugal\",\"description\":\"A melhor loja er\u00f3tica de Portugal.\",\"alternateName\":\"Loja Er\u00f3tica Lovme\",\"potentialAction\":[{\"@type\":\"SearchAction\",\"target\":{\"@type\":\"EntryPoint\",\"urlTemplate\":\"https:\\\/\\\/lovme.pt\\\/?s={search_term_string}\"},\"query-input\":{\"@type\":\"PropertyValueSpecification\",\"valueRequired\":true,\"valueName\":\"search_term_string\"}}],\"inLanguage\":\"pt-PT\"}]}<\/script>\n<!-- \/ Yoast SEO plugin. -->","yoast_head_json":{"title":"ADRIEN LASTIC - ALGEMAS DE METAL COM PENAS PRETAS - Lovme","robots":{"index":"index","follow":"follow","max-snippet":"max-snippet:-1","max-image-preview":"max-image-preview:large","max-video-preview":"max-video-preview:-1"},"canonical":"https:\/\/lovme.pt\/index.php\/produto\/adrien-lastic-algemas-de-metal-com-penas-pretas\/","og_locale":"pt_PT","og_type":"article","og_title":"ADRIEN LASTIC - ALGEMAS DE METAL COM PENAS PRETAS - Lovme","og_description":"ADRIEN LASTIC - ALGEMAS DE METAL COM PENAS PRETAS","og_url":"https:\/\/lovme.pt\/index.php\/produto\/adrien-lastic-algemas-de-metal-com-penas-pretas\/","og_site_name":"Lovme","article_modified_time":"2026-03-31T22:28:44+00:00","og_image":[{"width":900,"height":900,"url":"https:\/\/erki24nd3ub.exactdn.com\/wp-content\/uploads\/dream\/img\/img_215522_3798b6e872e2de17e4886ca044c5dcd4_1.jpg?strip=all","type":"image\/jpeg"}],"twitter_card":"summary_large_image","twitter_misc":{"Tempo estimado de leitura":"2 minutos"},"schema":{"@context":"https:\/\/schema.org","@graph":[{"@type":"WebPage","@id":"https:\/\/lovme.pt\/index.php\/produto\/adrien-lastic-algemas-de-metal-com-penas-pretas\/","url":"https:\/\/lovme.pt\/index.php\/produto\/adrien-lastic-algemas-de-metal-com-penas-pretas\/","name":"ADRIEN LASTIC - ALGEMAS DE METAL COM PENAS PRETAS - Lovme","isPartOf":{"@id":"https:\/\/lovme.pt\/#website"},"primaryImageOfPage":{"@id":"https:\/\/lovme.pt\/index.php\/produto\/adrien-lastic-algemas-de-metal-com-penas-pretas\/#primaryimage"},"image":{"@id":"https:\/\/lovme.pt\/index.php\/produto\/adrien-lastic-algemas-de-metal-com-penas-pretas\/#primaryimage"},"thumbnailUrl":"https:\/\/erki24nd3ub.exactdn.com\/wp-content\/uploads\/dream\/img\/img_215522_3798b6e872e2de17e4886ca044c5dcd4_1.jpg?strip=all","datePublished":"2025-10-01T03:14:02+00:00","dateModified":"2026-03-31T22:28:44+00:00","breadcrumb":{"@id":"https:\/\/lovme.pt\/index.php\/produto\/adrien-lastic-algemas-de-metal-com-penas-pretas\/#breadcrumb"},"inLanguage":"pt-PT","potentialAction":[{"@type":"ReadAction","target":["https:\/\/lovme.pt\/index.php\/produto\/adrien-lastic-algemas-de-metal-com-penas-pretas\/"]}]},{"@type":"ImageObject","inLanguage":"pt-PT","@id":"https:\/\/lovme.pt\/index.php\/produto\/adrien-lastic-algemas-de-metal-com-penas-pretas\/#primaryimage","url":"https:\/\/erki24nd3ub.exactdn.com\/wp-content\/uploads\/dream\/img\/img_215522_3798b6e872e2de17e4886ca044c5dcd4_1.jpg?strip=all","contentUrl":"https:\/\/erki24nd3ub.exactdn.com\/wp-content\/uploads\/dream\/img\/img_215522_3798b6e872e2de17e4886ca044c5dcd4_1.jpg?strip=all","width":900,"height":900},{"@type":"BreadcrumbList","@id":"https:\/\/lovme.pt\/index.php\/produto\/adrien-lastic-algemas-de-metal-com-penas-pretas\/#breadcrumb","itemListElement":[{"@type":"ListItem","position":1,"name":"In\u00edcio","item":"https:\/\/lovme.pt\/"},{"@type":"ListItem","position":2,"name":"Loja","item":"https:\/\/lovme.pt\/index.php\/loja\/"},{"@type":"ListItem","position":3,"name":"ADRIEN LASTIC &#8211; ALGEMAS DE METAL COM PENAS PRETAS"}]},{"@type":"WebSite","@id":"https:\/\/lovme.pt\/#website","url":"https:\/\/lovme.pt\/","name":"Lovme Loja Er\u00f3tica N\u00ba1 em Portugal","description":"A melhor loja er\u00f3tica de Portugal.","alternateName":"Loja Er\u00f3tica Lovme","potentialAction":[{"@type":"SearchAction","target":{"@type":"EntryPoint","urlTemplate":"https:\/\/lovme.pt\/?s={search_term_string}"},"query-input":{"@type":"PropertyValueSpecification","valueRequired":true,"valueName":"search_term_string"}}],"inLanguage":"pt-PT"}]}},"_links":{"self":[{"href":"https:\/\/lovme.pt\/index.php\/wp-json\/wp\/v2\/product\/45576","targetHints":{"allow":["GET"]}}],"collection":[{"href":"https:\/\/lovme.pt\/index.php\/wp-json\/wp\/v2\/product"}],"about":[{"href":"https:\/\/lovme.pt\/index.php\/wp-json\/wp\/v2\/types\/product"}],"wp:featuredmedia":[{"embeddable":true,"href":"https:\/\/lovme.pt\/index.php\/wp-json\/wp\/v2\/media\/102181"}],"wp:attachment":[{"href":"https:\/\/lovme.pt\/index.php\/wp-json\/wp\/v2\/media?parent=45576"}],"wp:term":[{"taxonomy":"product_brand","embeddable":true,"href":"https:\/\/lovme.pt\/index.php\/wp-json\/wp\/v2\/product_brand?post=45576"},{"taxonomy":"product_cat","embeddable":true,"href":"https:\/\/lovme.pt\/index.php\/wp-json\/wp\/v2\/product_cat?post=45576"},{"taxonomy":"product_tag","embeddable":true,"href":"https:\/\/lovme.pt\/index.php\/wp-json\/wp\/v2\/product_tag?post=45576"}],"curies":[{"name":"wp","href":"https:\/\/api.w.org\/{rel}","templated":true}]}}