{"id":45547,"date":"2025-10-01T02:58:56","date_gmt":"2025-10-01T02:58:56","guid":{"rendered":"https:\/\/lovme.pt\/?post_type=product&p=45547"},"modified":"2026-03-31T22:48:18","modified_gmt":"2026-03-31T22:48:18","slug":"adrien-lastic-hitsens-5-vibrador-de-silicone-preto","status":"publish","type":"product","link":"https:\/\/lovme.pt\/index.php\/produto\/adrien-lastic-hitsens-5-vibrador-de-silicone-preto\/","title":{"rendered":"ADRIEN LASTIC &#8211; HITSENS 5 VIBRADOR DE SILICONE PRETO"},"content":{"rendered":"<p><u><strong>DESCUBRA HITSENS 5<\/strong><\/u><\/p>\n<p>Voc\u00ea provavelmente j\u00e1 ouviu falar do Silexpan, o material com o qual ele \u00e9 feito. Fabricado <strong>Hitsens 5,<\/strong> \u00e9 um n\u00facleo interno duro com enchimento Silexpan, conferindo-lhe aquela famosa dupla densidade. Al\u00e9m disso, d\u00e1 um toque muito suave e \u00edntimo, lembrando um p\u00eanis real.<\/p>\n<p>Hitsens foi projetado para proporcionar um prazer requintado, seja anal ou vaginal. E com sua base de suc\u00e7\u00e3o extra forte voc\u00ea pode experimentar quantas posi\u00e7\u00f5es quiser.<\/p>\n<p>O vibrador, gra\u00e7as ao seu material especial com propriedades termorreativas, voc\u00ea pode aquec\u00ea-lo no micro-ondas por no m\u00e1ximo 30 segundos ou dar-lhe um banho de \u00e1gua morna para dar mais flexibilidade ou mais realismo \u00e0 sua maneira. Por outro lado, se voc\u00ea esfriar, <strong>o Hitsens 5<\/strong> ficar\u00e1 mais frio. mais rigidez e frescor para quem gosta de penetra\u00e7\u00e3o mais forte. E se isso n\u00e3o bastasse, voc\u00ea tamb\u00e9m pode colocar o vibrador em um arn\u00eas para penetrar em seu parceiro.<\/p>\n<div>\n<p><u><strong>COMO US\u00c1-LO?<\/strong><\/u><\/p>\n<p>Antes de come\u00e7ar a utiliz\u00e1-lo recomendamos esteriliz\u00e1-lo com um limpador de brinquedos. Ap\u00f3s aquecer ou resfriar o vibrador, recomendamos o uso de lubrificante \u00e0 base de \u00e1gua para manter seu <strong>Hitsens 5<\/strong> em boas condi\u00e7\u00f5es. Pois bem, eu conhe\u00e7o Generoso na hora de aplicar o lubrificante e voc\u00ea estar\u00e1 pronto para a nova experi\u00eancia que o vibrador Hitsens oferece.<\/p>\n<p>\u00a0<\/p>\n<p><u><strong>CARACTER\u00cdSTICAS<\/strong><\/u><\/p>\n<ul>\n<li>N\u00facleo interno duro de dupla densidade com enchimento Silexpan.<\/li>\n<li>Plug anal termo reativo, se aquecer fica mais flex\u00edvel, se esfriar fica mais r\u00edgido.<\/li>\n<li>Seu tamanho pequeno \u00e9 perfeito para penetra\u00e7\u00e3o anal.<\/li>\n<li><u>Dimens\u00f5es<\/u> : Comprimento 12,9 cm \/\/ Di\u00e2metro 2,4 cm<\/li>\n<\/ul>\n<p>\u00a0<\/p>\n<p><u><strong>CONTE\u00daDO DA CAIXA<\/strong><\/u><\/p>\n<ul>\n<li>Hitsens 5<\/li>\n<\/ul>\n<\/div>\n","protected":false},"excerpt":{"rendered":"<p>ADRIEN LASTIC &#8211; HITSENS 5 VIBRADOR DE SILICONE PRETO<\/p>\n","protected":false},"featured_media":100614,"template":"","meta":{"_acf_changed":false},"product_brand":[],"product_cat":[17,56],"product_tag":[],"class_list":{"0":"post-45547","1":"product","2":"type-product","3":"status-publish","4":"has-post-thumbnail","6":"product_cat-brinquedos-de-bem-estar-sexual","7":"product_cat-dildos-e-arneses","8":"yith_product_brand-adrien-lastic","10":"first","11":"instock","12":"taxable","13":"shipping-taxable","14":"purchasable","15":"product-type-simple"},"acf":[],"yoast_head":"<!-- This site is optimized with the Yoast SEO plugin v27.3 - https:\/\/yoast.com\/product\/yoast-seo-wordpress\/ -->\n<title>ADRIEN LASTIC - HITSENS 5 VIBRADOR DE SILICONE PRETO - Lovme<\/title>\n<meta name=\"robots\" content=\"index, follow, max-snippet:-1, max-image-preview:large, max-video-preview:-1\" \/>\n<link rel=\"canonical\" href=\"https:\/\/lovme.pt\/index.php\/produto\/adrien-lastic-hitsens-5-vibrador-de-silicone-preto\/\" \/>\n<meta property=\"og:locale\" content=\"pt_PT\" \/>\n<meta property=\"og:type\" content=\"article\" \/>\n<meta property=\"og:title\" content=\"ADRIEN LASTIC - HITSENS 5 VIBRADOR DE SILICONE PRETO - Lovme\" \/>\n<meta property=\"og:description\" content=\"ADRIEN LASTIC - HITSENS 5 VIBRADOR DE SILICONE PRETO\" \/>\n<meta property=\"og:url\" content=\"https:\/\/lovme.pt\/index.php\/produto\/adrien-lastic-hitsens-5-vibrador-de-silicone-preto\/\" \/>\n<meta property=\"og:site_name\" content=\"Lovme\" \/>\n<meta property=\"article:modified_time\" content=\"2026-03-31T22:48:18+00:00\" \/>\n<meta property=\"og:image\" content=\"https:\/\/erki24nd3ub.exactdn.com\/wp-content\/uploads\/dream\/img\/img_158507_73c4b478ec6d232499f48650a8a9befe_1.jpg?strip=all\" \/>\n\t<meta property=\"og:image:width\" content=\"800\" \/>\n\t<meta property=\"og:image:height\" content=\"800\" \/>\n\t<meta property=\"og:image:type\" content=\"image\/jpeg\" \/>\n<meta name=\"twitter:card\" content=\"summary_large_image\" \/>\n<meta name=\"twitter:label1\" content=\"Tempo estimado de leitura\" \/>\n\t<meta name=\"twitter:data1\" content=\"1 minuto\" \/>\n<script type=\"application\/ld+json\" class=\"yoast-schema-graph\">{\"@context\":\"https:\\\/\\\/schema.org\",\"@graph\":[{\"@type\":\"WebPage\",\"@id\":\"https:\\\/\\\/lovme.pt\\\/index.php\\\/produto\\\/adrien-lastic-hitsens-5-vibrador-de-silicone-preto\\\/\",\"url\":\"https:\\\/\\\/lovme.pt\\\/index.php\\\/produto\\\/adrien-lastic-hitsens-5-vibrador-de-silicone-preto\\\/\",\"name\":\"ADRIEN LASTIC - HITSENS 5 VIBRADOR DE SILICONE PRETO - Lovme\",\"isPartOf\":{\"@id\":\"https:\\\/\\\/lovme.pt\\\/#website\"},\"primaryImageOfPage\":{\"@id\":\"https:\\\/\\\/lovme.pt\\\/index.php\\\/produto\\\/adrien-lastic-hitsens-5-vibrador-de-silicone-preto\\\/#primaryimage\"},\"image\":{\"@id\":\"https:\\\/\\\/lovme.pt\\\/index.php\\\/produto\\\/adrien-lastic-hitsens-5-vibrador-de-silicone-preto\\\/#primaryimage\"},\"thumbnailUrl\":\"https:\\\/\\\/erki24nd3ub.exactdn.com\\\/wp-content\\\/uploads\\\/dream\\\/img\\\/img_158507_73c4b478ec6d232499f48650a8a9befe_1.jpg?strip=all\",\"datePublished\":\"2025-10-01T02:58:56+00:00\",\"dateModified\":\"2026-03-31T22:48:18+00:00\",\"breadcrumb\":{\"@id\":\"https:\\\/\\\/lovme.pt\\\/index.php\\\/produto\\\/adrien-lastic-hitsens-5-vibrador-de-silicone-preto\\\/#breadcrumb\"},\"inLanguage\":\"pt-PT\",\"potentialAction\":[{\"@type\":\"ReadAction\",\"target\":[\"https:\\\/\\\/lovme.pt\\\/index.php\\\/produto\\\/adrien-lastic-hitsens-5-vibrador-de-silicone-preto\\\/\"]}]},{\"@type\":\"ImageObject\",\"inLanguage\":\"pt-PT\",\"@id\":\"https:\\\/\\\/lovme.pt\\\/index.php\\\/produto\\\/adrien-lastic-hitsens-5-vibrador-de-silicone-preto\\\/#primaryimage\",\"url\":\"https:\\\/\\\/erki24nd3ub.exactdn.com\\\/wp-content\\\/uploads\\\/dream\\\/img\\\/img_158507_73c4b478ec6d232499f48650a8a9befe_1.jpg?strip=all\",\"contentUrl\":\"https:\\\/\\\/erki24nd3ub.exactdn.com\\\/wp-content\\\/uploads\\\/dream\\\/img\\\/img_158507_73c4b478ec6d232499f48650a8a9befe_1.jpg?strip=all\",\"width\":800,\"height\":800},{\"@type\":\"BreadcrumbList\",\"@id\":\"https:\\\/\\\/lovme.pt\\\/index.php\\\/produto\\\/adrien-lastic-hitsens-5-vibrador-de-silicone-preto\\\/#breadcrumb\",\"itemListElement\":[{\"@type\":\"ListItem\",\"position\":1,\"name\":\"In\u00edcio\",\"item\":\"https:\\\/\\\/lovme.pt\\\/\"},{\"@type\":\"ListItem\",\"position\":2,\"name\":\"Loja\",\"item\":\"https:\\\/\\\/lovme.pt\\\/index.php\\\/loja\\\/\"},{\"@type\":\"ListItem\",\"position\":3,\"name\":\"ADRIEN LASTIC &#8211; HITSENS 5 VIBRADOR DE SILICONE PRETO\"}]},{\"@type\":\"WebSite\",\"@id\":\"https:\\\/\\\/lovme.pt\\\/#website\",\"url\":\"https:\\\/\\\/lovme.pt\\\/\",\"name\":\"Lovme Loja Er\u00f3tica N\u00ba1 em Portugal\",\"description\":\"A melhor loja er\u00f3tica de Portugal.\",\"alternateName\":\"Loja Er\u00f3tica Lovme\",\"potentialAction\":[{\"@type\":\"SearchAction\",\"target\":{\"@type\":\"EntryPoint\",\"urlTemplate\":\"https:\\\/\\\/lovme.pt\\\/?s={search_term_string}\"},\"query-input\":{\"@type\":\"PropertyValueSpecification\",\"valueRequired\":true,\"valueName\":\"search_term_string\"}}],\"inLanguage\":\"pt-PT\"}]}<\/script>\n<!-- \/ Yoast SEO plugin. -->","yoast_head_json":{"title":"ADRIEN LASTIC - HITSENS 5 VIBRADOR DE SILICONE PRETO - Lovme","robots":{"index":"index","follow":"follow","max-snippet":"max-snippet:-1","max-image-preview":"max-image-preview:large","max-video-preview":"max-video-preview:-1"},"canonical":"https:\/\/lovme.pt\/index.php\/produto\/adrien-lastic-hitsens-5-vibrador-de-silicone-preto\/","og_locale":"pt_PT","og_type":"article","og_title":"ADRIEN LASTIC - HITSENS 5 VIBRADOR DE SILICONE PRETO - Lovme","og_description":"ADRIEN LASTIC - HITSENS 5 VIBRADOR DE SILICONE PRETO","og_url":"https:\/\/lovme.pt\/index.php\/produto\/adrien-lastic-hitsens-5-vibrador-de-silicone-preto\/","og_site_name":"Lovme","article_modified_time":"2026-03-31T22:48:18+00:00","og_image":[{"width":800,"height":800,"url":"https:\/\/erki24nd3ub.exactdn.com\/wp-content\/uploads\/dream\/img\/img_158507_73c4b478ec6d232499f48650a8a9befe_1.jpg?strip=all","type":"image\/jpeg"}],"twitter_card":"summary_large_image","twitter_misc":{"Tempo estimado de leitura":"1 minuto"},"schema":{"@context":"https:\/\/schema.org","@graph":[{"@type":"WebPage","@id":"https:\/\/lovme.pt\/index.php\/produto\/adrien-lastic-hitsens-5-vibrador-de-silicone-preto\/","url":"https:\/\/lovme.pt\/index.php\/produto\/adrien-lastic-hitsens-5-vibrador-de-silicone-preto\/","name":"ADRIEN LASTIC - HITSENS 5 VIBRADOR DE SILICONE PRETO - Lovme","isPartOf":{"@id":"https:\/\/lovme.pt\/#website"},"primaryImageOfPage":{"@id":"https:\/\/lovme.pt\/index.php\/produto\/adrien-lastic-hitsens-5-vibrador-de-silicone-preto\/#primaryimage"},"image":{"@id":"https:\/\/lovme.pt\/index.php\/produto\/adrien-lastic-hitsens-5-vibrador-de-silicone-preto\/#primaryimage"},"thumbnailUrl":"https:\/\/erki24nd3ub.exactdn.com\/wp-content\/uploads\/dream\/img\/img_158507_73c4b478ec6d232499f48650a8a9befe_1.jpg?strip=all","datePublished":"2025-10-01T02:58:56+00:00","dateModified":"2026-03-31T22:48:18+00:00","breadcrumb":{"@id":"https:\/\/lovme.pt\/index.php\/produto\/adrien-lastic-hitsens-5-vibrador-de-silicone-preto\/#breadcrumb"},"inLanguage":"pt-PT","potentialAction":[{"@type":"ReadAction","target":["https:\/\/lovme.pt\/index.php\/produto\/adrien-lastic-hitsens-5-vibrador-de-silicone-preto\/"]}]},{"@type":"ImageObject","inLanguage":"pt-PT","@id":"https:\/\/lovme.pt\/index.php\/produto\/adrien-lastic-hitsens-5-vibrador-de-silicone-preto\/#primaryimage","url":"https:\/\/erki24nd3ub.exactdn.com\/wp-content\/uploads\/dream\/img\/img_158507_73c4b478ec6d232499f48650a8a9befe_1.jpg?strip=all","contentUrl":"https:\/\/erki24nd3ub.exactdn.com\/wp-content\/uploads\/dream\/img\/img_158507_73c4b478ec6d232499f48650a8a9befe_1.jpg?strip=all","width":800,"height":800},{"@type":"BreadcrumbList","@id":"https:\/\/lovme.pt\/index.php\/produto\/adrien-lastic-hitsens-5-vibrador-de-silicone-preto\/#breadcrumb","itemListElement":[{"@type":"ListItem","position":1,"name":"In\u00edcio","item":"https:\/\/lovme.pt\/"},{"@type":"ListItem","position":2,"name":"Loja","item":"https:\/\/lovme.pt\/index.php\/loja\/"},{"@type":"ListItem","position":3,"name":"ADRIEN LASTIC &#8211; HITSENS 5 VIBRADOR DE SILICONE PRETO"}]},{"@type":"WebSite","@id":"https:\/\/lovme.pt\/#website","url":"https:\/\/lovme.pt\/","name":"Lovme Loja Er\u00f3tica N\u00ba1 em Portugal","description":"A melhor loja er\u00f3tica de Portugal.","alternateName":"Loja Er\u00f3tica Lovme","potentialAction":[{"@type":"SearchAction","target":{"@type":"EntryPoint","urlTemplate":"https:\/\/lovme.pt\/?s={search_term_string}"},"query-input":{"@type":"PropertyValueSpecification","valueRequired":true,"valueName":"search_term_string"}}],"inLanguage":"pt-PT"}]}},"_links":{"self":[{"href":"https:\/\/lovme.pt\/index.php\/wp-json\/wp\/v2\/product\/45547","targetHints":{"allow":["GET"]}}],"collection":[{"href":"https:\/\/lovme.pt\/index.php\/wp-json\/wp\/v2\/product"}],"about":[{"href":"https:\/\/lovme.pt\/index.php\/wp-json\/wp\/v2\/types\/product"}],"wp:featuredmedia":[{"embeddable":true,"href":"https:\/\/lovme.pt\/index.php\/wp-json\/wp\/v2\/media\/100614"}],"wp:attachment":[{"href":"https:\/\/lovme.pt\/index.php\/wp-json\/wp\/v2\/media?parent=45547"}],"wp:term":[{"taxonomy":"product_brand","embeddable":true,"href":"https:\/\/lovme.pt\/index.php\/wp-json\/wp\/v2\/product_brand?post=45547"},{"taxonomy":"product_cat","embeddable":true,"href":"https:\/\/lovme.pt\/index.php\/wp-json\/wp\/v2\/product_cat?post=45547"},{"taxonomy":"product_tag","embeddable":true,"href":"https:\/\/lovme.pt\/index.php\/wp-json\/wp\/v2\/product_tag?post=45547"}],"curies":[{"name":"wp","href":"https:\/\/api.w.org\/{rel}","templated":true}]}}