{"id":45529,"date":"2025-10-01T03:00:36","date_gmt":"2025-10-01T03:00:36","guid":{"rendered":"https:\/\/lovme.pt\/?post_type=product&p=45529"},"modified":"2026-03-31T10:33:43","modified_gmt":"2026-03-31T10:33:43","slug":"adrien-lastic-ocean-breeze-2-0-ovo-vibratorio-recarregavel-controle-remoto-preto","status":"publish","type":"product","link":"https:\/\/lovme.pt\/index.php\/produto\/adrien-lastic-ocean-breeze-2-0-ovo-vibratorio-recarregavel-controle-remoto-preto\/","title":{"rendered":"ADRIEN LASTIC &#8211; OCEAN BREEZE 2.0 OVO VIBRAT\u00d3RIO RECARREG\u00c1VEL CONTROLE REMOTO PRETO"},"content":{"rendered":"<p><u><strong>DESCUBRA A BRISA OCE\u00c2NICA 2.0<\/strong><\/u><\/p>\n<p><strong>O Ocean Breeze 2.0<\/strong> diferencia-se do seu antecessor Ocean Breeze por ter um motor com capacidades de vibra\u00e7\u00e3o muito mais potentes. Se antes eram extremamente estimulantes, agora s\u00e3o simplesmente org\u00e1sticos. Nosso novo ovo vibrat\u00f3rio ir\u00e1 lev\u00e1-lo. Levar\u00e1 a um prazer sutil, mas prolongado, que voc\u00ea n\u00e3o encontrar\u00e1 em nenhum outro lugar.<\/p>\n<p>Com seu design elegante e atualizado, <strong>Ocean Breeze 2.0<\/strong> \u00e9 o ovo do amor com controle remoto mais poderoso que apresenta uma variedade de 10 velocidades e configura\u00e7\u00f5es de vibra\u00e7\u00e3o emocionantes, variando de um zumbido provocante a padr\u00f5es org\u00e1sticos. Ideal para estimula\u00e7\u00e3o vaginal e clitoriana gra\u00e7as \u00e0 sua superf\u00edcie macia de silicone platinado, Ocean Breeze foi projetado para proporcionar o prazer mais profundo e se adaptar a todos os tipos de corpo.<\/p>\n<p>\u00c9 uma \u00f3tima op\u00e7\u00e3o para brincadeiras a dois, pois vem com o controle remoto mais discreto, ergon\u00f4mico, inteligente e elegante feito para ser usado em p\u00fablico ou privado. Gra\u00e7as ao seu tamanho, voc\u00ea poder\u00e1 lev\u00e1-lo para qualquer lugar e criar um jogo de fantasia, prazer e divers\u00e3o com seu parceiro.<\/p>\n<div>\n<p><u><strong>COMO US\u00c1-LO?<\/strong><\/u><\/p>\n<p>Comece aplicando lubrificante \u00e0 base de \u00e1gua no ovo vibrat\u00f3rio <strong>Ocean Breeze 2.0<\/strong> e na vagina. Depois de preparado, insira o ovo vibrat\u00f3rio na vagina.,<\/p>\n<p>Que comecem os fogos de artif\u00edcio! Controle as vibra\u00e7\u00f5es dos brinquedos com o controle remoto ou deixe seu amante control\u00e1-los para voc\u00ea. Voc\u00ea pode fazer todas as loucuras que imaginar, como ir \u00e0s compras com o ovo vibrat\u00f3rio controlado pelo seu parceiro, ir a uma prova, ir a uma reuni\u00e3o de trabalho&#8230;<\/p>\n<p>As possibilidades s\u00e3o infinitas. O \u00fanico limite \u00e9 a sua imagina\u00e7\u00e3o! <strong>Ocean Breeze 2.0<\/strong> possui um bot\u00e3o lateral com o qual voc\u00ea pode controlar as vibra\u00e7\u00f5es caso n\u00e3o queira usar o controle remoto.<\/p>\n<p>\u00a0<\/p>\n<p><u><strong>CARACTER\u00cdSTICAS<\/strong><\/u><\/p>\n<ul>\n<li>Ergon\u00f4mico.<\/li>\n<li>Controle remoto.<\/li>\n<li>Potente motor vibrat\u00f3rio com 10 intensidades.<\/li>\n<li>Textura macia, material de silicone platinado.<\/li>\n<li>Brinquedo para usar a dois ou sozinho.<\/li>\n<li><u>Dimens\u00f5es<\/u> : Comprimento 7,5 cm \/ Di\u00e2metro 3,4 cm<\/li>\n<\/ul>\n<p>\u00a0<\/p>\n<p><u><strong>CONTE\u00daDO DA CAIXA<\/strong><\/u><\/p>\n<ul>\n<li>BRISA DO OCEANO<\/li>\n<li>Carregador USB Ocean Breeze<\/li>\n<li>Controle remoto LRS<\/li>\n<li>Carregador remoto LRS<\/li>\n<li>Bolsa de cetim<\/li>\n<li>Cart\u00e3o de garantia<\/li>\n<li>Manual de instru\u00e7\u00f5es<\/li>\n<\/ul>\n<\/div>\n<p>\u00a0<\/p>\n","protected":false},"excerpt":{"rendered":"<p>ADRIEN LASTIC &#8211; OCEAN BREEZE 2.0 OVO VIBRAT\u00d3RIO RECARREG\u00c1VEL CONTROLE REMOTO PRETO<\/p>\n","protected":false},"featured_media":100785,"template":"","meta":{"_acf_changed":false},"product_brand":[],"product_cat":[17,61,76],"product_tag":[],"class_list":{"0":"post-45529","1":"product","2":"type-product","3":"status-publish","4":"has-post-thumbnail","6":"product_cat-brinquedos-de-bem-estar-sexual","7":"product_cat-para-elas","8":"product_cat-vibradores","9":"yith_product_brand-adrien-lastic","11":"first","12":"instock","13":"taxable","14":"shipping-taxable","15":"purchasable","16":"product-type-simple"},"acf":[],"yoast_head":"<!-- This site is optimized with the Yoast SEO plugin v27.4 - https:\/\/yoast.com\/product\/yoast-seo-wordpress\/ -->\n<title>ADRIEN LASTIC - OCEAN BREEZE 2.0 OVO VIBRAT\u00d3RIO RECARREG\u00c1VEL CONTROLE REMOTO PRETO - Lovme<\/title>\n<meta name=\"robots\" content=\"index, follow, max-snippet:-1, max-image-preview:large, max-video-preview:-1\" \/>\n<link rel=\"canonical\" href=\"https:\/\/lovme.pt\/index.php\/produto\/adrien-lastic-ocean-breeze-2-0-ovo-vibratorio-recarregavel-controle-remoto-preto\/\" \/>\n<meta property=\"og:locale\" content=\"pt_PT\" \/>\n<meta property=\"og:type\" content=\"article\" \/>\n<meta property=\"og:title\" content=\"ADRIEN LASTIC - OCEAN BREEZE 2.0 OVO VIBRAT\u00d3RIO RECARREG\u00c1VEL CONTROLE REMOTO PRETO - Lovme\" \/>\n<meta property=\"og:description\" content=\"ADRIEN LASTIC - OCEAN BREEZE 2.0 OVO VIBRAT\u00d3RIO RECARREG\u00c1VEL CONTROLE REMOTO PRETO\" \/>\n<meta property=\"og:url\" content=\"https:\/\/lovme.pt\/index.php\/produto\/adrien-lastic-ocean-breeze-2-0-ovo-vibratorio-recarregavel-controle-remoto-preto\/\" \/>\n<meta property=\"og:site_name\" content=\"Lovme\" \/>\n<meta property=\"article:modified_time\" content=\"2026-03-31T10:33:43+00:00\" \/>\n<meta property=\"og:image\" content=\"https:\/\/erki24nd3ub.exactdn.com\/wp-content\/uploads\/dream\/img\/img_158654_0592b983461207caa8c5f601518fa637_1.jpg?strip=all\" \/>\n\t<meta property=\"og:image:width\" content=\"800\" \/>\n\t<meta property=\"og:image:height\" content=\"800\" \/>\n\t<meta property=\"og:image:type\" content=\"image\/jpeg\" \/>\n<meta name=\"twitter:card\" content=\"summary_large_image\" \/>\n<meta name=\"twitter:label1\" content=\"Tempo estimado de leitura\" \/>\n\t<meta name=\"twitter:data1\" content=\"2 minutos\" \/>\n<script type=\"application\/ld+json\" class=\"yoast-schema-graph\">{\"@context\":\"https:\\\/\\\/schema.org\",\"@graph\":[{\"@type\":\"WebPage\",\"@id\":\"https:\\\/\\\/lovme.pt\\\/index.php\\\/produto\\\/adrien-lastic-ocean-breeze-2-0-ovo-vibratorio-recarregavel-controle-remoto-preto\\\/\",\"url\":\"https:\\\/\\\/lovme.pt\\\/index.php\\\/produto\\\/adrien-lastic-ocean-breeze-2-0-ovo-vibratorio-recarregavel-controle-remoto-preto\\\/\",\"name\":\"ADRIEN LASTIC - OCEAN BREEZE 2.0 OVO VIBRAT\u00d3RIO RECARREG\u00c1VEL CONTROLE REMOTO PRETO - Lovme\",\"isPartOf\":{\"@id\":\"https:\\\/\\\/lovme.pt\\\/#website\"},\"primaryImageOfPage\":{\"@id\":\"https:\\\/\\\/lovme.pt\\\/index.php\\\/produto\\\/adrien-lastic-ocean-breeze-2-0-ovo-vibratorio-recarregavel-controle-remoto-preto\\\/#primaryimage\"},\"image\":{\"@id\":\"https:\\\/\\\/lovme.pt\\\/index.php\\\/produto\\\/adrien-lastic-ocean-breeze-2-0-ovo-vibratorio-recarregavel-controle-remoto-preto\\\/#primaryimage\"},\"thumbnailUrl\":\"https:\\\/\\\/erki24nd3ub.exactdn.com\\\/wp-content\\\/uploads\\\/dream\\\/img\\\/img_158654_0592b983461207caa8c5f601518fa637_1.jpg?strip=all\",\"datePublished\":\"2025-10-01T03:00:36+00:00\",\"dateModified\":\"2026-03-31T10:33:43+00:00\",\"breadcrumb\":{\"@id\":\"https:\\\/\\\/lovme.pt\\\/index.php\\\/produto\\\/adrien-lastic-ocean-breeze-2-0-ovo-vibratorio-recarregavel-controle-remoto-preto\\\/#breadcrumb\"},\"inLanguage\":\"pt-PT\",\"potentialAction\":[{\"@type\":\"ReadAction\",\"target\":[\"https:\\\/\\\/lovme.pt\\\/index.php\\\/produto\\\/adrien-lastic-ocean-breeze-2-0-ovo-vibratorio-recarregavel-controle-remoto-preto\\\/\"]}]},{\"@type\":\"ImageObject\",\"inLanguage\":\"pt-PT\",\"@id\":\"https:\\\/\\\/lovme.pt\\\/index.php\\\/produto\\\/adrien-lastic-ocean-breeze-2-0-ovo-vibratorio-recarregavel-controle-remoto-preto\\\/#primaryimage\",\"url\":\"https:\\\/\\\/erki24nd3ub.exactdn.com\\\/wp-content\\\/uploads\\\/dream\\\/img\\\/img_158654_0592b983461207caa8c5f601518fa637_1.jpg?strip=all\",\"contentUrl\":\"https:\\\/\\\/erki24nd3ub.exactdn.com\\\/wp-content\\\/uploads\\\/dream\\\/img\\\/img_158654_0592b983461207caa8c5f601518fa637_1.jpg?strip=all\",\"width\":800,\"height\":800},{\"@type\":\"BreadcrumbList\",\"@id\":\"https:\\\/\\\/lovme.pt\\\/index.php\\\/produto\\\/adrien-lastic-ocean-breeze-2-0-ovo-vibratorio-recarregavel-controle-remoto-preto\\\/#breadcrumb\",\"itemListElement\":[{\"@type\":\"ListItem\",\"position\":1,\"name\":\"In\u00edcio\",\"item\":\"https:\\\/\\\/lovme.pt\\\/\"},{\"@type\":\"ListItem\",\"position\":2,\"name\":\"Loja\",\"item\":\"https:\\\/\\\/lovme.pt\\\/index.php\\\/loja\\\/\"},{\"@type\":\"ListItem\",\"position\":3,\"name\":\"ADRIEN LASTIC &#8211; OCEAN BREEZE 2.0 OVO VIBRAT\u00d3RIO RECARREG\u00c1VEL CONTROLE REMOTO PRETO\"}]},{\"@type\":\"WebSite\",\"@id\":\"https:\\\/\\\/lovme.pt\\\/#website\",\"url\":\"https:\\\/\\\/lovme.pt\\\/\",\"name\":\"Lovme Loja Er\u00f3tica N\u00ba1 em Portugal\",\"description\":\"A melhor loja er\u00f3tica de Portugal.\",\"alternateName\":\"Loja Er\u00f3tica Lovme\",\"potentialAction\":[{\"@type\":\"SearchAction\",\"target\":{\"@type\":\"EntryPoint\",\"urlTemplate\":\"https:\\\/\\\/lovme.pt\\\/?s={search_term_string}\"},\"query-input\":{\"@type\":\"PropertyValueSpecification\",\"valueRequired\":true,\"valueName\":\"search_term_string\"}}],\"inLanguage\":\"pt-PT\"}]}<\/script>\n<!-- \/ Yoast SEO plugin. -->","yoast_head_json":{"title":"ADRIEN LASTIC - OCEAN BREEZE 2.0 OVO VIBRAT\u00d3RIO RECARREG\u00c1VEL CONTROLE REMOTO PRETO - Lovme","robots":{"index":"index","follow":"follow","max-snippet":"max-snippet:-1","max-image-preview":"max-image-preview:large","max-video-preview":"max-video-preview:-1"},"canonical":"https:\/\/lovme.pt\/index.php\/produto\/adrien-lastic-ocean-breeze-2-0-ovo-vibratorio-recarregavel-controle-remoto-preto\/","og_locale":"pt_PT","og_type":"article","og_title":"ADRIEN LASTIC - OCEAN BREEZE 2.0 OVO VIBRAT\u00d3RIO RECARREG\u00c1VEL CONTROLE REMOTO PRETO - Lovme","og_description":"ADRIEN LASTIC - OCEAN BREEZE 2.0 OVO VIBRAT\u00d3RIO RECARREG\u00c1VEL CONTROLE REMOTO PRETO","og_url":"https:\/\/lovme.pt\/index.php\/produto\/adrien-lastic-ocean-breeze-2-0-ovo-vibratorio-recarregavel-controle-remoto-preto\/","og_site_name":"Lovme","article_modified_time":"2026-03-31T10:33:43+00:00","og_image":[{"width":800,"height":800,"url":"https:\/\/erki24nd3ub.exactdn.com\/wp-content\/uploads\/dream\/img\/img_158654_0592b983461207caa8c5f601518fa637_1.jpg?strip=all","type":"image\/jpeg"}],"twitter_card":"summary_large_image","twitter_misc":{"Tempo estimado de leitura":"2 minutos"},"schema":{"@context":"https:\/\/schema.org","@graph":[{"@type":"WebPage","@id":"https:\/\/lovme.pt\/index.php\/produto\/adrien-lastic-ocean-breeze-2-0-ovo-vibratorio-recarregavel-controle-remoto-preto\/","url":"https:\/\/lovme.pt\/index.php\/produto\/adrien-lastic-ocean-breeze-2-0-ovo-vibratorio-recarregavel-controle-remoto-preto\/","name":"ADRIEN LASTIC - OCEAN BREEZE 2.0 OVO VIBRAT\u00d3RIO RECARREG\u00c1VEL CONTROLE REMOTO PRETO - Lovme","isPartOf":{"@id":"https:\/\/lovme.pt\/#website"},"primaryImageOfPage":{"@id":"https:\/\/lovme.pt\/index.php\/produto\/adrien-lastic-ocean-breeze-2-0-ovo-vibratorio-recarregavel-controle-remoto-preto\/#primaryimage"},"image":{"@id":"https:\/\/lovme.pt\/index.php\/produto\/adrien-lastic-ocean-breeze-2-0-ovo-vibratorio-recarregavel-controle-remoto-preto\/#primaryimage"},"thumbnailUrl":"https:\/\/erki24nd3ub.exactdn.com\/wp-content\/uploads\/dream\/img\/img_158654_0592b983461207caa8c5f601518fa637_1.jpg?strip=all","datePublished":"2025-10-01T03:00:36+00:00","dateModified":"2026-03-31T10:33:43+00:00","breadcrumb":{"@id":"https:\/\/lovme.pt\/index.php\/produto\/adrien-lastic-ocean-breeze-2-0-ovo-vibratorio-recarregavel-controle-remoto-preto\/#breadcrumb"},"inLanguage":"pt-PT","potentialAction":[{"@type":"ReadAction","target":["https:\/\/lovme.pt\/index.php\/produto\/adrien-lastic-ocean-breeze-2-0-ovo-vibratorio-recarregavel-controle-remoto-preto\/"]}]},{"@type":"ImageObject","inLanguage":"pt-PT","@id":"https:\/\/lovme.pt\/index.php\/produto\/adrien-lastic-ocean-breeze-2-0-ovo-vibratorio-recarregavel-controle-remoto-preto\/#primaryimage","url":"https:\/\/erki24nd3ub.exactdn.com\/wp-content\/uploads\/dream\/img\/img_158654_0592b983461207caa8c5f601518fa637_1.jpg?strip=all","contentUrl":"https:\/\/erki24nd3ub.exactdn.com\/wp-content\/uploads\/dream\/img\/img_158654_0592b983461207caa8c5f601518fa637_1.jpg?strip=all","width":800,"height":800},{"@type":"BreadcrumbList","@id":"https:\/\/lovme.pt\/index.php\/produto\/adrien-lastic-ocean-breeze-2-0-ovo-vibratorio-recarregavel-controle-remoto-preto\/#breadcrumb","itemListElement":[{"@type":"ListItem","position":1,"name":"In\u00edcio","item":"https:\/\/lovme.pt\/"},{"@type":"ListItem","position":2,"name":"Loja","item":"https:\/\/lovme.pt\/index.php\/loja\/"},{"@type":"ListItem","position":3,"name":"ADRIEN LASTIC &#8211; OCEAN BREEZE 2.0 OVO VIBRAT\u00d3RIO RECARREG\u00c1VEL CONTROLE REMOTO PRETO"}]},{"@type":"WebSite","@id":"https:\/\/lovme.pt\/#website","url":"https:\/\/lovme.pt\/","name":"Lovme Loja Er\u00f3tica N\u00ba1 em Portugal","description":"A melhor loja er\u00f3tica de Portugal.","alternateName":"Loja Er\u00f3tica Lovme","potentialAction":[{"@type":"SearchAction","target":{"@type":"EntryPoint","urlTemplate":"https:\/\/lovme.pt\/?s={search_term_string}"},"query-input":{"@type":"PropertyValueSpecification","valueRequired":true,"valueName":"search_term_string"}}],"inLanguage":"pt-PT"}]}},"_links":{"self":[{"href":"https:\/\/lovme.pt\/index.php\/wp-json\/wp\/v2\/product\/45529","targetHints":{"allow":["GET"]}}],"collection":[{"href":"https:\/\/lovme.pt\/index.php\/wp-json\/wp\/v2\/product"}],"about":[{"href":"https:\/\/lovme.pt\/index.php\/wp-json\/wp\/v2\/types\/product"}],"wp:featuredmedia":[{"embeddable":true,"href":"https:\/\/lovme.pt\/index.php\/wp-json\/wp\/v2\/media\/100785"}],"wp:attachment":[{"href":"https:\/\/lovme.pt\/index.php\/wp-json\/wp\/v2\/media?parent=45529"}],"wp:term":[{"taxonomy":"product_brand","embeddable":true,"href":"https:\/\/lovme.pt\/index.php\/wp-json\/wp\/v2\/product_brand?post=45529"},{"taxonomy":"product_cat","embeddable":true,"href":"https:\/\/lovme.pt\/index.php\/wp-json\/wp\/v2\/product_cat?post=45529"},{"taxonomy":"product_tag","embeddable":true,"href":"https:\/\/lovme.pt\/index.php\/wp-json\/wp\/v2\/product_tag?post=45529"}],"curies":[{"name":"wp","href":"https:\/\/api.w.org\/{rel}","templated":true}]}}