{"id":44427,"date":"2025-10-01T02:28:59","date_gmt":"2025-10-01T02:28:59","guid":{"rendered":"https:\/\/lovme.pt\/?post_type=product&p=44427"},"modified":"2026-02-19T20:19:10","modified_gmt":"2026-02-19T20:19:10","slug":"game-cup-masturbador-de-vibracao-de-impulso-com-funcao-de-aquecimento-e-suporte-movel-preto","status":"publish","type":"product","link":"https:\/\/lovme.pt\/index.php\/produto\/game-cup-masturbador-de-vibracao-de-impulso-com-funcao-de-aquecimento-e-suporte-movel-preto\/","title":{"rendered":"GAME CUP &#8211; MASTURBADOR DE VIBRA\u00c7\u00c3O DE IMPULSO COM FUN\u00c7\u00c3O DE AQUECIMENTO E SUPORTE M\u00d3VEL &#8211; PRETO"},"content":{"rendered":"<p>A m\u00e1quina de prazer para os homens finalmente nasceu!<\/p>\n<p>O design do controlador para duas m\u00e3os foi cuidadosamente desenvolvido para proporcionar n\u00e3o apenas uma sensa\u00e7\u00e3o divertida, mas tamb\u00e9m estabilidade e conforto durante o uso.<\/p>\n<p>Equipado com fun\u00e7\u00e3o t\u00e9rmica, \u00e9 poss\u00edvel combinar livremente padr\u00f5es de golpe (8 tipos) e padr\u00f5es de vibra\u00e7\u00e3o (10 tipos)!<br \/>Al\u00e9m disso, um suporte para smartphone est\u00e1 inclu\u00eddo para que voc\u00ea possa prender seu smartphone na parte superior da unidade principal, para que voc\u00ea possa conectar seu celular a qualquer hora, em qualquer lugar e subir enquanto assiste ao seu filme favorito \u266a<\/p>\n<p><strong>Caracter\u00edsticas:<\/strong><\/p>\n<ul>\n<li><strong>10 modos de impulso e vibra\u00e7\u00e3o:<\/strong> 10 padr\u00f5es de vibra\u00e7\u00e3o poderosos para aumentar sua libido ao limite. O Masturbador Masculino \u00e9 um masturbador vibrat\u00f3rio de impulso \u00fanico. Isso permitir\u00e1 que voc\u00ea desenvolva ao m\u00e1ximo seus sentidos, at\u00e9 que os formigamentos e calafrios comecem e se espalhem por todo o corpo. O acariciador autom\u00e1tico empurra e vibra t\u00e3o intensamente que voc\u00ea n\u00e3o consegue evitar tensionar os m\u00fasculos com for\u00e7a e a libera\u00e7\u00e3o \u00e9 sentida profundamente.<\/li>\n<li><strong>At\u00e9 42 graus de temperatura:<\/strong> Experimente as sensa\u00e7\u00f5es de prazer aprimoradas criadas pelo calor, envolvendo calorosamente seu p\u00eanis para uma sensa\u00e7\u00e3o ainda mais confort\u00e1vel. e realista! A fun\u00e7\u00e3o de aquecimento contribui para uma experi\u00eancia ainda mais realista. A caracter\u00edstica de aquecimento canalizada pela pele macia e aveludada proporciona uma sensa\u00e7\u00e3o de toque natural. Voc\u00ea pode sentir o calor, o pulso e as ondas.<\/li>\n<li><strong>Suporte de telefone para liberar suas m\u00e3os:<\/strong> Este brinquedo autom\u00e1tico de prazer sexual para homens vem completo com um suporte de telefone para liberar suas m\u00e3os. Fique de olho na a\u00e7\u00e3o com a janela transparente e encontre o seu \u00e2ngulo preferido com os bra\u00e7os ajust\u00e1veis. Voc\u00ea pode at\u00e9 abrir seu site favorito e realmente se sentir\u00e1 aqui. \u00c9 como o para\u00edso; Tudo que voc\u00ea quer \u00e9 desacelerar e aproveitar mais.<\/li>\n<li><strong>Material macio premium e carregamento USB:<\/strong> a bateria recarreg\u00e1vel USB fornece 1 hora de reprodu\u00e7\u00e3o com uma \u00fanica carga. Feito de silicone premium seguro para o corpo, macio ao toque e el\u00e1stico para envolver seu eixo. Deslize e deslize para dentro, assim como na boca quente e \u00famida do seu parceiro, a suc\u00e7\u00e3o da garganta profunda em sua parte vulner\u00e1vel \u00e9 estimulante. Combine-o com lubrificante para otimizar sua experi\u00eancia.<\/li>\n<li><strong>Design silencioso:<\/strong> este masturbador masculino, o cabo de alimenta\u00e7\u00e3o ficar\u00e1 transparente. \u00c9 envolto em algod\u00e3o \u00e0 prova de som para evitar ru\u00eddos ressonantes. Voc\u00ea pode desfrutar do prazer que isso traz em paz. embalado em uma caixa discreta para proteger a privacidade do mesmo.<\/li>\n<\/ul>\n","protected":false},"excerpt":{"rendered":"<p>GAME CUP &#8211;  MASTURBADOR DE VIBRA\u00c7\u00c3O DE IMPULSO COM FUN\u00c7\u00c3O DE AQUECIMENTO E SUPORTE M\u00d3VEL &#8211; PRETO<\/p>\n","protected":false},"featured_media":97157,"template":"","meta":{"_acf_changed":false},"product_brand":[],"product_cat":[17,58,60],"product_tag":[],"class_list":{"0":"post-44427","1":"product","2":"type-product","3":"status-publish","4":"has-post-thumbnail","6":"product_cat-brinquedos-de-bem-estar-sexual","7":"product_cat-masturbadores-para-penis","8":"product_cat-para-eles","9":"yith_product_brand-baile","10":"yith_product_brand-bailebaile-for-him","12":"first","13":"instock","14":"taxable","15":"shipping-taxable","16":"purchasable","17":"product-type-simple"},"acf":[],"yoast_head":"<!-- This site is optimized with the Yoast SEO plugin v27.4 - https:\/\/yoast.com\/product\/yoast-seo-wordpress\/ -->\n<title>GAME CUP - MASTURBADOR DE VIBRA\u00c7\u00c3O DE IMPULSO COM FUN\u00c7\u00c3O DE AQUECIMENTO E SUPORTE M\u00d3VEL - PRETO - Lovme<\/title>\n<meta name=\"robots\" content=\"index, follow, max-snippet:-1, max-image-preview:large, max-video-preview:-1\" \/>\n<link rel=\"canonical\" href=\"https:\/\/lovme.pt\/index.php\/produto\/game-cup-masturbador-de-vibracao-de-impulso-com-funcao-de-aquecimento-e-suporte-movel-preto\/\" \/>\n<meta property=\"og:locale\" content=\"pt_PT\" \/>\n<meta property=\"og:type\" content=\"article\" \/>\n<meta property=\"og:title\" content=\"GAME CUP - MASTURBADOR DE VIBRA\u00c7\u00c3O DE IMPULSO COM FUN\u00c7\u00c3O DE AQUECIMENTO E SUPORTE M\u00d3VEL - PRETO - Lovme\" \/>\n<meta property=\"og:description\" content=\"GAME CUP - MASTURBADOR DE VIBRA\u00c7\u00c3O DE IMPULSO COM FUN\u00c7\u00c3O DE AQUECIMENTO E SUPORTE M\u00d3VEL - PRETO\" \/>\n<meta property=\"og:url\" content=\"https:\/\/lovme.pt\/index.php\/produto\/game-cup-masturbador-de-vibracao-de-impulso-com-funcao-de-aquecimento-e-suporte-movel-preto\/\" \/>\n<meta property=\"og:site_name\" content=\"Lovme\" \/>\n<meta property=\"article:modified_time\" content=\"2026-02-19T20:19:10+00:00\" \/>\n<meta property=\"og:image\" content=\"https:\/\/erki24nd3ub.exactdn.com\/wp-content\/uploads\/dream\/img\/img_151650_b787c79179db18ed230d6acda146bf40_1.jpg?strip=all\" \/>\n\t<meta property=\"og:image:width\" content=\"800\" \/>\n\t<meta property=\"og:image:height\" content=\"800\" \/>\n\t<meta property=\"og:image:type\" content=\"image\/jpeg\" \/>\n<meta name=\"twitter:card\" content=\"summary_large_image\" \/>\n<meta name=\"twitter:label1\" content=\"Tempo estimado de leitura\" \/>\n\t<meta name=\"twitter:data1\" content=\"2 minutos\" \/>\n<script type=\"application\/ld+json\" class=\"yoast-schema-graph\">{\"@context\":\"https:\\\/\\\/schema.org\",\"@graph\":[{\"@type\":\"WebPage\",\"@id\":\"https:\\\/\\\/lovme.pt\\\/index.php\\\/produto\\\/game-cup-masturbador-de-vibracao-de-impulso-com-funcao-de-aquecimento-e-suporte-movel-preto\\\/\",\"url\":\"https:\\\/\\\/lovme.pt\\\/index.php\\\/produto\\\/game-cup-masturbador-de-vibracao-de-impulso-com-funcao-de-aquecimento-e-suporte-movel-preto\\\/\",\"name\":\"GAME CUP - MASTURBADOR DE VIBRA\u00c7\u00c3O DE IMPULSO COM FUN\u00c7\u00c3O DE AQUECIMENTO E SUPORTE M\u00d3VEL - PRETO - Lovme\",\"isPartOf\":{\"@id\":\"https:\\\/\\\/lovme.pt\\\/#website\"},\"primaryImageOfPage\":{\"@id\":\"https:\\\/\\\/lovme.pt\\\/index.php\\\/produto\\\/game-cup-masturbador-de-vibracao-de-impulso-com-funcao-de-aquecimento-e-suporte-movel-preto\\\/#primaryimage\"},\"image\":{\"@id\":\"https:\\\/\\\/lovme.pt\\\/index.php\\\/produto\\\/game-cup-masturbador-de-vibracao-de-impulso-com-funcao-de-aquecimento-e-suporte-movel-preto\\\/#primaryimage\"},\"thumbnailUrl\":\"https:\\\/\\\/erki24nd3ub.exactdn.com\\\/wp-content\\\/uploads\\\/dream\\\/img\\\/img_151650_b787c79179db18ed230d6acda146bf40_1.jpg?strip=all\",\"datePublished\":\"2025-10-01T02:28:59+00:00\",\"dateModified\":\"2026-02-19T20:19:10+00:00\",\"breadcrumb\":{\"@id\":\"https:\\\/\\\/lovme.pt\\\/index.php\\\/produto\\\/game-cup-masturbador-de-vibracao-de-impulso-com-funcao-de-aquecimento-e-suporte-movel-preto\\\/#breadcrumb\"},\"inLanguage\":\"pt-PT\",\"potentialAction\":[{\"@type\":\"ReadAction\",\"target\":[\"https:\\\/\\\/lovme.pt\\\/index.php\\\/produto\\\/game-cup-masturbador-de-vibracao-de-impulso-com-funcao-de-aquecimento-e-suporte-movel-preto\\\/\"]}]},{\"@type\":\"ImageObject\",\"inLanguage\":\"pt-PT\",\"@id\":\"https:\\\/\\\/lovme.pt\\\/index.php\\\/produto\\\/game-cup-masturbador-de-vibracao-de-impulso-com-funcao-de-aquecimento-e-suporte-movel-preto\\\/#primaryimage\",\"url\":\"https:\\\/\\\/erki24nd3ub.exactdn.com\\\/wp-content\\\/uploads\\\/dream\\\/img\\\/img_151650_b787c79179db18ed230d6acda146bf40_1.jpg?strip=all\",\"contentUrl\":\"https:\\\/\\\/erki24nd3ub.exactdn.com\\\/wp-content\\\/uploads\\\/dream\\\/img\\\/img_151650_b787c79179db18ed230d6acda146bf40_1.jpg?strip=all\",\"width\":800,\"height\":800},{\"@type\":\"BreadcrumbList\",\"@id\":\"https:\\\/\\\/lovme.pt\\\/index.php\\\/produto\\\/game-cup-masturbador-de-vibracao-de-impulso-com-funcao-de-aquecimento-e-suporte-movel-preto\\\/#breadcrumb\",\"itemListElement\":[{\"@type\":\"ListItem\",\"position\":1,\"name\":\"In\u00edcio\",\"item\":\"https:\\\/\\\/lovme.pt\\\/\"},{\"@type\":\"ListItem\",\"position\":2,\"name\":\"Loja\",\"item\":\"https:\\\/\\\/lovme.pt\\\/index.php\\\/loja\\\/\"},{\"@type\":\"ListItem\",\"position\":3,\"name\":\"GAME CUP &#8211; MASTURBADOR DE VIBRA\u00c7\u00c3O DE IMPULSO COM FUN\u00c7\u00c3O DE AQUECIMENTO E SUPORTE M\u00d3VEL &#8211; PRETO\"}]},{\"@type\":\"WebSite\",\"@id\":\"https:\\\/\\\/lovme.pt\\\/#website\",\"url\":\"https:\\\/\\\/lovme.pt\\\/\",\"name\":\"Lovme Loja Er\u00f3tica N\u00ba1 em Portugal\",\"description\":\"A melhor loja er\u00f3tica de Portugal.\",\"alternateName\":\"Loja Er\u00f3tica Lovme\",\"potentialAction\":[{\"@type\":\"SearchAction\",\"target\":{\"@type\":\"EntryPoint\",\"urlTemplate\":\"https:\\\/\\\/lovme.pt\\\/?s={search_term_string}\"},\"query-input\":{\"@type\":\"PropertyValueSpecification\",\"valueRequired\":true,\"valueName\":\"search_term_string\"}}],\"inLanguage\":\"pt-PT\"}]}<\/script>\n<!-- \/ Yoast SEO plugin. -->","yoast_head_json":{"title":"GAME CUP - MASTURBADOR DE VIBRA\u00c7\u00c3O DE IMPULSO COM FUN\u00c7\u00c3O DE AQUECIMENTO E SUPORTE M\u00d3VEL - PRETO - Lovme","robots":{"index":"index","follow":"follow","max-snippet":"max-snippet:-1","max-image-preview":"max-image-preview:large","max-video-preview":"max-video-preview:-1"},"canonical":"https:\/\/lovme.pt\/index.php\/produto\/game-cup-masturbador-de-vibracao-de-impulso-com-funcao-de-aquecimento-e-suporte-movel-preto\/","og_locale":"pt_PT","og_type":"article","og_title":"GAME CUP - MASTURBADOR DE VIBRA\u00c7\u00c3O DE IMPULSO COM FUN\u00c7\u00c3O DE AQUECIMENTO E SUPORTE M\u00d3VEL - PRETO - Lovme","og_description":"GAME CUP - MASTURBADOR DE VIBRA\u00c7\u00c3O DE IMPULSO COM FUN\u00c7\u00c3O DE AQUECIMENTO E SUPORTE M\u00d3VEL - PRETO","og_url":"https:\/\/lovme.pt\/index.php\/produto\/game-cup-masturbador-de-vibracao-de-impulso-com-funcao-de-aquecimento-e-suporte-movel-preto\/","og_site_name":"Lovme","article_modified_time":"2026-02-19T20:19:10+00:00","og_image":[{"width":800,"height":800,"url":"https:\/\/erki24nd3ub.exactdn.com\/wp-content\/uploads\/dream\/img\/img_151650_b787c79179db18ed230d6acda146bf40_1.jpg?strip=all","type":"image\/jpeg"}],"twitter_card":"summary_large_image","twitter_misc":{"Tempo estimado de leitura":"2 minutos"},"schema":{"@context":"https:\/\/schema.org","@graph":[{"@type":"WebPage","@id":"https:\/\/lovme.pt\/index.php\/produto\/game-cup-masturbador-de-vibracao-de-impulso-com-funcao-de-aquecimento-e-suporte-movel-preto\/","url":"https:\/\/lovme.pt\/index.php\/produto\/game-cup-masturbador-de-vibracao-de-impulso-com-funcao-de-aquecimento-e-suporte-movel-preto\/","name":"GAME CUP - MASTURBADOR DE VIBRA\u00c7\u00c3O DE IMPULSO COM FUN\u00c7\u00c3O DE AQUECIMENTO E SUPORTE M\u00d3VEL - PRETO - Lovme","isPartOf":{"@id":"https:\/\/lovme.pt\/#website"},"primaryImageOfPage":{"@id":"https:\/\/lovme.pt\/index.php\/produto\/game-cup-masturbador-de-vibracao-de-impulso-com-funcao-de-aquecimento-e-suporte-movel-preto\/#primaryimage"},"image":{"@id":"https:\/\/lovme.pt\/index.php\/produto\/game-cup-masturbador-de-vibracao-de-impulso-com-funcao-de-aquecimento-e-suporte-movel-preto\/#primaryimage"},"thumbnailUrl":"https:\/\/erki24nd3ub.exactdn.com\/wp-content\/uploads\/dream\/img\/img_151650_b787c79179db18ed230d6acda146bf40_1.jpg?strip=all","datePublished":"2025-10-01T02:28:59+00:00","dateModified":"2026-02-19T20:19:10+00:00","breadcrumb":{"@id":"https:\/\/lovme.pt\/index.php\/produto\/game-cup-masturbador-de-vibracao-de-impulso-com-funcao-de-aquecimento-e-suporte-movel-preto\/#breadcrumb"},"inLanguage":"pt-PT","potentialAction":[{"@type":"ReadAction","target":["https:\/\/lovme.pt\/index.php\/produto\/game-cup-masturbador-de-vibracao-de-impulso-com-funcao-de-aquecimento-e-suporte-movel-preto\/"]}]},{"@type":"ImageObject","inLanguage":"pt-PT","@id":"https:\/\/lovme.pt\/index.php\/produto\/game-cup-masturbador-de-vibracao-de-impulso-com-funcao-de-aquecimento-e-suporte-movel-preto\/#primaryimage","url":"https:\/\/erki24nd3ub.exactdn.com\/wp-content\/uploads\/dream\/img\/img_151650_b787c79179db18ed230d6acda146bf40_1.jpg?strip=all","contentUrl":"https:\/\/erki24nd3ub.exactdn.com\/wp-content\/uploads\/dream\/img\/img_151650_b787c79179db18ed230d6acda146bf40_1.jpg?strip=all","width":800,"height":800},{"@type":"BreadcrumbList","@id":"https:\/\/lovme.pt\/index.php\/produto\/game-cup-masturbador-de-vibracao-de-impulso-com-funcao-de-aquecimento-e-suporte-movel-preto\/#breadcrumb","itemListElement":[{"@type":"ListItem","position":1,"name":"In\u00edcio","item":"https:\/\/lovme.pt\/"},{"@type":"ListItem","position":2,"name":"Loja","item":"https:\/\/lovme.pt\/index.php\/loja\/"},{"@type":"ListItem","position":3,"name":"GAME CUP &#8211; MASTURBADOR DE VIBRA\u00c7\u00c3O DE IMPULSO COM FUN\u00c7\u00c3O DE AQUECIMENTO E SUPORTE M\u00d3VEL &#8211; PRETO"}]},{"@type":"WebSite","@id":"https:\/\/lovme.pt\/#website","url":"https:\/\/lovme.pt\/","name":"Lovme Loja Er\u00f3tica N\u00ba1 em Portugal","description":"A melhor loja er\u00f3tica de Portugal.","alternateName":"Loja Er\u00f3tica Lovme","potentialAction":[{"@type":"SearchAction","target":{"@type":"EntryPoint","urlTemplate":"https:\/\/lovme.pt\/?s={search_term_string}"},"query-input":{"@type":"PropertyValueSpecification","valueRequired":true,"valueName":"search_term_string"}}],"inLanguage":"pt-PT"}]}},"_links":{"self":[{"href":"https:\/\/lovme.pt\/index.php\/wp-json\/wp\/v2\/product\/44427","targetHints":{"allow":["GET"]}}],"collection":[{"href":"https:\/\/lovme.pt\/index.php\/wp-json\/wp\/v2\/product"}],"about":[{"href":"https:\/\/lovme.pt\/index.php\/wp-json\/wp\/v2\/types\/product"}],"wp:featuredmedia":[{"embeddable":true,"href":"https:\/\/lovme.pt\/index.php\/wp-json\/wp\/v2\/media\/97157"}],"wp:attachment":[{"href":"https:\/\/lovme.pt\/index.php\/wp-json\/wp\/v2\/media?parent=44427"}],"wp:term":[{"taxonomy":"product_brand","embeddable":true,"href":"https:\/\/lovme.pt\/index.php\/wp-json\/wp\/v2\/product_brand?post=44427"},{"taxonomy":"product_cat","embeddable":true,"href":"https:\/\/lovme.pt\/index.php\/wp-json\/wp\/v2\/product_cat?post=44427"},{"taxonomy":"product_tag","embeddable":true,"href":"https:\/\/lovme.pt\/index.php\/wp-json\/wp\/v2\/product_tag?post=44427"}],"curies":[{"name":"wp","href":"https:\/\/api.w.org\/{rel}","templated":true}]}}