{"id":44379,"date":"2025-09-30T23:03:51","date_gmt":"2025-09-30T23:03:51","guid":{"rendered":"https:\/\/lovme.pt\/?post_type=product&p=44379"},"modified":"2026-05-13T16:41:48","modified_gmt":"2026-05-13T16:41:48","slug":"intense-fetish-mscara-cega-vegana","status":"publish","type":"product","link":"https:\/\/lovme.pt\/index.php\/produto\/intense-fetish-mscara-cega-vegana\/","title":{"rendered":"INTENSE &#8211; FETISH MSCARA CEGA VEGANA"},"content":{"rendered":"<p>Apresentamos nossa requintada m\u00e1scara de dormir de couro vegano: a mistura perfeita de eleg\u00e2ncia, conforto e \u00e9tica. Projetada para proporcionar momentos de relaxamento e descanso, esta m\u00e1scara de dormir foi meticulosamente confeccionada com materiais de primeira linha que reproduzem perfeitamente a apar\u00eancia e a textura do couro genu\u00edno, ao mesmo tempo que defendem nossos valores \u00e9ticos.<\/p>\n<p><strong>Caracter\u00edsticas principais:<\/strong><\/p>\n<ul>\n<li><strong>Couro Vegano Premium:<\/strong> Nossa m\u00e1scara de dormir \u00e9 feita com couro vegano premium. Esta escolha n\u00e3o s\u00f3 preserva o apelo est\u00e9tico do couro, mas tamb\u00e9m respeita a vida animal e o meio ambiente.<\/li>\n<li><strong>Design ergon\u00f4mico:<\/strong> Projetamos esta m\u00e1scara de dormir pensando no seu conforto. O seu formato contornado adapta-se suavemente \u00e0s curvas do seu rosto, bloqueando eficazmente a luz e proporcionando uma suavidade calmante.<\/li>\n<li><strong>Ajuste personaliz\u00e1vel:<\/strong> Gra\u00e7as ao seu el\u00e1stico ajust\u00e1vel, esta m\u00e1scara de dormir cabe em uma ampla variedade de tamanhos de cabe\u00e7a sem causar desconforto ou press\u00e3o indevida.<\/li>\n<li><strong>Sensa\u00e7\u00e3o suave e luxuosa:<\/strong> Apesar de ser vegano, o couro utilizado na m\u00e1scara oferece uma experi\u00eancia t\u00e1til luxuosa e suave, tornando cada uso um deleite para os seus sentidos.<\/li>\n<li><strong>Bloqueio Eficaz de Luz:<\/strong> Aproveite a escurid\u00e3o que voc\u00ea precisa para um sono restaurador ou momentos de relaxamento profundo. O design inteligente e os materiais de qualidade garantem o bloqueio completo da luz indesejada.<\/li>\n<li><strong>Durabilidade excepcional:<\/strong> nossa m\u00e1scara de dormir de couro vegano foi feita para durar. Materiais de alta qualidade e constru\u00e7\u00e3o robusta garantem que ele continue sendo seu companheiro confi\u00e1vel por muito tempo.<\/li>\n<li><strong>F\u00e1cil manuten\u00e7\u00e3o:<\/strong> Ao contr\u00e1rio do couro tradicional, o couro vegano \u00e9 resistente \u00e0 \u00e1gua e f\u00e1cil de limpar. Uma limpeza suave com um pano \u00famido \u00e9 suficiente para mant\u00ea-lo em perfeitas condi\u00e7\u00f5es.<\/li>\n<li><strong>Estilo sofisticado:<\/strong> esteja voc\u00ea viajando, em casa ou meditando, esta m\u00e1scara de dormir adiciona um toque de eleg\u00e2ncia \u00e0 sua rotina. Seu design cl\u00e1ssico e atemporal combina com v\u00e1rios estilos e ocasi\u00f5es.<\/li>\n<\/ul>\n<p>Experimente o luxo consciente com nossa m\u00e1scara de dormir de couro vegano. Combine moda, conforto e sustentabilidade em um s\u00f3 produto, abrindo caminho para um mundo mais \u00e9tico sem sacrificar seu estilo pessoal. Descubra um descanso tranquilo enquanto contribui para o bem-estar do planeta.<\/p>\n<p>\u00a0<\/p>\n<p><strong>FETICHE INTENSO<\/strong><\/p>\n<p>Bem-vindo ao emocionante mundo do <strong>INTENSE FETISH<\/strong> , onde os seus desejos mais profundos encontram express\u00e3o atrav\u00e9s de produtos concebidos para satisfazer as suas fantasias mais intensas. Somos uma marca que abra\u00e7a a diversidade e a paix\u00e3o, oferecendo uma vasta gama de artigos para adultos que convidam a explorar e experimentar sem limites.<\/p>\n","protected":false},"excerpt":{"rendered":"<p>INTENSE &#8211; FETISH MSCARA CEGA VEGANA<\/p>\n","protected":false},"featured_media":83207,"template":"","meta":{"_acf_changed":false},"product_brand":[],"product_cat":[48],"product_tag":[],"class_list":{"0":"post-44379","1":"product","2":"type-product","3":"status-publish","4":"has-post-thumbnail","6":"product_cat-bdsm","7":"yith_product_brand-intense-fetish","9":"first","10":"instock","11":"taxable","12":"shipping-taxable","13":"purchasable","14":"product-type-simple"},"acf":[],"yoast_head":"<!-- This site is optimized with the Yoast SEO plugin v27.4 - https:\/\/yoast.com\/product\/yoast-seo-wordpress\/ -->\n<title>INTENSE - FETISH MSCARA CEGA VEGANA - Lovme<\/title>\n<meta name=\"robots\" content=\"index, follow, max-snippet:-1, max-image-preview:large, max-video-preview:-1\" \/>\n<link rel=\"canonical\" href=\"https:\/\/lovme.pt\/index.php\/produto\/intense-fetish-mscara-cega-vegana\/\" \/>\n<meta property=\"og:locale\" content=\"pt_PT\" \/>\n<meta property=\"og:type\" content=\"article\" \/>\n<meta property=\"og:title\" content=\"INTENSE - FETISH MSCARA CEGA VEGANA - Lovme\" \/>\n<meta property=\"og:description\" content=\"INTENSE - FETISH MSCARA CEGA VEGANA\" \/>\n<meta property=\"og:url\" content=\"https:\/\/lovme.pt\/index.php\/produto\/intense-fetish-mscara-cega-vegana\/\" \/>\n<meta property=\"og:site_name\" content=\"Lovme\" \/>\n<meta property=\"article:modified_time\" content=\"2026-05-13T16:41:48+00:00\" \/>\n<meta property=\"og:image\" content=\"https:\/\/erki24nd3ub.exactdn.com\/wp-content\/uploads\/dream\/img\/img_151529_fcd88a9c937879cbaa8075d1b36e2760_1.png?strip=all\" \/>\n\t<meta property=\"og:image:width\" content=\"800\" \/>\n\t<meta property=\"og:image:height\" content=\"800\" \/>\n\t<meta property=\"og:image:type\" content=\"image\/png\" \/>\n<meta name=\"twitter:card\" content=\"summary_large_image\" \/>\n<meta name=\"twitter:label1\" content=\"Tempo estimado de leitura\" \/>\n\t<meta name=\"twitter:data1\" content=\"2 minutos\" \/>\n<script type=\"application\/ld+json\" class=\"yoast-schema-graph\">{\"@context\":\"https:\\\/\\\/schema.org\",\"@graph\":[{\"@type\":\"WebPage\",\"@id\":\"https:\\\/\\\/lovme.pt\\\/index.php\\\/produto\\\/intense-fetish-mscara-cega-vegana\\\/\",\"url\":\"https:\\\/\\\/lovme.pt\\\/index.php\\\/produto\\\/intense-fetish-mscara-cega-vegana\\\/\",\"name\":\"INTENSE - FETISH MSCARA CEGA VEGANA - Lovme\",\"isPartOf\":{\"@id\":\"https:\\\/\\\/lovme.pt\\\/#website\"},\"primaryImageOfPage\":{\"@id\":\"https:\\\/\\\/lovme.pt\\\/index.php\\\/produto\\\/intense-fetish-mscara-cega-vegana\\\/#primaryimage\"},\"image\":{\"@id\":\"https:\\\/\\\/lovme.pt\\\/index.php\\\/produto\\\/intense-fetish-mscara-cega-vegana\\\/#primaryimage\"},\"thumbnailUrl\":\"https:\\\/\\\/erki24nd3ub.exactdn.com\\\/wp-content\\\/uploads\\\/dream\\\/img\\\/img_151529_fcd88a9c937879cbaa8075d1b36e2760_1.png?strip=all\",\"datePublished\":\"2025-09-30T23:03:51+00:00\",\"dateModified\":\"2026-05-13T16:41:48+00:00\",\"breadcrumb\":{\"@id\":\"https:\\\/\\\/lovme.pt\\\/index.php\\\/produto\\\/intense-fetish-mscara-cega-vegana\\\/#breadcrumb\"},\"inLanguage\":\"pt-PT\",\"potentialAction\":[{\"@type\":\"ReadAction\",\"target\":[\"https:\\\/\\\/lovme.pt\\\/index.php\\\/produto\\\/intense-fetish-mscara-cega-vegana\\\/\"]}]},{\"@type\":\"ImageObject\",\"inLanguage\":\"pt-PT\",\"@id\":\"https:\\\/\\\/lovme.pt\\\/index.php\\\/produto\\\/intense-fetish-mscara-cega-vegana\\\/#primaryimage\",\"url\":\"https:\\\/\\\/erki24nd3ub.exactdn.com\\\/wp-content\\\/uploads\\\/dream\\\/img\\\/img_151529_fcd88a9c937879cbaa8075d1b36e2760_1.png?strip=all\",\"contentUrl\":\"https:\\\/\\\/erki24nd3ub.exactdn.com\\\/wp-content\\\/uploads\\\/dream\\\/img\\\/img_151529_fcd88a9c937879cbaa8075d1b36e2760_1.png?strip=all\",\"width\":800,\"height\":800},{\"@type\":\"BreadcrumbList\",\"@id\":\"https:\\\/\\\/lovme.pt\\\/index.php\\\/produto\\\/intense-fetish-mscara-cega-vegana\\\/#breadcrumb\",\"itemListElement\":[{\"@type\":\"ListItem\",\"position\":1,\"name\":\"In\u00edcio\",\"item\":\"https:\\\/\\\/lovme.pt\\\/\"},{\"@type\":\"ListItem\",\"position\":2,\"name\":\"Loja\",\"item\":\"https:\\\/\\\/lovme.pt\\\/index.php\\\/loja\\\/\"},{\"@type\":\"ListItem\",\"position\":3,\"name\":\"INTENSE &#8211; FETISH MSCARA CEGA VEGANA\"}]},{\"@type\":\"WebSite\",\"@id\":\"https:\\\/\\\/lovme.pt\\\/#website\",\"url\":\"https:\\\/\\\/lovme.pt\\\/\",\"name\":\"Lovme Loja Er\u00f3tica N\u00ba1 em Portugal\",\"description\":\"A melhor loja er\u00f3tica de Portugal.\",\"alternateName\":\"Loja Er\u00f3tica Lovme\",\"potentialAction\":[{\"@type\":\"SearchAction\",\"target\":{\"@type\":\"EntryPoint\",\"urlTemplate\":\"https:\\\/\\\/lovme.pt\\\/?s={search_term_string}\"},\"query-input\":{\"@type\":\"PropertyValueSpecification\",\"valueRequired\":true,\"valueName\":\"search_term_string\"}}],\"inLanguage\":\"pt-PT\"}]}<\/script>\n<!-- \/ Yoast SEO plugin. -->","yoast_head_json":{"title":"INTENSE - FETISH MSCARA CEGA VEGANA - Lovme","robots":{"index":"index","follow":"follow","max-snippet":"max-snippet:-1","max-image-preview":"max-image-preview:large","max-video-preview":"max-video-preview:-1"},"canonical":"https:\/\/lovme.pt\/index.php\/produto\/intense-fetish-mscara-cega-vegana\/","og_locale":"pt_PT","og_type":"article","og_title":"INTENSE - FETISH MSCARA CEGA VEGANA - Lovme","og_description":"INTENSE - FETISH MSCARA CEGA VEGANA","og_url":"https:\/\/lovme.pt\/index.php\/produto\/intense-fetish-mscara-cega-vegana\/","og_site_name":"Lovme","article_modified_time":"2026-05-13T16:41:48+00:00","og_image":[{"width":800,"height":800,"url":"https:\/\/erki24nd3ub.exactdn.com\/wp-content\/uploads\/dream\/img\/img_151529_fcd88a9c937879cbaa8075d1b36e2760_1.png?strip=all","type":"image\/png"}],"twitter_card":"summary_large_image","twitter_misc":{"Tempo estimado de leitura":"2 minutos"},"schema":{"@context":"https:\/\/schema.org","@graph":[{"@type":"WebPage","@id":"https:\/\/lovme.pt\/index.php\/produto\/intense-fetish-mscara-cega-vegana\/","url":"https:\/\/lovme.pt\/index.php\/produto\/intense-fetish-mscara-cega-vegana\/","name":"INTENSE - FETISH MSCARA CEGA VEGANA - Lovme","isPartOf":{"@id":"https:\/\/lovme.pt\/#website"},"primaryImageOfPage":{"@id":"https:\/\/lovme.pt\/index.php\/produto\/intense-fetish-mscara-cega-vegana\/#primaryimage"},"image":{"@id":"https:\/\/lovme.pt\/index.php\/produto\/intense-fetish-mscara-cega-vegana\/#primaryimage"},"thumbnailUrl":"https:\/\/erki24nd3ub.exactdn.com\/wp-content\/uploads\/dream\/img\/img_151529_fcd88a9c937879cbaa8075d1b36e2760_1.png?strip=all","datePublished":"2025-09-30T23:03:51+00:00","dateModified":"2026-05-13T16:41:48+00:00","breadcrumb":{"@id":"https:\/\/lovme.pt\/index.php\/produto\/intense-fetish-mscara-cega-vegana\/#breadcrumb"},"inLanguage":"pt-PT","potentialAction":[{"@type":"ReadAction","target":["https:\/\/lovme.pt\/index.php\/produto\/intense-fetish-mscara-cega-vegana\/"]}]},{"@type":"ImageObject","inLanguage":"pt-PT","@id":"https:\/\/lovme.pt\/index.php\/produto\/intense-fetish-mscara-cega-vegana\/#primaryimage","url":"https:\/\/erki24nd3ub.exactdn.com\/wp-content\/uploads\/dream\/img\/img_151529_fcd88a9c937879cbaa8075d1b36e2760_1.png?strip=all","contentUrl":"https:\/\/erki24nd3ub.exactdn.com\/wp-content\/uploads\/dream\/img\/img_151529_fcd88a9c937879cbaa8075d1b36e2760_1.png?strip=all","width":800,"height":800},{"@type":"BreadcrumbList","@id":"https:\/\/lovme.pt\/index.php\/produto\/intense-fetish-mscara-cega-vegana\/#breadcrumb","itemListElement":[{"@type":"ListItem","position":1,"name":"In\u00edcio","item":"https:\/\/lovme.pt\/"},{"@type":"ListItem","position":2,"name":"Loja","item":"https:\/\/lovme.pt\/index.php\/loja\/"},{"@type":"ListItem","position":3,"name":"INTENSE &#8211; FETISH MSCARA CEGA VEGANA"}]},{"@type":"WebSite","@id":"https:\/\/lovme.pt\/#website","url":"https:\/\/lovme.pt\/","name":"Lovme Loja Er\u00f3tica N\u00ba1 em Portugal","description":"A melhor loja er\u00f3tica de Portugal.","alternateName":"Loja Er\u00f3tica Lovme","potentialAction":[{"@type":"SearchAction","target":{"@type":"EntryPoint","urlTemplate":"https:\/\/lovme.pt\/?s={search_term_string}"},"query-input":{"@type":"PropertyValueSpecification","valueRequired":true,"valueName":"search_term_string"}}],"inLanguage":"pt-PT"}]}},"_links":{"self":[{"href":"https:\/\/lovme.pt\/index.php\/wp-json\/wp\/v2\/product\/44379","targetHints":{"allow":["GET"]}}],"collection":[{"href":"https:\/\/lovme.pt\/index.php\/wp-json\/wp\/v2\/product"}],"about":[{"href":"https:\/\/lovme.pt\/index.php\/wp-json\/wp\/v2\/types\/product"}],"wp:featuredmedia":[{"embeddable":true,"href":"https:\/\/lovme.pt\/index.php\/wp-json\/wp\/v2\/media\/83207"}],"wp:attachment":[{"href":"https:\/\/lovme.pt\/index.php\/wp-json\/wp\/v2\/media?parent=44379"}],"wp:term":[{"taxonomy":"product_brand","embeddable":true,"href":"https:\/\/lovme.pt\/index.php\/wp-json\/wp\/v2\/product_brand?post=44379"},{"taxonomy":"product_cat","embeddable":true,"href":"https:\/\/lovme.pt\/index.php\/wp-json\/wp\/v2\/product_cat?post=44379"},{"taxonomy":"product_tag","embeddable":true,"href":"https:\/\/lovme.pt\/index.php\/wp-json\/wp\/v2\/product_tag?post=44379"}],"curies":[{"name":"wp","href":"https:\/\/api.w.org\/{rel}","templated":true}]}}