{"id":44169,"date":"2025-09-30T09:57:26","date_gmt":"2025-09-30T09:57:26","guid":{"rendered":"https:\/\/lovme.pt\/?post_type=product&p=44169"},"modified":"2026-02-19T20:06:06","modified_gmt":"2026-02-19T20:06:06","slug":"pipedreams-arnes-body-dock-g-spot-pro","status":"publish","type":"product","link":"https:\/\/lovme.pt\/index.php\/produto\/pipedreams-arnes-body-dock-g-spot-pro\/","title":{"rendered":"PIPEDREAMS &#8211; ARN\u00caS BODY DOCK G-SPOT PRO"},"content":{"rendered":"<p><strong>Sem an\u00e9is. Sem Snaps. Sem complica\u00e7\u00f5es!<\/strong><\/p>\n<p><strong>PUSH-AND-PLAY Design patenteado de suc\u00e7\u00e3o + vibra\u00e7\u00e3o!<\/strong><\/p>\n<p>O Body Dock G-Spot Pro patenteado leva o jogo strap-on a um n\u00edvel totalmente novo com VIBRATION! Possui suporte traseiro acolchoado, fivelas de libera\u00e7\u00e3o lateral ajust\u00e1veis e uma placa de encaixe de silicone premium com dois motores potentes para estimula\u00e7\u00e3o interna e externa. Agora, ambos os parceiros podem desfrutar da a\u00e7\u00e3o, que voc\u00ea tamb\u00e9m pode controlar com o controle remoto recarreg\u00e1vel! Mudar seu acess\u00f3rio favorito nunca foi t\u00e3o r\u00e1pido ou f\u00e1cil! \u00c9 t\u00e3o simples quanto prender a ventosa do seu vibrador ou vibrador favorito \u00e0 placa de encaixe, enquanto as tiras de n\u00e1ilon se ajustam facilmente para caber na maioria dos tamanhos e tipos de corpo. O melhor de tudo, ele funciona com a maioria dos dildos no mercado hoje, incluindo alguns que voc\u00ea j\u00e1 possui. Sem an\u00e9is. Sem estalos. Sem problemas!<\/p>\n<p><strong>Design patenteado baseado em suc\u00e7\u00e3o<\/strong><\/p>\n<p>Empurre e jogue! Basta empurrar a ventosa do seu vibrador ou vibrador favorito contra a base de suc\u00e7\u00e3o c\u00f4ncava at\u00e9 que TODO o ar entre eles seja liberado! A suc\u00e7\u00e3o cria uma liga\u00e7\u00e3o super forte sem necessidade de an\u00e9is ou encaixes!<\/p>\n<p><strong>A placa de suc\u00e7\u00e3o angular mant\u00e9m seu vibrador ereto<\/strong><\/p>\n<p>O Body Dock possui uma base de suc\u00e7\u00e3o angulada para ajudar a neutralizar a flacidez causada pelos arreios tradicionais, mantendo tudo com a apar\u00eancia mais natural poss\u00edvel.<\/p>\n<p><strong>Informa\u00e7\u00e3o extra<\/strong><\/p>\n<ul>\n<li>O sistema de correias vibrat\u00f3rias mais f\u00e1cil do mercado!<\/li>\n<li>Acomoda qualquer vibrador com um di\u00e2metro de ventosa de 3,4 pol. 8,6 cm ou menor<\/li>\n<li>Possui placa de corpo de silicone vibrat\u00f3ria com plugue G-Spot, suporte traseiro acolchoado, fivelas ajust\u00e1veis, controle remoto recarreg\u00e1vel e cabo de carregamento USB<\/li>\n<li>A placa de corpo ajustada distribui a press\u00e3o, aumentando uniformemente o conforto, enquanto a base de suc\u00e7\u00e3o angulada mant\u00e9m o vibrador ereto<\/li>\n<li>2 motores potentes com 10 modos de vibra\u00e7\u00e3o<\/li>\n<li>Ajusta-se facilmente para tamanhos de cintura de at\u00e9 54 pol. 137 cm<\/li>\n<\/ul>\n<p>Nos \u00faltimos 20 anos, a Pipedream Products criou e desenvolveu alguns dos produtos inovadores mais vendidos no mundo. Entre esses produtos est\u00e3o brinquedos e vibra\u00e7\u00f5es realistas, mas tamb\u00e9m uma ampla variedade de piadas, lo\u00e7\u00f5es, acess\u00f3rios fetichistas e presentes.<\/p>\n<p>\u00a0<\/p>\n","protected":false},"excerpt":{"rendered":"<p>PIPEDREAMS &#8211; ARN\u00caS BODY DOCK G-SPOT PRO<\/p>\n","protected":false},"featured_media":59918,"template":"","meta":{"_acf_changed":false},"product_brand":[],"product_cat":[17,56],"product_tag":[],"class_list":{"0":"post-44169","1":"product","2":"type-product","3":"status-publish","4":"has-post-thumbnail","6":"product_cat-brinquedos-de-bem-estar-sexual","7":"product_cat-dildos-e-arneses","8":"yith_product_brand-pipedreams","10":"first","11":"instock","12":"taxable","13":"shipping-taxable","14":"purchasable","15":"product-type-simple"},"acf":[],"yoast_head":"<!-- This site is optimized with the Yoast SEO plugin v27.4 - https:\/\/yoast.com\/product\/yoast-seo-wordpress\/ -->\n<title>PIPEDREAMS - ARN\u00caS BODY DOCK G-SPOT PRO - Lovme<\/title>\n<meta name=\"robots\" content=\"index, follow, max-snippet:-1, max-image-preview:large, max-video-preview:-1\" \/>\n<link rel=\"canonical\" href=\"https:\/\/lovme.pt\/index.php\/produto\/pipedreams-arnes-body-dock-g-spot-pro\/\" \/>\n<meta property=\"og:locale\" content=\"pt_PT\" \/>\n<meta property=\"og:type\" content=\"article\" \/>\n<meta property=\"og:title\" content=\"PIPEDREAMS - ARN\u00caS BODY DOCK G-SPOT PRO - Lovme\" \/>\n<meta property=\"og:description\" content=\"PIPEDREAMS - ARN\u00caS BODY DOCK G-SPOT PRO\" \/>\n<meta property=\"og:url\" content=\"https:\/\/lovme.pt\/index.php\/produto\/pipedreams-arnes-body-dock-g-spot-pro\/\" \/>\n<meta property=\"og:site_name\" content=\"Lovme\" \/>\n<meta property=\"article:modified_time\" content=\"2026-02-19T20:06:06+00:00\" \/>\n<meta property=\"og:image\" content=\"https:\/\/erki24nd3ub.exactdn.com\/wp-content\/uploads\/dream\/img\/img_150303_38f9c95dcc708258170ea6c00193dd63_1.jpg?strip=all\" \/>\n\t<meta property=\"og:image:width\" content=\"800\" \/>\n\t<meta property=\"og:image:height\" content=\"800\" \/>\n\t<meta property=\"og:image:type\" content=\"image\/jpeg\" \/>\n<meta name=\"twitter:card\" content=\"summary_large_image\" \/>\n<meta name=\"twitter:label1\" content=\"Tempo estimado de leitura\" \/>\n\t<meta name=\"twitter:data1\" content=\"2 minutos\" \/>\n<script type=\"application\/ld+json\" class=\"yoast-schema-graph\">{\"@context\":\"https:\\\/\\\/schema.org\",\"@graph\":[{\"@type\":\"WebPage\",\"@id\":\"https:\\\/\\\/lovme.pt\\\/index.php\\\/produto\\\/pipedreams-arnes-body-dock-g-spot-pro\\\/\",\"url\":\"https:\\\/\\\/lovme.pt\\\/index.php\\\/produto\\\/pipedreams-arnes-body-dock-g-spot-pro\\\/\",\"name\":\"PIPEDREAMS - ARN\u00caS BODY DOCK G-SPOT PRO - Lovme\",\"isPartOf\":{\"@id\":\"https:\\\/\\\/lovme.pt\\\/#website\"},\"primaryImageOfPage\":{\"@id\":\"https:\\\/\\\/lovme.pt\\\/index.php\\\/produto\\\/pipedreams-arnes-body-dock-g-spot-pro\\\/#primaryimage\"},\"image\":{\"@id\":\"https:\\\/\\\/lovme.pt\\\/index.php\\\/produto\\\/pipedreams-arnes-body-dock-g-spot-pro\\\/#primaryimage\"},\"thumbnailUrl\":\"https:\\\/\\\/erki24nd3ub.exactdn.com\\\/wp-content\\\/uploads\\\/dream\\\/img\\\/img_150303_38f9c95dcc708258170ea6c00193dd63_1.jpg?strip=all\",\"datePublished\":\"2025-09-30T09:57:26+00:00\",\"dateModified\":\"2026-02-19T20:06:06+00:00\",\"breadcrumb\":{\"@id\":\"https:\\\/\\\/lovme.pt\\\/index.php\\\/produto\\\/pipedreams-arnes-body-dock-g-spot-pro\\\/#breadcrumb\"},\"inLanguage\":\"pt-PT\",\"potentialAction\":[{\"@type\":\"ReadAction\",\"target\":[\"https:\\\/\\\/lovme.pt\\\/index.php\\\/produto\\\/pipedreams-arnes-body-dock-g-spot-pro\\\/\"]}]},{\"@type\":\"ImageObject\",\"inLanguage\":\"pt-PT\",\"@id\":\"https:\\\/\\\/lovme.pt\\\/index.php\\\/produto\\\/pipedreams-arnes-body-dock-g-spot-pro\\\/#primaryimage\",\"url\":\"https:\\\/\\\/erki24nd3ub.exactdn.com\\\/wp-content\\\/uploads\\\/dream\\\/img\\\/img_150303_38f9c95dcc708258170ea6c00193dd63_1.jpg?strip=all\",\"contentUrl\":\"https:\\\/\\\/erki24nd3ub.exactdn.com\\\/wp-content\\\/uploads\\\/dream\\\/img\\\/img_150303_38f9c95dcc708258170ea6c00193dd63_1.jpg?strip=all\",\"width\":800,\"height\":800},{\"@type\":\"BreadcrumbList\",\"@id\":\"https:\\\/\\\/lovme.pt\\\/index.php\\\/produto\\\/pipedreams-arnes-body-dock-g-spot-pro\\\/#breadcrumb\",\"itemListElement\":[{\"@type\":\"ListItem\",\"position\":1,\"name\":\"In\u00edcio\",\"item\":\"https:\\\/\\\/lovme.pt\\\/\"},{\"@type\":\"ListItem\",\"position\":2,\"name\":\"Loja\",\"item\":\"https:\\\/\\\/lovme.pt\\\/index.php\\\/loja\\\/\"},{\"@type\":\"ListItem\",\"position\":3,\"name\":\"PIPEDREAMS &#8211; ARN\u00caS BODY DOCK G-SPOT PRO\"}]},{\"@type\":\"WebSite\",\"@id\":\"https:\\\/\\\/lovme.pt\\\/#website\",\"url\":\"https:\\\/\\\/lovme.pt\\\/\",\"name\":\"Lovme Loja Er\u00f3tica N\u00ba1 em Portugal\",\"description\":\"A melhor loja er\u00f3tica de Portugal.\",\"alternateName\":\"Loja Er\u00f3tica Lovme\",\"potentialAction\":[{\"@type\":\"SearchAction\",\"target\":{\"@type\":\"EntryPoint\",\"urlTemplate\":\"https:\\\/\\\/lovme.pt\\\/?s={search_term_string}\"},\"query-input\":{\"@type\":\"PropertyValueSpecification\",\"valueRequired\":true,\"valueName\":\"search_term_string\"}}],\"inLanguage\":\"pt-PT\"}]}<\/script>\n<!-- \/ Yoast SEO plugin. -->","yoast_head_json":{"title":"PIPEDREAMS - ARN\u00caS BODY DOCK G-SPOT PRO - Lovme","robots":{"index":"index","follow":"follow","max-snippet":"max-snippet:-1","max-image-preview":"max-image-preview:large","max-video-preview":"max-video-preview:-1"},"canonical":"https:\/\/lovme.pt\/index.php\/produto\/pipedreams-arnes-body-dock-g-spot-pro\/","og_locale":"pt_PT","og_type":"article","og_title":"PIPEDREAMS - ARN\u00caS BODY DOCK G-SPOT PRO - Lovme","og_description":"PIPEDREAMS - ARN\u00caS BODY DOCK G-SPOT PRO","og_url":"https:\/\/lovme.pt\/index.php\/produto\/pipedreams-arnes-body-dock-g-spot-pro\/","og_site_name":"Lovme","article_modified_time":"2026-02-19T20:06:06+00:00","og_image":[{"width":800,"height":800,"url":"https:\/\/erki24nd3ub.exactdn.com\/wp-content\/uploads\/dream\/img\/img_150303_38f9c95dcc708258170ea6c00193dd63_1.jpg?strip=all","type":"image\/jpeg"}],"twitter_card":"summary_large_image","twitter_misc":{"Tempo estimado de leitura":"2 minutos"},"schema":{"@context":"https:\/\/schema.org","@graph":[{"@type":"WebPage","@id":"https:\/\/lovme.pt\/index.php\/produto\/pipedreams-arnes-body-dock-g-spot-pro\/","url":"https:\/\/lovme.pt\/index.php\/produto\/pipedreams-arnes-body-dock-g-spot-pro\/","name":"PIPEDREAMS - ARN\u00caS BODY DOCK G-SPOT PRO - Lovme","isPartOf":{"@id":"https:\/\/lovme.pt\/#website"},"primaryImageOfPage":{"@id":"https:\/\/lovme.pt\/index.php\/produto\/pipedreams-arnes-body-dock-g-spot-pro\/#primaryimage"},"image":{"@id":"https:\/\/lovme.pt\/index.php\/produto\/pipedreams-arnes-body-dock-g-spot-pro\/#primaryimage"},"thumbnailUrl":"https:\/\/erki24nd3ub.exactdn.com\/wp-content\/uploads\/dream\/img\/img_150303_38f9c95dcc708258170ea6c00193dd63_1.jpg?strip=all","datePublished":"2025-09-30T09:57:26+00:00","dateModified":"2026-02-19T20:06:06+00:00","breadcrumb":{"@id":"https:\/\/lovme.pt\/index.php\/produto\/pipedreams-arnes-body-dock-g-spot-pro\/#breadcrumb"},"inLanguage":"pt-PT","potentialAction":[{"@type":"ReadAction","target":["https:\/\/lovme.pt\/index.php\/produto\/pipedreams-arnes-body-dock-g-spot-pro\/"]}]},{"@type":"ImageObject","inLanguage":"pt-PT","@id":"https:\/\/lovme.pt\/index.php\/produto\/pipedreams-arnes-body-dock-g-spot-pro\/#primaryimage","url":"https:\/\/erki24nd3ub.exactdn.com\/wp-content\/uploads\/dream\/img\/img_150303_38f9c95dcc708258170ea6c00193dd63_1.jpg?strip=all","contentUrl":"https:\/\/erki24nd3ub.exactdn.com\/wp-content\/uploads\/dream\/img\/img_150303_38f9c95dcc708258170ea6c00193dd63_1.jpg?strip=all","width":800,"height":800},{"@type":"BreadcrumbList","@id":"https:\/\/lovme.pt\/index.php\/produto\/pipedreams-arnes-body-dock-g-spot-pro\/#breadcrumb","itemListElement":[{"@type":"ListItem","position":1,"name":"In\u00edcio","item":"https:\/\/lovme.pt\/"},{"@type":"ListItem","position":2,"name":"Loja","item":"https:\/\/lovme.pt\/index.php\/loja\/"},{"@type":"ListItem","position":3,"name":"PIPEDREAMS &#8211; ARN\u00caS BODY DOCK G-SPOT PRO"}]},{"@type":"WebSite","@id":"https:\/\/lovme.pt\/#website","url":"https:\/\/lovme.pt\/","name":"Lovme Loja Er\u00f3tica N\u00ba1 em Portugal","description":"A melhor loja er\u00f3tica de Portugal.","alternateName":"Loja Er\u00f3tica Lovme","potentialAction":[{"@type":"SearchAction","target":{"@type":"EntryPoint","urlTemplate":"https:\/\/lovme.pt\/?s={search_term_string}"},"query-input":{"@type":"PropertyValueSpecification","valueRequired":true,"valueName":"search_term_string"}}],"inLanguage":"pt-PT"}]}},"_links":{"self":[{"href":"https:\/\/lovme.pt\/index.php\/wp-json\/wp\/v2\/product\/44169","targetHints":{"allow":["GET"]}}],"collection":[{"href":"https:\/\/lovme.pt\/index.php\/wp-json\/wp\/v2\/product"}],"about":[{"href":"https:\/\/lovme.pt\/index.php\/wp-json\/wp\/v2\/types\/product"}],"wp:featuredmedia":[{"embeddable":true,"href":"https:\/\/lovme.pt\/index.php\/wp-json\/wp\/v2\/media\/59918"}],"wp:attachment":[{"href":"https:\/\/lovme.pt\/index.php\/wp-json\/wp\/v2\/media?parent=44169"}],"wp:term":[{"taxonomy":"product_brand","embeddable":true,"href":"https:\/\/lovme.pt\/index.php\/wp-json\/wp\/v2\/product_brand?post=44169"},{"taxonomy":"product_cat","embeddable":true,"href":"https:\/\/lovme.pt\/index.php\/wp-json\/wp\/v2\/product_cat?post=44169"},{"taxonomy":"product_tag","embeddable":true,"href":"https:\/\/lovme.pt\/index.php\/wp-json\/wp\/v2\/product_tag?post=44169"}],"curies":[{"name":"wp","href":"https:\/\/api.w.org\/{rel}","templated":true}]}}