{"id":43989,"date":"2025-09-30T20:45:31","date_gmt":"2025-09-30T20:45:31","guid":{"rendered":"https:\/\/lovme.pt\/?post_type=product&p=43989"},"modified":"2026-02-19T20:08:51","modified_gmt":"2026-02-19T20:08:51","slug":"intense-vibrador-recarregvel-multifuno-iggy-para-cima-e-para-baixo-com-estimulador-clitorico-roxo","status":"publish","type":"product","link":"https:\/\/lovme.pt\/index.php\/produto\/intense-vibrador-recarregvel-multifuno-iggy-para-cima-e-para-baixo-com-estimulador-clitorico-roxo\/","title":{"rendered":"INTENSE &#8211; VIBRADOR RECARREGVEL MULTIFUNO IGGY PARA CIMA E PARA BAIXO COM ESTIMULADOR CLIT\u00d3RICO ROXO"},"content":{"rendered":"<p>O vibrador multifuncional IGGY da marca <strong>INTENSE<\/strong> \u00e9 um brinquedo sexual de \u00faltima gera\u00e7\u00e3o que o levar\u00e1 a novos patamares de prazer. Este vibrador recarreg\u00e1vel e updown \u00e9 uma maravilha tecnol\u00f3gica projetada para estimular intensa e satisfatoriamente as \u00e1reas mais sens\u00edveis.<\/p>\n<p>IGGY apresenta uma atraente cor roxa e um design ergon\u00f4mico que se adapta perfeitamente \u00e0 anatomia feminina. Al\u00e9m disso, vem com estimulador clitoriano que proporciona estimula\u00e7\u00e3o precisa e prazerosa. Voc\u00ea pode personalizar sua experi\u00eancia com uma variedade de fun\u00e7\u00f5es e modos de vibra\u00e7\u00e3o, permitindo encontrar a intensidade que mais o entusiasma.<\/p>\n<p>Este vibrador \u00e9 recarreg\u00e1vel, o que significa que voc\u00ea pode esquecer as pilhas e desfrutar de horas de prazer ininterrupto. Seu design updown oferece um movimento \u00fanico que simula a sensa\u00e7\u00e3o de penetra\u00e7\u00e3o real, enquanto o estimulador clitoriano leva voc\u00ea ao \u00eaxtase a cada uso.<\/p>\n<p>Experimente orgasmos intensos e momentos de \u00eaxtase com o vibrador IGGY da <strong>INTENSE<\/strong> , um companheiro de prazer confi\u00e1vel e vers\u00e1til.<\/p>\n<p>Medidas: 24 x 4,4 cm (inser\u00edvel 13 cm)<\/p>\n","protected":false},"excerpt":{"rendered":"<p>INTENSE &#8211; VIBRADOR RECARREGVEL MULTIFUNO IGGY PARA CIMA E PARA BAIXO COM ESTIMULADOR CLIT\u00d3RICO ROXO<\/p>\n","protected":false},"featured_media":72328,"template":"","meta":{"_acf_changed":false},"product_brand":[],"product_cat":[17,61,76],"product_tag":[],"class_list":{"0":"post-43989","1":"product","2":"type-product","3":"status-publish","4":"has-post-thumbnail","6":"product_cat-brinquedos-de-bem-estar-sexual","7":"product_cat-para-elas","8":"product_cat-vibradores","9":"yith_product_brand-intense","10":"yith_product_brand-intenseintense-toysintense-fun","11":"yith_product_brand-intenseintense-toys","13":"first","14":"instock","15":"taxable","16":"shipping-taxable","17":"purchasable","18":"product-type-simple"},"acf":[],"yoast_head":"<!-- This site is optimized with the Yoast SEO plugin v27.4 - https:\/\/yoast.com\/product\/yoast-seo-wordpress\/ -->\n<title>INTENSE - VIBRADOR RECARREGVEL MULTIFUNO IGGY PARA CIMA E PARA BAIXO COM ESTIMULADOR CLIT\u00d3RICO ROXO - Lovme<\/title>\n<meta name=\"robots\" content=\"index, follow, max-snippet:-1, max-image-preview:large, max-video-preview:-1\" \/>\n<link rel=\"canonical\" href=\"https:\/\/lovme.pt\/index.php\/produto\/intense-vibrador-recarregvel-multifuno-iggy-para-cima-e-para-baixo-com-estimulador-clitorico-roxo\/\" \/>\n<meta property=\"og:locale\" content=\"pt_PT\" \/>\n<meta property=\"og:type\" content=\"article\" \/>\n<meta property=\"og:title\" content=\"INTENSE - VIBRADOR RECARREGVEL MULTIFUNO IGGY PARA CIMA E PARA BAIXO COM ESTIMULADOR CLIT\u00d3RICO ROXO - Lovme\" \/>\n<meta property=\"og:description\" content=\"INTENSE - VIBRADOR RECARREGVEL MULTIFUNO IGGY PARA CIMA E PARA BAIXO COM ESTIMULADOR CLIT\u00d3RICO ROXO\" \/>\n<meta property=\"og:url\" content=\"https:\/\/lovme.pt\/index.php\/produto\/intense-vibrador-recarregvel-multifuno-iggy-para-cima-e-para-baixo-com-estimulador-clitorico-roxo\/\" \/>\n<meta property=\"og:site_name\" content=\"Lovme\" \/>\n<meta property=\"article:modified_time\" content=\"2026-02-19T20:08:51+00:00\" \/>\n<meta property=\"og:image\" content=\"https:\/\/erki24nd3ub.exactdn.com\/wp-content\/uploads\/dream\/img\/img_149135_54e76c1b9241baee1af4f1fcaa7583d9_1.png?strip=all\" \/>\n\t<meta property=\"og:image:width\" content=\"800\" \/>\n\t<meta property=\"og:image:height\" content=\"800\" \/>\n\t<meta property=\"og:image:type\" content=\"image\/png\" \/>\n<meta name=\"twitter:card\" content=\"summary_large_image\" \/>\n<meta name=\"twitter:label1\" content=\"Tempo estimado de leitura\" \/>\n\t<meta name=\"twitter:data1\" content=\"1 minuto\" \/>\n<script type=\"application\/ld+json\" class=\"yoast-schema-graph\">{\"@context\":\"https:\\\/\\\/schema.org\",\"@graph\":[{\"@type\":\"WebPage\",\"@id\":\"https:\\\/\\\/lovme.pt\\\/index.php\\\/produto\\\/intense-vibrador-recarregvel-multifuno-iggy-para-cima-e-para-baixo-com-estimulador-clitorico-roxo\\\/\",\"url\":\"https:\\\/\\\/lovme.pt\\\/index.php\\\/produto\\\/intense-vibrador-recarregvel-multifuno-iggy-para-cima-e-para-baixo-com-estimulador-clitorico-roxo\\\/\",\"name\":\"INTENSE - VIBRADOR RECARREGVEL MULTIFUNO IGGY PARA CIMA E PARA BAIXO COM ESTIMULADOR CLIT\u00d3RICO ROXO - Lovme\",\"isPartOf\":{\"@id\":\"https:\\\/\\\/lovme.pt\\\/#website\"},\"primaryImageOfPage\":{\"@id\":\"https:\\\/\\\/lovme.pt\\\/index.php\\\/produto\\\/intense-vibrador-recarregvel-multifuno-iggy-para-cima-e-para-baixo-com-estimulador-clitorico-roxo\\\/#primaryimage\"},\"image\":{\"@id\":\"https:\\\/\\\/lovme.pt\\\/index.php\\\/produto\\\/intense-vibrador-recarregvel-multifuno-iggy-para-cima-e-para-baixo-com-estimulador-clitorico-roxo\\\/#primaryimage\"},\"thumbnailUrl\":\"https:\\\/\\\/erki24nd3ub.exactdn.com\\\/wp-content\\\/uploads\\\/dream\\\/img\\\/img_149135_54e76c1b9241baee1af4f1fcaa7583d9_1.png?strip=all\",\"datePublished\":\"2025-09-30T20:45:31+00:00\",\"dateModified\":\"2026-02-19T20:08:51+00:00\",\"breadcrumb\":{\"@id\":\"https:\\\/\\\/lovme.pt\\\/index.php\\\/produto\\\/intense-vibrador-recarregvel-multifuno-iggy-para-cima-e-para-baixo-com-estimulador-clitorico-roxo\\\/#breadcrumb\"},\"inLanguage\":\"pt-PT\",\"potentialAction\":[{\"@type\":\"ReadAction\",\"target\":[\"https:\\\/\\\/lovme.pt\\\/index.php\\\/produto\\\/intense-vibrador-recarregvel-multifuno-iggy-para-cima-e-para-baixo-com-estimulador-clitorico-roxo\\\/\"]}]},{\"@type\":\"ImageObject\",\"inLanguage\":\"pt-PT\",\"@id\":\"https:\\\/\\\/lovme.pt\\\/index.php\\\/produto\\\/intense-vibrador-recarregvel-multifuno-iggy-para-cima-e-para-baixo-com-estimulador-clitorico-roxo\\\/#primaryimage\",\"url\":\"https:\\\/\\\/erki24nd3ub.exactdn.com\\\/wp-content\\\/uploads\\\/dream\\\/img\\\/img_149135_54e76c1b9241baee1af4f1fcaa7583d9_1.png?strip=all\",\"contentUrl\":\"https:\\\/\\\/erki24nd3ub.exactdn.com\\\/wp-content\\\/uploads\\\/dream\\\/img\\\/img_149135_54e76c1b9241baee1af4f1fcaa7583d9_1.png?strip=all\",\"width\":800,\"height\":800},{\"@type\":\"BreadcrumbList\",\"@id\":\"https:\\\/\\\/lovme.pt\\\/index.php\\\/produto\\\/intense-vibrador-recarregvel-multifuno-iggy-para-cima-e-para-baixo-com-estimulador-clitorico-roxo\\\/#breadcrumb\",\"itemListElement\":[{\"@type\":\"ListItem\",\"position\":1,\"name\":\"In\u00edcio\",\"item\":\"https:\\\/\\\/lovme.pt\\\/\"},{\"@type\":\"ListItem\",\"position\":2,\"name\":\"Loja\",\"item\":\"https:\\\/\\\/lovme.pt\\\/index.php\\\/loja\\\/\"},{\"@type\":\"ListItem\",\"position\":3,\"name\":\"INTENSE &#8211; VIBRADOR RECARREGVEL MULTIFUNO IGGY PARA CIMA E PARA BAIXO COM ESTIMULADOR CLIT\u00d3RICO ROXO\"}]},{\"@type\":\"WebSite\",\"@id\":\"https:\\\/\\\/lovme.pt\\\/#website\",\"url\":\"https:\\\/\\\/lovme.pt\\\/\",\"name\":\"Lovme Loja Er\u00f3tica N\u00ba1 em Portugal\",\"description\":\"A melhor loja er\u00f3tica de Portugal.\",\"alternateName\":\"Loja Er\u00f3tica Lovme\",\"potentialAction\":[{\"@type\":\"SearchAction\",\"target\":{\"@type\":\"EntryPoint\",\"urlTemplate\":\"https:\\\/\\\/lovme.pt\\\/?s={search_term_string}\"},\"query-input\":{\"@type\":\"PropertyValueSpecification\",\"valueRequired\":true,\"valueName\":\"search_term_string\"}}],\"inLanguage\":\"pt-PT\"}]}<\/script>\n<!-- \/ Yoast SEO plugin. -->","yoast_head_json":{"title":"INTENSE - VIBRADOR RECARREGVEL MULTIFUNO IGGY PARA CIMA E PARA BAIXO COM ESTIMULADOR CLIT\u00d3RICO ROXO - Lovme","robots":{"index":"index","follow":"follow","max-snippet":"max-snippet:-1","max-image-preview":"max-image-preview:large","max-video-preview":"max-video-preview:-1"},"canonical":"https:\/\/lovme.pt\/index.php\/produto\/intense-vibrador-recarregvel-multifuno-iggy-para-cima-e-para-baixo-com-estimulador-clitorico-roxo\/","og_locale":"pt_PT","og_type":"article","og_title":"INTENSE - VIBRADOR RECARREGVEL MULTIFUNO IGGY PARA CIMA E PARA BAIXO COM ESTIMULADOR CLIT\u00d3RICO ROXO - Lovme","og_description":"INTENSE - VIBRADOR RECARREGVEL MULTIFUNO IGGY PARA CIMA E PARA BAIXO COM ESTIMULADOR CLIT\u00d3RICO ROXO","og_url":"https:\/\/lovme.pt\/index.php\/produto\/intense-vibrador-recarregvel-multifuno-iggy-para-cima-e-para-baixo-com-estimulador-clitorico-roxo\/","og_site_name":"Lovme","article_modified_time":"2026-02-19T20:08:51+00:00","og_image":[{"width":800,"height":800,"url":"https:\/\/erki24nd3ub.exactdn.com\/wp-content\/uploads\/dream\/img\/img_149135_54e76c1b9241baee1af4f1fcaa7583d9_1.png?strip=all","type":"image\/png"}],"twitter_card":"summary_large_image","twitter_misc":{"Tempo estimado de leitura":"1 minuto"},"schema":{"@context":"https:\/\/schema.org","@graph":[{"@type":"WebPage","@id":"https:\/\/lovme.pt\/index.php\/produto\/intense-vibrador-recarregvel-multifuno-iggy-para-cima-e-para-baixo-com-estimulador-clitorico-roxo\/","url":"https:\/\/lovme.pt\/index.php\/produto\/intense-vibrador-recarregvel-multifuno-iggy-para-cima-e-para-baixo-com-estimulador-clitorico-roxo\/","name":"INTENSE - VIBRADOR RECARREGVEL MULTIFUNO IGGY PARA CIMA E PARA BAIXO COM ESTIMULADOR CLIT\u00d3RICO ROXO - Lovme","isPartOf":{"@id":"https:\/\/lovme.pt\/#website"},"primaryImageOfPage":{"@id":"https:\/\/lovme.pt\/index.php\/produto\/intense-vibrador-recarregvel-multifuno-iggy-para-cima-e-para-baixo-com-estimulador-clitorico-roxo\/#primaryimage"},"image":{"@id":"https:\/\/lovme.pt\/index.php\/produto\/intense-vibrador-recarregvel-multifuno-iggy-para-cima-e-para-baixo-com-estimulador-clitorico-roxo\/#primaryimage"},"thumbnailUrl":"https:\/\/erki24nd3ub.exactdn.com\/wp-content\/uploads\/dream\/img\/img_149135_54e76c1b9241baee1af4f1fcaa7583d9_1.png?strip=all","datePublished":"2025-09-30T20:45:31+00:00","dateModified":"2026-02-19T20:08:51+00:00","breadcrumb":{"@id":"https:\/\/lovme.pt\/index.php\/produto\/intense-vibrador-recarregvel-multifuno-iggy-para-cima-e-para-baixo-com-estimulador-clitorico-roxo\/#breadcrumb"},"inLanguage":"pt-PT","potentialAction":[{"@type":"ReadAction","target":["https:\/\/lovme.pt\/index.php\/produto\/intense-vibrador-recarregvel-multifuno-iggy-para-cima-e-para-baixo-com-estimulador-clitorico-roxo\/"]}]},{"@type":"ImageObject","inLanguage":"pt-PT","@id":"https:\/\/lovme.pt\/index.php\/produto\/intense-vibrador-recarregvel-multifuno-iggy-para-cima-e-para-baixo-com-estimulador-clitorico-roxo\/#primaryimage","url":"https:\/\/erki24nd3ub.exactdn.com\/wp-content\/uploads\/dream\/img\/img_149135_54e76c1b9241baee1af4f1fcaa7583d9_1.png?strip=all","contentUrl":"https:\/\/erki24nd3ub.exactdn.com\/wp-content\/uploads\/dream\/img\/img_149135_54e76c1b9241baee1af4f1fcaa7583d9_1.png?strip=all","width":800,"height":800},{"@type":"BreadcrumbList","@id":"https:\/\/lovme.pt\/index.php\/produto\/intense-vibrador-recarregvel-multifuno-iggy-para-cima-e-para-baixo-com-estimulador-clitorico-roxo\/#breadcrumb","itemListElement":[{"@type":"ListItem","position":1,"name":"In\u00edcio","item":"https:\/\/lovme.pt\/"},{"@type":"ListItem","position":2,"name":"Loja","item":"https:\/\/lovme.pt\/index.php\/loja\/"},{"@type":"ListItem","position":3,"name":"INTENSE &#8211; VIBRADOR RECARREGVEL MULTIFUNO IGGY PARA CIMA E PARA BAIXO COM ESTIMULADOR CLIT\u00d3RICO ROXO"}]},{"@type":"WebSite","@id":"https:\/\/lovme.pt\/#website","url":"https:\/\/lovme.pt\/","name":"Lovme Loja Er\u00f3tica N\u00ba1 em Portugal","description":"A melhor loja er\u00f3tica de Portugal.","alternateName":"Loja Er\u00f3tica Lovme","potentialAction":[{"@type":"SearchAction","target":{"@type":"EntryPoint","urlTemplate":"https:\/\/lovme.pt\/?s={search_term_string}"},"query-input":{"@type":"PropertyValueSpecification","valueRequired":true,"valueName":"search_term_string"}}],"inLanguage":"pt-PT"}]}},"_links":{"self":[{"href":"https:\/\/lovme.pt\/index.php\/wp-json\/wp\/v2\/product\/43989","targetHints":{"allow":["GET"]}}],"collection":[{"href":"https:\/\/lovme.pt\/index.php\/wp-json\/wp\/v2\/product"}],"about":[{"href":"https:\/\/lovme.pt\/index.php\/wp-json\/wp\/v2\/types\/product"}],"wp:featuredmedia":[{"embeddable":true,"href":"https:\/\/lovme.pt\/index.php\/wp-json\/wp\/v2\/media\/72328"}],"wp:attachment":[{"href":"https:\/\/lovme.pt\/index.php\/wp-json\/wp\/v2\/media?parent=43989"}],"wp:term":[{"taxonomy":"product_brand","embeddable":true,"href":"https:\/\/lovme.pt\/index.php\/wp-json\/wp\/v2\/product_brand?post=43989"},{"taxonomy":"product_cat","embeddable":true,"href":"https:\/\/lovme.pt\/index.php\/wp-json\/wp\/v2\/product_cat?post=43989"},{"taxonomy":"product_tag","embeddable":true,"href":"https:\/\/lovme.pt\/index.php\/wp-json\/wp\/v2\/product_tag?post=43989"}],"curies":[{"name":"wp","href":"https:\/\/api.w.org\/{rel}","templated":true}]}}