{"id":43977,"date":"2025-09-30T22:09:33","date_gmt":"2025-09-30T22:09:33","guid":{"rendered":"https:\/\/lovme.pt\/?post_type=product&#038;p=43977"},"modified":"2026-02-19T20:09:25","modified_gmt":"2026-02-19T20:09:25","slug":"kiiroo-dispositivo-de-ondas-estimulantes-interativos-powerblow","status":"publish","type":"product","link":"https:\/\/lovme.pt\/index.php\/produto\/kiiroo-dispositivo-de-ondas-estimulantes-interativos-powerblow\/","title":{"rendered":"KIIROO &#8211; DISPOSITIVO DE SUC\u00c7\u00c3O INTERATIVO POWERBLOW"},"content":{"rendered":"<p>A tecnologia de suc\u00e7\u00e3o do PowerBlow transforma seu masturbador favorito na m\u00e1quina de boquete definitiva. Ele se encaixa perfeitamente em nossos estojos FeelStroker, proporcionando uma experi\u00eancia de suc\u00e7\u00e3o incompar\u00e1vel que redefinir\u00e1 a palavra &#8220;boquete&#8221; para sempre.<\/p>\n<p>O PowerBlow \u00e9 um dispositivo de suc\u00e7\u00e3o interativo que se conecta \u00e0 extremidade dos Kiiroo Feel Stars Strokers e de outras marcas l\u00edderes que usam o mesmo mecanismo de rosca dos Feel Stars Strokers.<\/p>\n<p><strong>Os principais recursos incluem:<\/strong><\/p>\n<ul>\n<li>Integra\u00e7\u00e3o r\u00e1pida e f\u00e1cil com o aplicativo FeelConnect.<\/li>\n<li>Modos Bluetooth, Manual e Autom\u00e1tico<\/li>\n<li>Boquetes personaliz\u00e1veis \/ crie seus pr\u00f3prios padr\u00f5es de boquete<\/li>\n<li>Conecte-se usando o FeelMe AI para experimentar conte\u00fado interativo<\/li>\n<li>Compat\u00edvel com Feel Stars Strokers<\/li>\n<li>Compat\u00edvel com strokers de outras marcas com formato semelhante<\/li>\n<li>Experi\u00eancia realista de boquete<\/li>\n<\/ul>\n<p><strong>O que voc\u00ea recebe na caixa:<\/strong><\/p>\n<ul>\n<li>1 x Kiiroo PowerBlow<\/li>\n<li>1 anel de silicone<\/li>\n<li>1 copo stroker<\/li>\n<li>1 anel de espuma absorvente de substitui\u00e7\u00e3o<\/li>\n<li>1 cabo de carregamento USB-C<\/li>\n<li>1 guia de in\u00edcio r\u00e1pido<\/li>\n<li>1 x Livreto de Cupons<\/li>\n<\/ul>\n","protected":false},"excerpt":{"rendered":"<p>KIIROO &#8211; DISPOSITIVO DE SUC\u00c7\u00c3O INTERATIVO POWERBLOW<\/p>\n","protected":false},"featured_media":74534,"template":"","meta":{"_acf_changed":false},"product_brand":[],"product_cat":[17,58,60],"product_tag":[],"class_list":{"0":"post-43977","1":"product","2":"type-product","3":"status-publish","4":"has-post-thumbnail","6":"product_cat-brinquedos-de-bem-estar-sexual","7":"product_cat-masturbadores-para-penis","8":"product_cat-para-eles","9":"yith_product_brand-kiiroo","11":"first","12":"instock","13":"taxable","14":"shipping-taxable","15":"purchasable","16":"product-type-simple"},"acf":[],"yoast_head":"<!-- This site is optimized with the Yoast SEO plugin v27.4 - https:\/\/yoast.com\/product\/yoast-seo-wordpress\/ -->\n<title>KIIROO - DISPOSITIVO DE SUC\u00c7\u00c3O INTERATIVO POWERBLOW - Lovme<\/title>\n<meta name=\"robots\" content=\"index, follow, max-snippet:-1, max-image-preview:large, max-video-preview:-1\" \/>\n<link rel=\"canonical\" href=\"https:\/\/lovme.pt\/index.php\/produto\/kiiroo-dispositivo-de-ondas-estimulantes-interativos-powerblow\/\" \/>\n<meta property=\"og:locale\" content=\"pt_PT\" \/>\n<meta property=\"og:type\" content=\"article\" \/>\n<meta property=\"og:title\" content=\"KIIROO - DISPOSITIVO DE SUC\u00c7\u00c3O INTERATIVO POWERBLOW - Lovme\" \/>\n<meta property=\"og:description\" content=\"KIIROO - DISPOSITIVO DE SUC\u00c7\u00c3O INTERATIVO POWERBLOW\" \/>\n<meta property=\"og:url\" content=\"https:\/\/lovme.pt\/index.php\/produto\/kiiroo-dispositivo-de-ondas-estimulantes-interativos-powerblow\/\" \/>\n<meta property=\"og:site_name\" content=\"Lovme\" \/>\n<meta property=\"article:modified_time\" content=\"2026-02-19T20:09:25+00:00\" \/>\n<meta property=\"og:image\" content=\"https:\/\/erki24nd3ub.exactdn.com\/wp-content\/uploads\/dream\/img\/img_154793_d93bcb3a852d72b9a0661381233e67ca_1.jpg?strip=all\" \/>\n\t<meta property=\"og:image:width\" content=\"797\" \/>\n\t<meta property=\"og:image:height\" content=\"799\" \/>\n\t<meta property=\"og:image:type\" content=\"image\/jpeg\" \/>\n<meta name=\"twitter:card\" content=\"summary_large_image\" \/>\n<meta name=\"twitter:label1\" content=\"Tempo estimado de leitura\" \/>\n\t<meta name=\"twitter:data1\" content=\"1 minuto\" \/>\n<script type=\"application\/ld+json\" class=\"yoast-schema-graph\">{\"@context\":\"https:\\\/\\\/schema.org\",\"@graph\":[{\"@type\":\"WebPage\",\"@id\":\"https:\\\/\\\/lovme.pt\\\/index.php\\\/produto\\\/kiiroo-dispositivo-de-ondas-estimulantes-interativos-powerblow\\\/\",\"url\":\"https:\\\/\\\/lovme.pt\\\/index.php\\\/produto\\\/kiiroo-dispositivo-de-ondas-estimulantes-interativos-powerblow\\\/\",\"name\":\"KIIROO - DISPOSITIVO DE SUC\u00c7\u00c3O INTERATIVO POWERBLOW - Lovme\",\"isPartOf\":{\"@id\":\"https:\\\/\\\/lovme.pt\\\/#website\"},\"primaryImageOfPage\":{\"@id\":\"https:\\\/\\\/lovme.pt\\\/index.php\\\/produto\\\/kiiroo-dispositivo-de-ondas-estimulantes-interativos-powerblow\\\/#primaryimage\"},\"image\":{\"@id\":\"https:\\\/\\\/lovme.pt\\\/index.php\\\/produto\\\/kiiroo-dispositivo-de-ondas-estimulantes-interativos-powerblow\\\/#primaryimage\"},\"thumbnailUrl\":\"https:\\\/\\\/erki24nd3ub.exactdn.com\\\/wp-content\\\/uploads\\\/dream\\\/img\\\/img_154793_d93bcb3a852d72b9a0661381233e67ca_1.jpg?strip=all\",\"datePublished\":\"2025-09-30T22:09:33+00:00\",\"dateModified\":\"2026-02-19T20:09:25+00:00\",\"breadcrumb\":{\"@id\":\"https:\\\/\\\/lovme.pt\\\/index.php\\\/produto\\\/kiiroo-dispositivo-de-ondas-estimulantes-interativos-powerblow\\\/#breadcrumb\"},\"inLanguage\":\"pt-PT\",\"potentialAction\":[{\"@type\":\"ReadAction\",\"target\":[\"https:\\\/\\\/lovme.pt\\\/index.php\\\/produto\\\/kiiroo-dispositivo-de-ondas-estimulantes-interativos-powerblow\\\/\"]}]},{\"@type\":\"ImageObject\",\"inLanguage\":\"pt-PT\",\"@id\":\"https:\\\/\\\/lovme.pt\\\/index.php\\\/produto\\\/kiiroo-dispositivo-de-ondas-estimulantes-interativos-powerblow\\\/#primaryimage\",\"url\":\"https:\\\/\\\/erki24nd3ub.exactdn.com\\\/wp-content\\\/uploads\\\/dream\\\/img\\\/img_154793_d93bcb3a852d72b9a0661381233e67ca_1.jpg?strip=all\",\"contentUrl\":\"https:\\\/\\\/erki24nd3ub.exactdn.com\\\/wp-content\\\/uploads\\\/dream\\\/img\\\/img_154793_d93bcb3a852d72b9a0661381233e67ca_1.jpg?strip=all\",\"width\":797,\"height\":799},{\"@type\":\"BreadcrumbList\",\"@id\":\"https:\\\/\\\/lovme.pt\\\/index.php\\\/produto\\\/kiiroo-dispositivo-de-ondas-estimulantes-interativos-powerblow\\\/#breadcrumb\",\"itemListElement\":[{\"@type\":\"ListItem\",\"position\":1,\"name\":\"In\u00edcio\",\"item\":\"https:\\\/\\\/lovme.pt\\\/\"},{\"@type\":\"ListItem\",\"position\":2,\"name\":\"Loja\",\"item\":\"https:\\\/\\\/lovme.pt\\\/index.php\\\/loja\\\/\"},{\"@type\":\"ListItem\",\"position\":3,\"name\":\"KIIROO &#8211; DISPOSITIVO DE SUC\u00c7\u00c3O INTERATIVO POWERBLOW\"}]},{\"@type\":\"WebSite\",\"@id\":\"https:\\\/\\\/lovme.pt\\\/#website\",\"url\":\"https:\\\/\\\/lovme.pt\\\/\",\"name\":\"Lovme Loja Er\u00f3tica N\u00ba1 em Portugal\",\"description\":\"A melhor loja er\u00f3tica de Portugal.\",\"alternateName\":\"Loja Er\u00f3tica Lovme\",\"potentialAction\":[{\"@type\":\"SearchAction\",\"target\":{\"@type\":\"EntryPoint\",\"urlTemplate\":\"https:\\\/\\\/lovme.pt\\\/?s={search_term_string}\"},\"query-input\":{\"@type\":\"PropertyValueSpecification\",\"valueRequired\":true,\"valueName\":\"search_term_string\"}}],\"inLanguage\":\"pt-PT\"}]}<\/script>\n<!-- \/ Yoast SEO plugin. -->","yoast_head_json":{"title":"KIIROO - DISPOSITIVO DE SUC\u00c7\u00c3O INTERATIVO POWERBLOW - Lovme","robots":{"index":"index","follow":"follow","max-snippet":"max-snippet:-1","max-image-preview":"max-image-preview:large","max-video-preview":"max-video-preview:-1"},"canonical":"https:\/\/lovme.pt\/index.php\/produto\/kiiroo-dispositivo-de-ondas-estimulantes-interativos-powerblow\/","og_locale":"pt_PT","og_type":"article","og_title":"KIIROO - DISPOSITIVO DE SUC\u00c7\u00c3O INTERATIVO POWERBLOW - Lovme","og_description":"KIIROO - DISPOSITIVO DE SUC\u00c7\u00c3O INTERATIVO POWERBLOW","og_url":"https:\/\/lovme.pt\/index.php\/produto\/kiiroo-dispositivo-de-ondas-estimulantes-interativos-powerblow\/","og_site_name":"Lovme","article_modified_time":"2026-02-19T20:09:25+00:00","og_image":[{"width":797,"height":799,"url":"https:\/\/erki24nd3ub.exactdn.com\/wp-content\/uploads\/dream\/img\/img_154793_d93bcb3a852d72b9a0661381233e67ca_1.jpg?strip=all","type":"image\/jpeg"}],"twitter_card":"summary_large_image","twitter_misc":{"Tempo estimado de leitura":"1 minuto"},"schema":{"@context":"https:\/\/schema.org","@graph":[{"@type":"WebPage","@id":"https:\/\/lovme.pt\/index.php\/produto\/kiiroo-dispositivo-de-ondas-estimulantes-interativos-powerblow\/","url":"https:\/\/lovme.pt\/index.php\/produto\/kiiroo-dispositivo-de-ondas-estimulantes-interativos-powerblow\/","name":"KIIROO - DISPOSITIVO DE SUC\u00c7\u00c3O INTERATIVO POWERBLOW - Lovme","isPartOf":{"@id":"https:\/\/lovme.pt\/#website"},"primaryImageOfPage":{"@id":"https:\/\/lovme.pt\/index.php\/produto\/kiiroo-dispositivo-de-ondas-estimulantes-interativos-powerblow\/#primaryimage"},"image":{"@id":"https:\/\/lovme.pt\/index.php\/produto\/kiiroo-dispositivo-de-ondas-estimulantes-interativos-powerblow\/#primaryimage"},"thumbnailUrl":"https:\/\/erki24nd3ub.exactdn.com\/wp-content\/uploads\/dream\/img\/img_154793_d93bcb3a852d72b9a0661381233e67ca_1.jpg?strip=all","datePublished":"2025-09-30T22:09:33+00:00","dateModified":"2026-02-19T20:09:25+00:00","breadcrumb":{"@id":"https:\/\/lovme.pt\/index.php\/produto\/kiiroo-dispositivo-de-ondas-estimulantes-interativos-powerblow\/#breadcrumb"},"inLanguage":"pt-PT","potentialAction":[{"@type":"ReadAction","target":["https:\/\/lovme.pt\/index.php\/produto\/kiiroo-dispositivo-de-ondas-estimulantes-interativos-powerblow\/"]}]},{"@type":"ImageObject","inLanguage":"pt-PT","@id":"https:\/\/lovme.pt\/index.php\/produto\/kiiroo-dispositivo-de-ondas-estimulantes-interativos-powerblow\/#primaryimage","url":"https:\/\/erki24nd3ub.exactdn.com\/wp-content\/uploads\/dream\/img\/img_154793_d93bcb3a852d72b9a0661381233e67ca_1.jpg?strip=all","contentUrl":"https:\/\/erki24nd3ub.exactdn.com\/wp-content\/uploads\/dream\/img\/img_154793_d93bcb3a852d72b9a0661381233e67ca_1.jpg?strip=all","width":797,"height":799},{"@type":"BreadcrumbList","@id":"https:\/\/lovme.pt\/index.php\/produto\/kiiroo-dispositivo-de-ondas-estimulantes-interativos-powerblow\/#breadcrumb","itemListElement":[{"@type":"ListItem","position":1,"name":"In\u00edcio","item":"https:\/\/lovme.pt\/"},{"@type":"ListItem","position":2,"name":"Loja","item":"https:\/\/lovme.pt\/index.php\/loja\/"},{"@type":"ListItem","position":3,"name":"KIIROO &#8211; DISPOSITIVO DE SUC\u00c7\u00c3O INTERATIVO POWERBLOW"}]},{"@type":"WebSite","@id":"https:\/\/lovme.pt\/#website","url":"https:\/\/lovme.pt\/","name":"Lovme Loja Er\u00f3tica N\u00ba1 em Portugal","description":"A melhor loja er\u00f3tica de Portugal.","alternateName":"Loja Er\u00f3tica Lovme","potentialAction":[{"@type":"SearchAction","target":{"@type":"EntryPoint","urlTemplate":"https:\/\/lovme.pt\/?s={search_term_string}"},"query-input":{"@type":"PropertyValueSpecification","valueRequired":true,"valueName":"search_term_string"}}],"inLanguage":"pt-PT"}]}},"_links":{"self":[{"href":"https:\/\/lovme.pt\/index.php\/wp-json\/wp\/v2\/product\/43977","targetHints":{"allow":["GET"]}}],"collection":[{"href":"https:\/\/lovme.pt\/index.php\/wp-json\/wp\/v2\/product"}],"about":[{"href":"https:\/\/lovme.pt\/index.php\/wp-json\/wp\/v2\/types\/product"}],"wp:featuredmedia":[{"embeddable":true,"href":"https:\/\/lovme.pt\/index.php\/wp-json\/wp\/v2\/media\/74534"}],"wp:attachment":[{"href":"https:\/\/lovme.pt\/index.php\/wp-json\/wp\/v2\/media?parent=43977"}],"wp:term":[{"taxonomy":"product_brand","embeddable":true,"href":"https:\/\/lovme.pt\/index.php\/wp-json\/wp\/v2\/product_brand?post=43977"},{"taxonomy":"product_cat","embeddable":true,"href":"https:\/\/lovme.pt\/index.php\/wp-json\/wp\/v2\/product_cat?post=43977"},{"taxonomy":"product_tag","embeddable":true,"href":"https:\/\/lovme.pt\/index.php\/wp-json\/wp\/v2\/product_tag?post=43977"}],"curies":[{"name":"wp","href":"https:\/\/api.w.org\/{rel}","templated":true}]}}