{"id":43916,"date":"2025-09-30T20:45:20","date_gmt":"2025-09-30T20:45:20","guid":{"rendered":"https:\/\/lovme.pt\/?post_type=product&#038;p=43916"},"modified":"2026-02-19T20:23:18","modified_gmt":"2026-02-19T20:23:18","slug":"lelo-estimulador-de-clitoris-dot-cruise-amarelo","status":"publish","type":"product","link":"https:\/\/lovme.pt\/index.php\/produto\/lelo-estimulador-de-clitoris-dot-cruise-amarelo\/","title":{"rendered":"LELO &#8211; DOT CRUISE ESTIMULADOR DE CL\u00cdTORIS AMARILLO"},"content":{"rendered":"<p>LELO DOT Cruise \u00e9 a vers\u00e3o melhorada do nosso revolucion\u00e1rio estimulador clitoriano preciso. Utiliza a tecnologia Infinite Loop, que combina um movimento el\u00edptico exclusivo com uma ponta macia e flex\u00edvel<br \/>do brinquedo para oferecer estimula\u00e7\u00e3o incompar\u00e1vel e com absoluta precis\u00e3o no clit\u00f3ris e qualquer zona er\u00f3gena externa. Mas o que diferencia o LELO DOT Cruise da gera\u00e7\u00e3o anterior \u00e9 a introdu\u00e7\u00e3o da tecnologia patenteada Cruise Control. Gra\u00e7as a ele, todas aquelas pessoas que desejam experimentar m\u00faltiplas sensa\u00e7\u00f5es podem procur\u00e1-las utilizando os diferentes modos de prazer e sua intensidade constante.<\/p>\n<p><strong>O que \u00e9 a tecnologia Cruise Control?<\/strong><br \/>A tecnologia Cruise Control, especialmente desenvolvida pela LELO, significa que quando voc\u00ea pressiona o LELO DOT Cruise com for\u00e7a em seu corpo, a pot\u00eancia n\u00e3o diminui. Isso permite que voc\u00ea desfrute de uma experi\u00eancia totalmente consistente e sem complica\u00e7\u00f5es. N\u00e3o \u00e9 apenas mais uma configura\u00e7\u00e3o, \u00e9 totalmente autom\u00e1tico e acaba com as reclama\u00e7\u00f5es mais comuns sobre produtos de prazer.<\/p>\n<p><strong>8 MODOS PODEROSOS DE PRAZER<\/strong><br \/>LELO DOT Cruise oferece oito modos de vibra\u00e7\u00e3o com diferentes intensidades que v\u00e3o desde toques suaves at\u00e9 pulsa\u00e7\u00f5es muito emocionantes.<\/p>\n<p><strong>SILICONE ULTRA-SUAVE<\/strong><br \/>Silicone ultramacio de alta qualidade que \u00e9 quente ao toque para um prazer profundamente satisfat\u00f3rio e higi\u00eanico.<\/p>\n<p><strong>USB RECARREG\u00c1VEL E COMPLETAMENTE SUBMERS\u00cdVEL DE ACORDO COM O PADR\u00c3O IPX7<\/strong><br \/>Desfrute de cl\u00edmax ilimitados a qualquer hora e em qualquer lugar, incluindo na banheira ou no chuveiro.<\/p>\n<p><strong>CARACTER\u00cdSTICAS:<\/strong><\/p>\n<ul>\n<li>Materiais: silicone biocompat\u00edvel e pl\u00e1stico ABS<\/li>\n<li>Acabamento: liso<\/li>\n<li>Tamanho: 60x46x165mm<\/li>\n<li>Peso: 98g<\/li>\n<li>Bateria: bateria de \u00edon de l\u00edtio 520mAh 3,7V<\/li>\n<li>Carregamento: at\u00e9 2 horas a 5,0 V 500 mA<\/li>\n<li>Pot\u00eancia nominal:<\/li>\n<li>Entrada: 5V 2,5W<\/li>\n<li>Sa\u00edda: 3,7V 1W<\/li>\n<li>Tempo de uso: at\u00e9 2 horas<\/li>\n<li>Espera: at\u00e9 90 dias<\/li>\n<li>Frequ\u00eancia: 133 Hz<\/li>\n<li>N\u00edvel m\u00e1ximo de ru\u00eddo: 60 dB<\/li>\n<li>Interface: 3 bot\u00f5es<\/li>\n<\/ul>\n<p><strong>INSTRU\u00c7\u00d5ES DE USO:<\/strong><\/p>\n<ul>\n<li>Antes da primeira utiliza\u00e7\u00e3o, carregue o seu LELO DOT Cruise durante 2 horas.<\/li>\n<li>A interface do seu LELO DOT Cruise pode estar bloqueada. Segure + e &#8211; por 3 segundos.<\/li>\n<li>Pressione e segure o bot\u00e3o (()) para lig\u00e1-lo.<\/li>\n<li>Pressione o bot\u00e3o (()) para alternar entre os 8 modos.<\/li>\n<li>Use o bot\u00e3o + ou &#8211; para aumentar ou diminuir a intensidade.<\/li>\n<li>Pressione e segure o bot\u00e3o (()) para deslig\u00e1-lo<\/li>\n<\/ul>\n","protected":false},"excerpt":{"rendered":"<p>LELO &#8211; ESTIMULADOR DE CLIT\u00d3RIS DOT CRUISE AMARELO<\/p>\n","protected":false},"featured_media":72288,"template":"","meta":{"_acf_changed":false},"product_brand":[],"product_cat":[17,61,76],"product_tag":[],"class_list":{"0":"post-43916","1":"product","2":"type-product","3":"status-publish","4":"has-post-thumbnail","6":"product_cat-brinquedos-de-bem-estar-sexual","7":"product_cat-para-elas","8":"product_cat-vibradores","9":"yith_product_brand-lelo","11":"first","12":"instock","13":"taxable","14":"shipping-taxable","15":"purchasable","16":"product-type-variable","17":"has-default-attributes"},"acf":[],"yoast_head":"<!-- This site is optimized with the Yoast SEO plugin v27.4 - https:\/\/yoast.com\/product\/yoast-seo-wordpress\/ -->\n<title>LELO - DOT CRUISE ESTIMULADOR DE CL\u00cdTORIS AMARILLO - Lovme<\/title>\n<meta name=\"robots\" content=\"index, follow, max-snippet:-1, max-image-preview:large, max-video-preview:-1\" \/>\n<link rel=\"canonical\" href=\"https:\/\/lovme.pt\/index.php\/produto\/lelo-estimulador-de-clitoris-dot-cruise-amarelo\/\" \/>\n<meta property=\"og:locale\" content=\"pt_PT\" \/>\n<meta property=\"og:type\" content=\"article\" \/>\n<meta property=\"og:title\" content=\"LELO - DOT CRUISE ESTIMULADOR DE CL\u00cdTORIS AMARILLO - Lovme\" \/>\n<meta property=\"og:description\" content=\"LELO - ESTIMULADOR DE CLIT\u00d3RIS DOT CRUISE AMARELO\" \/>\n<meta property=\"og:url\" content=\"https:\/\/lovme.pt\/index.php\/produto\/lelo-estimulador-de-clitoris-dot-cruise-amarelo\/\" \/>\n<meta property=\"og:site_name\" content=\"Lovme\" \/>\n<meta property=\"article:modified_time\" content=\"2026-02-19T20:23:18+00:00\" \/>\n<meta property=\"og:image\" content=\"https:\/\/erki24nd3ub.exactdn.com\/wp-content\/uploads\/dream\/img\/img_148500_f09a7a046108d840727f664a9e1cf647_1.jpg?strip=all\" \/>\n\t<meta property=\"og:image:width\" content=\"800\" \/>\n\t<meta property=\"og:image:height\" content=\"800\" \/>\n\t<meta property=\"og:image:type\" content=\"image\/jpeg\" \/>\n<meta name=\"twitter:card\" content=\"summary_large_image\" \/>\n<meta name=\"twitter:label1\" content=\"Tempo estimado de leitura\" \/>\n\t<meta name=\"twitter:data1\" content=\"2 minutos\" \/>\n<script type=\"application\/ld+json\" class=\"yoast-schema-graph\">{\"@context\":\"https:\\\/\\\/schema.org\",\"@graph\":[{\"@type\":\"WebPage\",\"@id\":\"https:\\\/\\\/lovme.pt\\\/index.php\\\/produto\\\/lelo-estimulador-de-clitoris-dot-cruise-amarelo\\\/\",\"url\":\"https:\\\/\\\/lovme.pt\\\/index.php\\\/produto\\\/lelo-estimulador-de-clitoris-dot-cruise-amarelo\\\/\",\"name\":\"LELO - DOT CRUISE ESTIMULADOR DE CL\u00cdTORIS AMARILLO - Lovme\",\"isPartOf\":{\"@id\":\"https:\\\/\\\/lovme.pt\\\/#website\"},\"primaryImageOfPage\":{\"@id\":\"https:\\\/\\\/lovme.pt\\\/index.php\\\/produto\\\/lelo-estimulador-de-clitoris-dot-cruise-amarelo\\\/#primaryimage\"},\"image\":{\"@id\":\"https:\\\/\\\/lovme.pt\\\/index.php\\\/produto\\\/lelo-estimulador-de-clitoris-dot-cruise-amarelo\\\/#primaryimage\"},\"thumbnailUrl\":\"https:\\\/\\\/erki24nd3ub.exactdn.com\\\/wp-content\\\/uploads\\\/dream\\\/img\\\/img_148500_f09a7a046108d840727f664a9e1cf647_1.jpg?strip=all\",\"datePublished\":\"2025-09-30T20:45:20+00:00\",\"dateModified\":\"2026-02-19T20:23:18+00:00\",\"breadcrumb\":{\"@id\":\"https:\\\/\\\/lovme.pt\\\/index.php\\\/produto\\\/lelo-estimulador-de-clitoris-dot-cruise-amarelo\\\/#breadcrumb\"},\"inLanguage\":\"pt-PT\",\"potentialAction\":[{\"@type\":\"ReadAction\",\"target\":[\"https:\\\/\\\/lovme.pt\\\/index.php\\\/produto\\\/lelo-estimulador-de-clitoris-dot-cruise-amarelo\\\/\"]}]},{\"@type\":\"ImageObject\",\"inLanguage\":\"pt-PT\",\"@id\":\"https:\\\/\\\/lovme.pt\\\/index.php\\\/produto\\\/lelo-estimulador-de-clitoris-dot-cruise-amarelo\\\/#primaryimage\",\"url\":\"https:\\\/\\\/erki24nd3ub.exactdn.com\\\/wp-content\\\/uploads\\\/dream\\\/img\\\/img_148500_f09a7a046108d840727f664a9e1cf647_1.jpg?strip=all\",\"contentUrl\":\"https:\\\/\\\/erki24nd3ub.exactdn.com\\\/wp-content\\\/uploads\\\/dream\\\/img\\\/img_148500_f09a7a046108d840727f664a9e1cf647_1.jpg?strip=all\",\"width\":800,\"height\":800},{\"@type\":\"BreadcrumbList\",\"@id\":\"https:\\\/\\\/lovme.pt\\\/index.php\\\/produto\\\/lelo-estimulador-de-clitoris-dot-cruise-amarelo\\\/#breadcrumb\",\"itemListElement\":[{\"@type\":\"ListItem\",\"position\":1,\"name\":\"In\u00edcio\",\"item\":\"https:\\\/\\\/lovme.pt\\\/\"},{\"@type\":\"ListItem\",\"position\":2,\"name\":\"Loja\",\"item\":\"https:\\\/\\\/lovme.pt\\\/index.php\\\/loja\\\/\"},{\"@type\":\"ListItem\",\"position\":3,\"name\":\"LELO &#8211; DOT CRUISE ESTIMULADOR DE CL\u00cdTORIS AMARILLO\"}]},{\"@type\":\"WebSite\",\"@id\":\"https:\\\/\\\/lovme.pt\\\/#website\",\"url\":\"https:\\\/\\\/lovme.pt\\\/\",\"name\":\"Lovme Loja Er\u00f3tica N\u00ba1 em Portugal\",\"description\":\"A melhor loja er\u00f3tica de Portugal.\",\"alternateName\":\"Loja Er\u00f3tica Lovme\",\"potentialAction\":[{\"@type\":\"SearchAction\",\"target\":{\"@type\":\"EntryPoint\",\"urlTemplate\":\"https:\\\/\\\/lovme.pt\\\/?s={search_term_string}\"},\"query-input\":{\"@type\":\"PropertyValueSpecification\",\"valueRequired\":true,\"valueName\":\"search_term_string\"}}],\"inLanguage\":\"pt-PT\"}]}<\/script>\n<!-- \/ Yoast SEO plugin. -->","yoast_head_json":{"title":"LELO - DOT CRUISE ESTIMULADOR DE CL\u00cdTORIS AMARILLO - Lovme","robots":{"index":"index","follow":"follow","max-snippet":"max-snippet:-1","max-image-preview":"max-image-preview:large","max-video-preview":"max-video-preview:-1"},"canonical":"https:\/\/lovme.pt\/index.php\/produto\/lelo-estimulador-de-clitoris-dot-cruise-amarelo\/","og_locale":"pt_PT","og_type":"article","og_title":"LELO - DOT CRUISE ESTIMULADOR DE CL\u00cdTORIS AMARILLO - Lovme","og_description":"LELO - ESTIMULADOR DE CLIT\u00d3RIS DOT CRUISE AMARELO","og_url":"https:\/\/lovme.pt\/index.php\/produto\/lelo-estimulador-de-clitoris-dot-cruise-amarelo\/","og_site_name":"Lovme","article_modified_time":"2026-02-19T20:23:18+00:00","og_image":[{"width":800,"height":800,"url":"https:\/\/erki24nd3ub.exactdn.com\/wp-content\/uploads\/dream\/img\/img_148500_f09a7a046108d840727f664a9e1cf647_1.jpg?strip=all","type":"image\/jpeg"}],"twitter_card":"summary_large_image","twitter_misc":{"Tempo estimado de leitura":"2 minutos"},"schema":{"@context":"https:\/\/schema.org","@graph":[{"@type":"WebPage","@id":"https:\/\/lovme.pt\/index.php\/produto\/lelo-estimulador-de-clitoris-dot-cruise-amarelo\/","url":"https:\/\/lovme.pt\/index.php\/produto\/lelo-estimulador-de-clitoris-dot-cruise-amarelo\/","name":"LELO - DOT CRUISE ESTIMULADOR DE CL\u00cdTORIS AMARILLO - Lovme","isPartOf":{"@id":"https:\/\/lovme.pt\/#website"},"primaryImageOfPage":{"@id":"https:\/\/lovme.pt\/index.php\/produto\/lelo-estimulador-de-clitoris-dot-cruise-amarelo\/#primaryimage"},"image":{"@id":"https:\/\/lovme.pt\/index.php\/produto\/lelo-estimulador-de-clitoris-dot-cruise-amarelo\/#primaryimage"},"thumbnailUrl":"https:\/\/erki24nd3ub.exactdn.com\/wp-content\/uploads\/dream\/img\/img_148500_f09a7a046108d840727f664a9e1cf647_1.jpg?strip=all","datePublished":"2025-09-30T20:45:20+00:00","dateModified":"2026-02-19T20:23:18+00:00","breadcrumb":{"@id":"https:\/\/lovme.pt\/index.php\/produto\/lelo-estimulador-de-clitoris-dot-cruise-amarelo\/#breadcrumb"},"inLanguage":"pt-PT","potentialAction":[{"@type":"ReadAction","target":["https:\/\/lovme.pt\/index.php\/produto\/lelo-estimulador-de-clitoris-dot-cruise-amarelo\/"]}]},{"@type":"ImageObject","inLanguage":"pt-PT","@id":"https:\/\/lovme.pt\/index.php\/produto\/lelo-estimulador-de-clitoris-dot-cruise-amarelo\/#primaryimage","url":"https:\/\/erki24nd3ub.exactdn.com\/wp-content\/uploads\/dream\/img\/img_148500_f09a7a046108d840727f664a9e1cf647_1.jpg?strip=all","contentUrl":"https:\/\/erki24nd3ub.exactdn.com\/wp-content\/uploads\/dream\/img\/img_148500_f09a7a046108d840727f664a9e1cf647_1.jpg?strip=all","width":800,"height":800},{"@type":"BreadcrumbList","@id":"https:\/\/lovme.pt\/index.php\/produto\/lelo-estimulador-de-clitoris-dot-cruise-amarelo\/#breadcrumb","itemListElement":[{"@type":"ListItem","position":1,"name":"In\u00edcio","item":"https:\/\/lovme.pt\/"},{"@type":"ListItem","position":2,"name":"Loja","item":"https:\/\/lovme.pt\/index.php\/loja\/"},{"@type":"ListItem","position":3,"name":"LELO &#8211; DOT CRUISE ESTIMULADOR DE CL\u00cdTORIS AMARILLO"}]},{"@type":"WebSite","@id":"https:\/\/lovme.pt\/#website","url":"https:\/\/lovme.pt\/","name":"Lovme Loja Er\u00f3tica N\u00ba1 em Portugal","description":"A melhor loja er\u00f3tica de Portugal.","alternateName":"Loja Er\u00f3tica Lovme","potentialAction":[{"@type":"SearchAction","target":{"@type":"EntryPoint","urlTemplate":"https:\/\/lovme.pt\/?s={search_term_string}"},"query-input":{"@type":"PropertyValueSpecification","valueRequired":true,"valueName":"search_term_string"}}],"inLanguage":"pt-PT"}]}},"_links":{"self":[{"href":"https:\/\/lovme.pt\/index.php\/wp-json\/wp\/v2\/product\/43916","targetHints":{"allow":["GET"]}}],"collection":[{"href":"https:\/\/lovme.pt\/index.php\/wp-json\/wp\/v2\/product"}],"about":[{"href":"https:\/\/lovme.pt\/index.php\/wp-json\/wp\/v2\/types\/product"}],"wp:featuredmedia":[{"embeddable":true,"href":"https:\/\/lovme.pt\/index.php\/wp-json\/wp\/v2\/media\/72288"}],"wp:attachment":[{"href":"https:\/\/lovme.pt\/index.php\/wp-json\/wp\/v2\/media?parent=43916"}],"wp:term":[{"taxonomy":"product_brand","embeddable":true,"href":"https:\/\/lovme.pt\/index.php\/wp-json\/wp\/v2\/product_brand?post=43916"},{"taxonomy":"product_cat","embeddable":true,"href":"https:\/\/lovme.pt\/index.php\/wp-json\/wp\/v2\/product_cat?post=43916"},{"taxonomy":"product_tag","embeddable":true,"href":"https:\/\/lovme.pt\/index.php\/wp-json\/wp\/v2\/product_tag?post=43916"}],"curies":[{"name":"wp","href":"https:\/\/api.w.org\/{rel}","templated":true}]}}