{"id":43813,"date":"2025-09-30T20:45:09","date_gmt":"2025-09-30T20:45:09","guid":{"rendered":"https:\/\/lovme.pt\/?post_type=product&p=43813"},"modified":"2026-04-02T19:06:44","modified_gmt":"2026-04-02T19:06:44","slug":"we-vibe-vibrador-nova-3-coelho-azul-meia-noite","status":"publish","type":"product","link":"https:\/\/lovme.pt\/index.php\/produto\/we-vibe-vibrador-nova-3-coelho-azul-meia-noite\/","title":{"rendered":"WE-VIBE &#8211; VIBRADOR NOVA 3 COELHO AZUL MEIA NOITE"},"content":{"rendered":"<p>V\u00e1 al\u00e9m do cl\u00e1ssico vibrador de coelho  nesta sedutora cor azul meia-noite!<\/p>\n<p>O Nova rec\u00e9m-aprimorado do We-Vibe apresenta dois motores: um para estimula\u00e7\u00e3o interna do ponto G e outro para estimula\u00e7\u00e3o externa do clit\u00f3ris. Juntos, os dois estimuladores trabalham para criar um orgasmo combinado satisfat\u00f3rio e estimulante que voc\u00ea nunca esquecer\u00e1! Combinado com sua al\u00e7a ergon\u00f4mica inteligente, o Nova flexiona cada movimento seu e torna o &#8220;tempo para mim&#8221; mais agrad\u00e1vel. mais f\u00e1cil para os pulsos do usu\u00e1rio.<\/p>\n<p>Com o controle de cruzeiro incremental no banco do motorista, desfrute de uma experi\u00eancia personalizada que s\u00f3 voc\u00ea ou seu parceiro podem criar. Divirta-se com seus parceiros enquanto eles tocam, provocam e excitam voc\u00ea conectando-se ao aplicativo We-Connect e controlando o brinquedo de perto ou de longe.<\/p>\n<p>Feito de material de silicone premium, o design perfeito deste produto proporciona um toque suave e sedoso quando entra em contato com a pele. N\u00e3o tenha medo de levar o Nova para a banheira para um banho sedutor, pois \u00e9 \u00e0 prova d\u00e1gua IPX7.<\/p>\n<p>Quando o Nova precisar de carga, encaixe a porta de carregamento magn\u00e9tico no lugar e deixe-a descansar para a pr\u00f3xima sess\u00e3o sexy.<\/p>\n<p><strong>Principais caracter\u00edsticas:<\/strong><\/p>\n<ul>\n<li>vibrador coelho<\/li>\n<li>Motor duplo para estimula\u00e7\u00e3o do ponto G interno e clitoriano externo<\/li>\n<li>Flexiona com cada movimento seu<\/li>\n<li>al\u00e7a ergon\u00f4mica<\/li>\n<li>Controle de velocidade incremental<\/li>\n<li>Material de silicone premium<\/li>\n<li>IPX7 \u00e0 prova d\u00e1gua<\/li>\n<li>Carregamento magn\u00e9tico recarreg\u00e1vel USB<\/li>\n<li>Conectividade de aplicativos We-Connect<\/li>\n<\/ul>\n","protected":false},"excerpt":{"rendered":"<p>WE-VIBE &#8211; VIBRADOR NOVA 3 COELHO AZUL MEIA NOITE<\/p>\n","protected":false},"featured_media":72257,"template":"","meta":{"_acf_changed":false},"product_brand":[],"product_cat":[17,61,76],"product_tag":[],"class_list":{"0":"post-43813","1":"product","2":"type-product","3":"status-publish","4":"has-post-thumbnail","6":"product_cat-brinquedos-de-bem-estar-sexual","7":"product_cat-para-elas","8":"product_cat-vibradores","9":"yith_product_brand-we-vibe","11":"first","12":"instock","13":"taxable","14":"shipping-taxable","15":"purchasable","16":"product-type-simple"},"acf":[],"yoast_head":"<!-- This site is optimized with the Yoast SEO plugin v27.4 - https:\/\/yoast.com\/product\/yoast-seo-wordpress\/ -->\n<title>WE-VIBE - VIBRADOR NOVA 3 COELHO AZUL MEIA NOITE - Lovme<\/title>\n<meta name=\"robots\" content=\"index, follow, max-snippet:-1, max-image-preview:large, max-video-preview:-1\" \/>\n<link rel=\"canonical\" href=\"https:\/\/lovme.pt\/index.php\/produto\/we-vibe-vibrador-nova-3-coelho-azul-meia-noite\/\" \/>\n<meta property=\"og:locale\" content=\"pt_PT\" \/>\n<meta property=\"og:type\" content=\"article\" \/>\n<meta property=\"og:title\" content=\"WE-VIBE - VIBRADOR NOVA 3 COELHO AZUL MEIA NOITE - Lovme\" \/>\n<meta property=\"og:description\" content=\"WE-VIBE - VIBRADOR NOVA 3 COELHO AZUL MEIA NOITE\" \/>\n<meta property=\"og:url\" content=\"https:\/\/lovme.pt\/index.php\/produto\/we-vibe-vibrador-nova-3-coelho-azul-meia-noite\/\" \/>\n<meta property=\"og:site_name\" content=\"Lovme\" \/>\n<meta property=\"article:modified_time\" content=\"2026-04-02T19:06:44+00:00\" \/>\n<meta property=\"og:image\" content=\"https:\/\/erki24nd3ub.exactdn.com\/wp-content\/uploads\/dream\/img\/img_210619_5a0016f93e912d5d639ca7ce6c5cc1f2_1.png?strip=all\" \/>\n\t<meta property=\"og:image:width\" content=\"900\" \/>\n\t<meta property=\"og:image:height\" content=\"900\" \/>\n\t<meta property=\"og:image:type\" content=\"image\/png\" \/>\n<meta name=\"twitter:card\" content=\"summary_large_image\" \/>\n<meta name=\"twitter:label1\" content=\"Tempo estimado de leitura\" \/>\n\t<meta name=\"twitter:data1\" content=\"1 minuto\" \/>\n<script type=\"application\/ld+json\" class=\"yoast-schema-graph\">{\"@context\":\"https:\\\/\\\/schema.org\",\"@graph\":[{\"@type\":\"WebPage\",\"@id\":\"https:\\\/\\\/lovme.pt\\\/index.php\\\/produto\\\/we-vibe-vibrador-nova-3-coelho-azul-meia-noite\\\/\",\"url\":\"https:\\\/\\\/lovme.pt\\\/index.php\\\/produto\\\/we-vibe-vibrador-nova-3-coelho-azul-meia-noite\\\/\",\"name\":\"WE-VIBE - VIBRADOR NOVA 3 COELHO AZUL MEIA NOITE - Lovme\",\"isPartOf\":{\"@id\":\"https:\\\/\\\/lovme.pt\\\/#website\"},\"primaryImageOfPage\":{\"@id\":\"https:\\\/\\\/lovme.pt\\\/index.php\\\/produto\\\/we-vibe-vibrador-nova-3-coelho-azul-meia-noite\\\/#primaryimage\"},\"image\":{\"@id\":\"https:\\\/\\\/lovme.pt\\\/index.php\\\/produto\\\/we-vibe-vibrador-nova-3-coelho-azul-meia-noite\\\/#primaryimage\"},\"thumbnailUrl\":\"https:\\\/\\\/erki24nd3ub.exactdn.com\\\/wp-content\\\/uploads\\\/dream\\\/img\\\/img_210619_5a0016f93e912d5d639ca7ce6c5cc1f2_1.png?strip=all\",\"datePublished\":\"2025-09-30T20:45:09+00:00\",\"dateModified\":\"2026-04-02T19:06:44+00:00\",\"breadcrumb\":{\"@id\":\"https:\\\/\\\/lovme.pt\\\/index.php\\\/produto\\\/we-vibe-vibrador-nova-3-coelho-azul-meia-noite\\\/#breadcrumb\"},\"inLanguage\":\"pt-PT\",\"potentialAction\":[{\"@type\":\"ReadAction\",\"target\":[\"https:\\\/\\\/lovme.pt\\\/index.php\\\/produto\\\/we-vibe-vibrador-nova-3-coelho-azul-meia-noite\\\/\"]}]},{\"@type\":\"ImageObject\",\"inLanguage\":\"pt-PT\",\"@id\":\"https:\\\/\\\/lovme.pt\\\/index.php\\\/produto\\\/we-vibe-vibrador-nova-3-coelho-azul-meia-noite\\\/#primaryimage\",\"url\":\"https:\\\/\\\/erki24nd3ub.exactdn.com\\\/wp-content\\\/uploads\\\/dream\\\/img\\\/img_210619_5a0016f93e912d5d639ca7ce6c5cc1f2_1.png?strip=all\",\"contentUrl\":\"https:\\\/\\\/erki24nd3ub.exactdn.com\\\/wp-content\\\/uploads\\\/dream\\\/img\\\/img_210619_5a0016f93e912d5d639ca7ce6c5cc1f2_1.png?strip=all\",\"width\":900,\"height\":900},{\"@type\":\"BreadcrumbList\",\"@id\":\"https:\\\/\\\/lovme.pt\\\/index.php\\\/produto\\\/we-vibe-vibrador-nova-3-coelho-azul-meia-noite\\\/#breadcrumb\",\"itemListElement\":[{\"@type\":\"ListItem\",\"position\":1,\"name\":\"In\u00edcio\",\"item\":\"https:\\\/\\\/lovme.pt\\\/\"},{\"@type\":\"ListItem\",\"position\":2,\"name\":\"Loja\",\"item\":\"https:\\\/\\\/lovme.pt\\\/index.php\\\/loja\\\/\"},{\"@type\":\"ListItem\",\"position\":3,\"name\":\"WE-VIBE &#8211; VIBRADOR NOVA 3 COELHO AZUL MEIA NOITE\"}]},{\"@type\":\"WebSite\",\"@id\":\"https:\\\/\\\/lovme.pt\\\/#website\",\"url\":\"https:\\\/\\\/lovme.pt\\\/\",\"name\":\"Lovme Loja Er\u00f3tica N\u00ba1 em Portugal\",\"description\":\"A melhor loja er\u00f3tica de Portugal.\",\"alternateName\":\"Loja Er\u00f3tica Lovme\",\"potentialAction\":[{\"@type\":\"SearchAction\",\"target\":{\"@type\":\"EntryPoint\",\"urlTemplate\":\"https:\\\/\\\/lovme.pt\\\/?s={search_term_string}\"},\"query-input\":{\"@type\":\"PropertyValueSpecification\",\"valueRequired\":true,\"valueName\":\"search_term_string\"}}],\"inLanguage\":\"pt-PT\"}]}<\/script>\n<!-- \/ Yoast SEO plugin. -->","yoast_head_json":{"title":"WE-VIBE - VIBRADOR NOVA 3 COELHO AZUL MEIA NOITE - Lovme","robots":{"index":"index","follow":"follow","max-snippet":"max-snippet:-1","max-image-preview":"max-image-preview:large","max-video-preview":"max-video-preview:-1"},"canonical":"https:\/\/lovme.pt\/index.php\/produto\/we-vibe-vibrador-nova-3-coelho-azul-meia-noite\/","og_locale":"pt_PT","og_type":"article","og_title":"WE-VIBE - VIBRADOR NOVA 3 COELHO AZUL MEIA NOITE - Lovme","og_description":"WE-VIBE - VIBRADOR NOVA 3 COELHO AZUL MEIA NOITE","og_url":"https:\/\/lovme.pt\/index.php\/produto\/we-vibe-vibrador-nova-3-coelho-azul-meia-noite\/","og_site_name":"Lovme","article_modified_time":"2026-04-02T19:06:44+00:00","og_image":[{"width":900,"height":900,"url":"https:\/\/erki24nd3ub.exactdn.com\/wp-content\/uploads\/dream\/img\/img_210619_5a0016f93e912d5d639ca7ce6c5cc1f2_1.png?strip=all","type":"image\/png"}],"twitter_card":"summary_large_image","twitter_misc":{"Tempo estimado de leitura":"1 minuto"},"schema":{"@context":"https:\/\/schema.org","@graph":[{"@type":"WebPage","@id":"https:\/\/lovme.pt\/index.php\/produto\/we-vibe-vibrador-nova-3-coelho-azul-meia-noite\/","url":"https:\/\/lovme.pt\/index.php\/produto\/we-vibe-vibrador-nova-3-coelho-azul-meia-noite\/","name":"WE-VIBE - VIBRADOR NOVA 3 COELHO AZUL MEIA NOITE - Lovme","isPartOf":{"@id":"https:\/\/lovme.pt\/#website"},"primaryImageOfPage":{"@id":"https:\/\/lovme.pt\/index.php\/produto\/we-vibe-vibrador-nova-3-coelho-azul-meia-noite\/#primaryimage"},"image":{"@id":"https:\/\/lovme.pt\/index.php\/produto\/we-vibe-vibrador-nova-3-coelho-azul-meia-noite\/#primaryimage"},"thumbnailUrl":"https:\/\/erki24nd3ub.exactdn.com\/wp-content\/uploads\/dream\/img\/img_210619_5a0016f93e912d5d639ca7ce6c5cc1f2_1.png?strip=all","datePublished":"2025-09-30T20:45:09+00:00","dateModified":"2026-04-02T19:06:44+00:00","breadcrumb":{"@id":"https:\/\/lovme.pt\/index.php\/produto\/we-vibe-vibrador-nova-3-coelho-azul-meia-noite\/#breadcrumb"},"inLanguage":"pt-PT","potentialAction":[{"@type":"ReadAction","target":["https:\/\/lovme.pt\/index.php\/produto\/we-vibe-vibrador-nova-3-coelho-azul-meia-noite\/"]}]},{"@type":"ImageObject","inLanguage":"pt-PT","@id":"https:\/\/lovme.pt\/index.php\/produto\/we-vibe-vibrador-nova-3-coelho-azul-meia-noite\/#primaryimage","url":"https:\/\/erki24nd3ub.exactdn.com\/wp-content\/uploads\/dream\/img\/img_210619_5a0016f93e912d5d639ca7ce6c5cc1f2_1.png?strip=all","contentUrl":"https:\/\/erki24nd3ub.exactdn.com\/wp-content\/uploads\/dream\/img\/img_210619_5a0016f93e912d5d639ca7ce6c5cc1f2_1.png?strip=all","width":900,"height":900},{"@type":"BreadcrumbList","@id":"https:\/\/lovme.pt\/index.php\/produto\/we-vibe-vibrador-nova-3-coelho-azul-meia-noite\/#breadcrumb","itemListElement":[{"@type":"ListItem","position":1,"name":"In\u00edcio","item":"https:\/\/lovme.pt\/"},{"@type":"ListItem","position":2,"name":"Loja","item":"https:\/\/lovme.pt\/index.php\/loja\/"},{"@type":"ListItem","position":3,"name":"WE-VIBE &#8211; VIBRADOR NOVA 3 COELHO AZUL MEIA NOITE"}]},{"@type":"WebSite","@id":"https:\/\/lovme.pt\/#website","url":"https:\/\/lovme.pt\/","name":"Lovme Loja Er\u00f3tica N\u00ba1 em Portugal","description":"A melhor loja er\u00f3tica de Portugal.","alternateName":"Loja Er\u00f3tica Lovme","potentialAction":[{"@type":"SearchAction","target":{"@type":"EntryPoint","urlTemplate":"https:\/\/lovme.pt\/?s={search_term_string}"},"query-input":{"@type":"PropertyValueSpecification","valueRequired":true,"valueName":"search_term_string"}}],"inLanguage":"pt-PT"}]}},"_links":{"self":[{"href":"https:\/\/lovme.pt\/index.php\/wp-json\/wp\/v2\/product\/43813","targetHints":{"allow":["GET"]}}],"collection":[{"href":"https:\/\/lovme.pt\/index.php\/wp-json\/wp\/v2\/product"}],"about":[{"href":"https:\/\/lovme.pt\/index.php\/wp-json\/wp\/v2\/types\/product"}],"wp:featuredmedia":[{"embeddable":true,"href":"https:\/\/lovme.pt\/index.php\/wp-json\/wp\/v2\/media\/72257"}],"wp:attachment":[{"href":"https:\/\/lovme.pt\/index.php\/wp-json\/wp\/v2\/media?parent=43813"}],"wp:term":[{"taxonomy":"product_brand","embeddable":true,"href":"https:\/\/lovme.pt\/index.php\/wp-json\/wp\/v2\/product_brand?post=43813"},{"taxonomy":"product_cat","embeddable":true,"href":"https:\/\/lovme.pt\/index.php\/wp-json\/wp\/v2\/product_cat?post=43813"},{"taxonomy":"product_tag","embeddable":true,"href":"https:\/\/lovme.pt\/index.php\/wp-json\/wp\/v2\/product_tag?post=43813"}],"curies":[{"name":"wp","href":"https:\/\/api.w.org\/{rel}","templated":true}]}}