{"id":43793,"date":"2025-10-01T20:08:29","date_gmt":"2025-10-01T20:08:29","guid":{"rendered":"https:\/\/lovme.pt\/?post_type=product&#038;p=43793"},"modified":"2026-04-02T12:35:30","modified_gmt":"2026-04-02T12:35:30","slug":"womanizer-premium-2-estimulador-clitorial-warm-grey","status":"publish","type":"product","link":"https:\/\/lovme.pt\/index.php\/produto\/womanizer-premium-2-estimulador-clitorial-warm-grey\/","title":{"rendered":"WOMANIZER &#8211; PREMIUM 2 ESTIMULADOR CLITORIAL WARM GREY"},"content":{"rendered":"<p>O Womanizer Premium 2 ampliou seu jogo com mais n\u00edveis de intensidade do que nunca e uma fun\u00e7\u00e3o de piloto autom\u00e1tico aprimorada para lev\u00e1-lo ao passeio de sua vida. Com a tecnologia Pleasure Air original, este \u00e9 o melhor brinquedo para mulheres que procuram mais do que apenas outro dispositivo para brincar.<\/p>\n<p>Feito para voc\u00ea e seu corpo, o Premium 2 usa uma inova\u00e7\u00e3o exclusiva chamada Pleasure Air Technology. ? Por que \u00e9 t\u00e3o especial? Seu clit\u00f3ris \u00e9 estimulado sem contato direto. As vibra\u00e7\u00f5es suaves do ar sugam e massageiam juntas para proporcionar uma sensa\u00e7\u00e3o org\u00e1stica sem precedentes. Para uma experi\u00eancia personalizada, alterne entre as cabe\u00e7as de estimula\u00e7\u00e3o adicionais para encontrar o ajuste certo.<\/p>\n<p>14 n\u00edveis de intensidade permitem que voc\u00ea alcance seu ajuste perfeito, seja suave e suave ou poderoso e intenso. O n\u00f3 de piloto autom\u00e1tico aprimorado permite que seu brinquedo alterne entre os n\u00edveis de intensidade e o mantenha alerta e o leve por uma aventura cheia de prazer.<\/p>\n<p>A inovadora tecnologia Smart Silence permite que voc\u00ea satisfa\u00e7a seu desejo. O brinquedo s\u00f3 come\u00e7a quando encontra sua pele. Se voc\u00ea n\u00e3o estiver usando, o brinquedo entra em modo de espera. Isso n\u00e3o apenas torna o brinquedo mais silencioso de usar, mas tamb\u00e9m mant\u00e9m voc\u00ea no momento sem distra\u00e7\u00f5es. Com uma classifica\u00e7\u00e3o \u00e0 prova d\u00e1gua de IPX7, leve seu Premium 2 para a banheira ou chuveiro.<\/p>\n<p><strong>Caracter\u00edsticas principais:<\/strong><\/p>\n<ul>\n<li>Estimulador de clit\u00f3ris<\/li>\n<li>14 n\u00edveis de intensidade<\/li>\n<li>Piloto autom\u00e1tico aprimorado<\/li>\n<li>Carregamento Magn\u00e9tico ? Recarreg\u00e1vel por USB<\/li>\n<li>Cabe\u00e7as de estimula\u00e7\u00e3o adicionais<\/li>\n<li>Indicador LED<\/li>\n<li>Modo de espera intuitivo<\/li>\n<li>Tecnologia de Sil\u00eancio Inteligente<\/li>\n<li>Material de silicone seguro para o corpo<\/li>\n<li>IPX7 \u00e0 prova d\u00e1gua<\/li>\n<\/ul>\n","protected":false},"excerpt":{"rendered":"<p>WOMANIZER &#8211; PREMIUM 2 ESTIMULADOR CLITORIAL WARM GREY<\/p>\n","protected":false},"featured_media":103108,"template":"","meta":{"_acf_changed":false},"product_brand":[],"product_cat":[17,61,64,76],"product_tag":[],"class_list":{"0":"post-43793","1":"product","2":"type-product","3":"status-publish","4":"has-post-thumbnail","6":"product_cat-brinquedos-de-bem-estar-sexual","7":"product_cat-para-elas","8":"product_cat-sugadores","9":"product_cat-vibradores","10":"yith_product_brand-womanizer","12":"first","13":"instock","14":"taxable","15":"shipping-taxable","16":"purchasable","17":"product-type-simple"},"acf":[],"yoast_head":"<!-- This site is optimized with the Yoast SEO plugin v27.4 - https:\/\/yoast.com\/product\/yoast-seo-wordpress\/ -->\n<title>WOMANIZER - PREMIUM 2 ESTIMULADOR CLITORIAL WARM GREY - Lovme<\/title>\n<meta name=\"robots\" content=\"index, follow, max-snippet:-1, max-image-preview:large, max-video-preview:-1\" \/>\n<link rel=\"canonical\" href=\"https:\/\/lovme.pt\/index.php\/produto\/womanizer-premium-2-estimulador-clitorial-warm-grey\/\" \/>\n<meta property=\"og:locale\" content=\"pt_PT\" \/>\n<meta property=\"og:type\" content=\"article\" \/>\n<meta property=\"og:title\" content=\"WOMANIZER - PREMIUM 2 ESTIMULADOR CLITORIAL WARM GREY - Lovme\" \/>\n<meta property=\"og:description\" content=\"WOMANIZER - PREMIUM 2 ESTIMULADOR CLITORIAL WARM GREY\" \/>\n<meta property=\"og:url\" content=\"https:\/\/lovme.pt\/index.php\/produto\/womanizer-premium-2-estimulador-clitorial-warm-grey\/\" \/>\n<meta property=\"og:site_name\" content=\"Lovme\" \/>\n<meta property=\"article:modified_time\" content=\"2026-04-02T12:35:30+00:00\" \/>\n<meta property=\"og:image\" content=\"https:\/\/erki24nd3ub.exactdn.com\/wp-content\/uploads\/dream\/img\/img_181513_ce5911d950d020091e8fd3a14f8b97ef_1.png?strip=all\" \/>\n\t<meta property=\"og:image:width\" content=\"800\" \/>\n\t<meta property=\"og:image:height\" content=\"800\" \/>\n\t<meta property=\"og:image:type\" content=\"image\/png\" \/>\n<meta name=\"twitter:card\" content=\"summary_large_image\" \/>\n<meta name=\"twitter:label1\" content=\"Tempo estimado de leitura\" \/>\n\t<meta name=\"twitter:data1\" content=\"1 minuto\" \/>\n<script type=\"application\/ld+json\" class=\"yoast-schema-graph\">{\"@context\":\"https:\\\/\\\/schema.org\",\"@graph\":[{\"@type\":\"WebPage\",\"@id\":\"https:\\\/\\\/lovme.pt\\\/index.php\\\/produto\\\/womanizer-premium-2-estimulador-clitorial-warm-grey\\\/\",\"url\":\"https:\\\/\\\/lovme.pt\\\/index.php\\\/produto\\\/womanizer-premium-2-estimulador-clitorial-warm-grey\\\/\",\"name\":\"WOMANIZER - PREMIUM 2 ESTIMULADOR CLITORIAL WARM GREY - Lovme\",\"isPartOf\":{\"@id\":\"https:\\\/\\\/lovme.pt\\\/#website\"},\"primaryImageOfPage\":{\"@id\":\"https:\\\/\\\/lovme.pt\\\/index.php\\\/produto\\\/womanizer-premium-2-estimulador-clitorial-warm-grey\\\/#primaryimage\"},\"image\":{\"@id\":\"https:\\\/\\\/lovme.pt\\\/index.php\\\/produto\\\/womanizer-premium-2-estimulador-clitorial-warm-grey\\\/#primaryimage\"},\"thumbnailUrl\":\"https:\\\/\\\/erki24nd3ub.exactdn.com\\\/wp-content\\\/uploads\\\/dream\\\/img\\\/img_181513_ce5911d950d020091e8fd3a14f8b97ef_1.png?strip=all\",\"datePublished\":\"2025-10-01T20:08:29+00:00\",\"dateModified\":\"2026-04-02T12:35:30+00:00\",\"breadcrumb\":{\"@id\":\"https:\\\/\\\/lovme.pt\\\/index.php\\\/produto\\\/womanizer-premium-2-estimulador-clitorial-warm-grey\\\/#breadcrumb\"},\"inLanguage\":\"pt-PT\",\"potentialAction\":[{\"@type\":\"ReadAction\",\"target\":[\"https:\\\/\\\/lovme.pt\\\/index.php\\\/produto\\\/womanizer-premium-2-estimulador-clitorial-warm-grey\\\/\"]}]},{\"@type\":\"ImageObject\",\"inLanguage\":\"pt-PT\",\"@id\":\"https:\\\/\\\/lovme.pt\\\/index.php\\\/produto\\\/womanizer-premium-2-estimulador-clitorial-warm-grey\\\/#primaryimage\",\"url\":\"https:\\\/\\\/erki24nd3ub.exactdn.com\\\/wp-content\\\/uploads\\\/dream\\\/img\\\/img_181513_ce5911d950d020091e8fd3a14f8b97ef_1.png?strip=all\",\"contentUrl\":\"https:\\\/\\\/erki24nd3ub.exactdn.com\\\/wp-content\\\/uploads\\\/dream\\\/img\\\/img_181513_ce5911d950d020091e8fd3a14f8b97ef_1.png?strip=all\",\"width\":800,\"height\":800},{\"@type\":\"BreadcrumbList\",\"@id\":\"https:\\\/\\\/lovme.pt\\\/index.php\\\/produto\\\/womanizer-premium-2-estimulador-clitorial-warm-grey\\\/#breadcrumb\",\"itemListElement\":[{\"@type\":\"ListItem\",\"position\":1,\"name\":\"In\u00edcio\",\"item\":\"https:\\\/\\\/lovme.pt\\\/\"},{\"@type\":\"ListItem\",\"position\":2,\"name\":\"Loja\",\"item\":\"https:\\\/\\\/lovme.pt\\\/index.php\\\/loja\\\/\"},{\"@type\":\"ListItem\",\"position\":3,\"name\":\"WOMANIZER &#8211; PREMIUM 2 ESTIMULADOR CLITORIAL WARM GREY\"}]},{\"@type\":\"WebSite\",\"@id\":\"https:\\\/\\\/lovme.pt\\\/#website\",\"url\":\"https:\\\/\\\/lovme.pt\\\/\",\"name\":\"Lovme Loja Er\u00f3tica N\u00ba1 em Portugal\",\"description\":\"A melhor loja er\u00f3tica de Portugal.\",\"alternateName\":\"Loja Er\u00f3tica Lovme\",\"potentialAction\":[{\"@type\":\"SearchAction\",\"target\":{\"@type\":\"EntryPoint\",\"urlTemplate\":\"https:\\\/\\\/lovme.pt\\\/?s={search_term_string}\"},\"query-input\":{\"@type\":\"PropertyValueSpecification\",\"valueRequired\":true,\"valueName\":\"search_term_string\"}}],\"inLanguage\":\"pt-PT\"}]}<\/script>\n<!-- \/ Yoast SEO plugin. -->","yoast_head_json":{"title":"WOMANIZER - PREMIUM 2 ESTIMULADOR CLITORIAL WARM GREY - Lovme","robots":{"index":"index","follow":"follow","max-snippet":"max-snippet:-1","max-image-preview":"max-image-preview:large","max-video-preview":"max-video-preview:-1"},"canonical":"https:\/\/lovme.pt\/index.php\/produto\/womanizer-premium-2-estimulador-clitorial-warm-grey\/","og_locale":"pt_PT","og_type":"article","og_title":"WOMANIZER - PREMIUM 2 ESTIMULADOR CLITORIAL WARM GREY - Lovme","og_description":"WOMANIZER - PREMIUM 2 ESTIMULADOR CLITORIAL WARM GREY","og_url":"https:\/\/lovme.pt\/index.php\/produto\/womanizer-premium-2-estimulador-clitorial-warm-grey\/","og_site_name":"Lovme","article_modified_time":"2026-04-02T12:35:30+00:00","og_image":[{"width":800,"height":800,"url":"https:\/\/erki24nd3ub.exactdn.com\/wp-content\/uploads\/dream\/img\/img_181513_ce5911d950d020091e8fd3a14f8b97ef_1.png?strip=all","type":"image\/png"}],"twitter_card":"summary_large_image","twitter_misc":{"Tempo estimado de leitura":"1 minuto"},"schema":{"@context":"https:\/\/schema.org","@graph":[{"@type":"WebPage","@id":"https:\/\/lovme.pt\/index.php\/produto\/womanizer-premium-2-estimulador-clitorial-warm-grey\/","url":"https:\/\/lovme.pt\/index.php\/produto\/womanizer-premium-2-estimulador-clitorial-warm-grey\/","name":"WOMANIZER - PREMIUM 2 ESTIMULADOR CLITORIAL WARM GREY - Lovme","isPartOf":{"@id":"https:\/\/lovme.pt\/#website"},"primaryImageOfPage":{"@id":"https:\/\/lovme.pt\/index.php\/produto\/womanizer-premium-2-estimulador-clitorial-warm-grey\/#primaryimage"},"image":{"@id":"https:\/\/lovme.pt\/index.php\/produto\/womanizer-premium-2-estimulador-clitorial-warm-grey\/#primaryimage"},"thumbnailUrl":"https:\/\/erki24nd3ub.exactdn.com\/wp-content\/uploads\/dream\/img\/img_181513_ce5911d950d020091e8fd3a14f8b97ef_1.png?strip=all","datePublished":"2025-10-01T20:08:29+00:00","dateModified":"2026-04-02T12:35:30+00:00","breadcrumb":{"@id":"https:\/\/lovme.pt\/index.php\/produto\/womanizer-premium-2-estimulador-clitorial-warm-grey\/#breadcrumb"},"inLanguage":"pt-PT","potentialAction":[{"@type":"ReadAction","target":["https:\/\/lovme.pt\/index.php\/produto\/womanizer-premium-2-estimulador-clitorial-warm-grey\/"]}]},{"@type":"ImageObject","inLanguage":"pt-PT","@id":"https:\/\/lovme.pt\/index.php\/produto\/womanizer-premium-2-estimulador-clitorial-warm-grey\/#primaryimage","url":"https:\/\/erki24nd3ub.exactdn.com\/wp-content\/uploads\/dream\/img\/img_181513_ce5911d950d020091e8fd3a14f8b97ef_1.png?strip=all","contentUrl":"https:\/\/erki24nd3ub.exactdn.com\/wp-content\/uploads\/dream\/img\/img_181513_ce5911d950d020091e8fd3a14f8b97ef_1.png?strip=all","width":800,"height":800},{"@type":"BreadcrumbList","@id":"https:\/\/lovme.pt\/index.php\/produto\/womanizer-premium-2-estimulador-clitorial-warm-grey\/#breadcrumb","itemListElement":[{"@type":"ListItem","position":1,"name":"In\u00edcio","item":"https:\/\/lovme.pt\/"},{"@type":"ListItem","position":2,"name":"Loja","item":"https:\/\/lovme.pt\/index.php\/loja\/"},{"@type":"ListItem","position":3,"name":"WOMANIZER &#8211; PREMIUM 2 ESTIMULADOR CLITORIAL WARM GREY"}]},{"@type":"WebSite","@id":"https:\/\/lovme.pt\/#website","url":"https:\/\/lovme.pt\/","name":"Lovme Loja Er\u00f3tica N\u00ba1 em Portugal","description":"A melhor loja er\u00f3tica de Portugal.","alternateName":"Loja Er\u00f3tica Lovme","potentialAction":[{"@type":"SearchAction","target":{"@type":"EntryPoint","urlTemplate":"https:\/\/lovme.pt\/?s={search_term_string}"},"query-input":{"@type":"PropertyValueSpecification","valueRequired":true,"valueName":"search_term_string"}}],"inLanguage":"pt-PT"}]}},"_links":{"self":[{"href":"https:\/\/lovme.pt\/index.php\/wp-json\/wp\/v2\/product\/43793","targetHints":{"allow":["GET"]}}],"collection":[{"href":"https:\/\/lovme.pt\/index.php\/wp-json\/wp\/v2\/product"}],"about":[{"href":"https:\/\/lovme.pt\/index.php\/wp-json\/wp\/v2\/types\/product"}],"wp:featuredmedia":[{"embeddable":true,"href":"https:\/\/lovme.pt\/index.php\/wp-json\/wp\/v2\/media\/103108"}],"wp:attachment":[{"href":"https:\/\/lovme.pt\/index.php\/wp-json\/wp\/v2\/media?parent=43793"}],"wp:term":[{"taxonomy":"product_brand","embeddable":true,"href":"https:\/\/lovme.pt\/index.php\/wp-json\/wp\/v2\/product_brand?post=43793"},{"taxonomy":"product_cat","embeddable":true,"href":"https:\/\/lovme.pt\/index.php\/wp-json\/wp\/v2\/product_cat?post=43793"},{"taxonomy":"product_tag","embeddable":true,"href":"https:\/\/lovme.pt\/index.php\/wp-json\/wp\/v2\/product_tag?post=43793"}],"curies":[{"name":"wp","href":"https:\/\/api.w.org\/{rel}","templated":true}]}}