{"id":43786,"date":"2025-09-30T20:44:53","date_gmt":"2025-09-30T20:44:53","guid":{"rendered":"https:\/\/lovme.pt\/?post_type=product&p=43786"},"modified":"2026-02-19T20:08:50","modified_gmt":"2026-02-19T20:08:50","slug":"womanizer-starlet-3-clitoral-stimulator-grey","status":"publish","type":"product","link":"https:\/\/lovme.pt\/index.php\/produto\/womanizer-starlet-3-clitoral-stimulator-grey\/","title":{"rendered":"WOMANIZER &#8211; STARLET 3 CLITORAL STIMULATOR GREY"},"content":{"rendered":"<p>O novo Womanizer Starlet 3 apresenta o Womanizer original combinado com cinco novas cores vivas de produtos e mais dois n\u00edveis de intensidade de estimula\u00e7\u00e3o Pleasure Air, tudo isso ainda \u00e0 prova d\u00e1gua e recarreg\u00e1vel por USB a um pre\u00e7o razo\u00e1vel.<\/p>\n<p> Feito para voc\u00ea e seu corpo, o Starlet 3 usa uma inova\u00e7\u00e3o exclusiva chamada Pleasure Air Technology. ? Por que \u00e9 t\u00e3o especial? Seu clit\u00f3ris \u00e9 estimulado sem contato direto. As vibra\u00e7\u00f5es suaves do ar sugam e massageiam juntas para proporcionar uma sensa\u00e7\u00e3o org\u00e1stica sem precedentes.<\/p>\n<p> O design fino e sensual cabe confortavelmente na sua m\u00e3o e se torna o companheiro perfeito at\u00e9 para os momentos mais \u00edntimos. ?<\/p>\n<p> Explore seis n\u00edveis de intensidade diferentes para o prazer perfeito para qualquer humor que voc\u00ea esteja. Mergulhe mais fundo com a classifica\u00e7\u00e3o IPX7, permitindo que voc\u00ea leve seu Starlet 3 para o banho ou chuveiro sem medo. Porque quem n\u00e3o quer ficar um pouco molhado durante o recreio?<\/p>\n<p> <strong>Caracter\u00edsticas principais:<\/strong><\/p>\n<ul>\n<li> Estimulador de clit\u00f3ris<\/li>\n<li> Tecnologia de ar de prazer<\/li>\n<li> 6 n\u00edveis de intensidade<\/li>\n<li> Compactar<\/li>\n<li> Corpo seguro<\/li>\n<li> \u00c0 prova d\u00e1gua<\/li>\n<li> Produ\u00e7\u00e3o vegana<\/li>\n<li> Carregamento Magn\u00e9tico<\/li>\n<\/ul>\n","protected":false},"excerpt":{"rendered":"<p>WOMANIZER &#8211; STARLET 3 CLITORAL STIMULATOR GREY<\/p>\n","protected":false},"featured_media":72222,"template":"","meta":{"_acf_changed":false},"product_brand":[],"product_cat":[17,61,76],"product_tag":[],"class_list":{"0":"post-43786","1":"product","2":"type-product","3":"status-publish","4":"has-post-thumbnail","6":"product_cat-brinquedos-de-bem-estar-sexual","7":"product_cat-para-elas","8":"product_cat-vibradores","9":"yith_product_brand-womanizer","11":"first","12":"instock","13":"taxable","14":"shipping-taxable","15":"purchasable","16":"product-type-simple"},"acf":[],"yoast_head":"<!-- This site is optimized with the Yoast SEO plugin v27.4 - https:\/\/yoast.com\/product\/yoast-seo-wordpress\/ -->\n<title>WOMANIZER - STARLET 3 CLITORAL STIMULATOR GREY - Lovme<\/title>\n<meta name=\"robots\" content=\"index, follow, max-snippet:-1, max-image-preview:large, max-video-preview:-1\" \/>\n<link rel=\"canonical\" href=\"https:\/\/lovme.pt\/index.php\/produto\/womanizer-starlet-3-clitoral-stimulator-grey\/\" \/>\n<meta property=\"og:locale\" content=\"pt_PT\" \/>\n<meta property=\"og:type\" content=\"article\" \/>\n<meta property=\"og:title\" content=\"WOMANIZER - STARLET 3 CLITORAL STIMULATOR GREY - Lovme\" \/>\n<meta property=\"og:description\" content=\"WOMANIZER - STARLET 3 CLITORAL STIMULATOR GREY\" \/>\n<meta property=\"og:url\" content=\"https:\/\/lovme.pt\/index.php\/produto\/womanizer-starlet-3-clitoral-stimulator-grey\/\" \/>\n<meta property=\"og:site_name\" content=\"Lovme\" \/>\n<meta property=\"article:modified_time\" content=\"2026-02-19T20:08:50+00:00\" \/>\n<meta property=\"og:image\" content=\"https:\/\/erki24nd3ub.exactdn.com\/wp-content\/uploads\/dream\/img\/img_181530_3e7c76727d429c72bcfbcc6cac6b6eb1_1.png?strip=all\" \/>\n\t<meta property=\"og:image:width\" content=\"800\" \/>\n\t<meta property=\"og:image:height\" content=\"800\" \/>\n\t<meta property=\"og:image:type\" content=\"image\/png\" \/>\n<meta name=\"twitter:card\" content=\"summary_large_image\" \/>\n<meta name=\"twitter:label1\" content=\"Tempo estimado de leitura\" \/>\n\t<meta name=\"twitter:data1\" content=\"1 minuto\" \/>\n<script type=\"application\/ld+json\" class=\"yoast-schema-graph\">{\"@context\":\"https:\\\/\\\/schema.org\",\"@graph\":[{\"@type\":\"WebPage\",\"@id\":\"https:\\\/\\\/lovme.pt\\\/index.php\\\/produto\\\/womanizer-starlet-3-clitoral-stimulator-grey\\\/\",\"url\":\"https:\\\/\\\/lovme.pt\\\/index.php\\\/produto\\\/womanizer-starlet-3-clitoral-stimulator-grey\\\/\",\"name\":\"WOMANIZER - STARLET 3 CLITORAL STIMULATOR GREY - Lovme\",\"isPartOf\":{\"@id\":\"https:\\\/\\\/lovme.pt\\\/#website\"},\"primaryImageOfPage\":{\"@id\":\"https:\\\/\\\/lovme.pt\\\/index.php\\\/produto\\\/womanizer-starlet-3-clitoral-stimulator-grey\\\/#primaryimage\"},\"image\":{\"@id\":\"https:\\\/\\\/lovme.pt\\\/index.php\\\/produto\\\/womanizer-starlet-3-clitoral-stimulator-grey\\\/#primaryimage\"},\"thumbnailUrl\":\"https:\\\/\\\/erki24nd3ub.exactdn.com\\\/wp-content\\\/uploads\\\/dream\\\/img\\\/img_181530_3e7c76727d429c72bcfbcc6cac6b6eb1_1.png?strip=all\",\"datePublished\":\"2025-09-30T20:44:53+00:00\",\"dateModified\":\"2026-02-19T20:08:50+00:00\",\"breadcrumb\":{\"@id\":\"https:\\\/\\\/lovme.pt\\\/index.php\\\/produto\\\/womanizer-starlet-3-clitoral-stimulator-grey\\\/#breadcrumb\"},\"inLanguage\":\"pt-PT\",\"potentialAction\":[{\"@type\":\"ReadAction\",\"target\":[\"https:\\\/\\\/lovme.pt\\\/index.php\\\/produto\\\/womanizer-starlet-3-clitoral-stimulator-grey\\\/\"]}]},{\"@type\":\"ImageObject\",\"inLanguage\":\"pt-PT\",\"@id\":\"https:\\\/\\\/lovme.pt\\\/index.php\\\/produto\\\/womanizer-starlet-3-clitoral-stimulator-grey\\\/#primaryimage\",\"url\":\"https:\\\/\\\/erki24nd3ub.exactdn.com\\\/wp-content\\\/uploads\\\/dream\\\/img\\\/img_181530_3e7c76727d429c72bcfbcc6cac6b6eb1_1.png?strip=all\",\"contentUrl\":\"https:\\\/\\\/erki24nd3ub.exactdn.com\\\/wp-content\\\/uploads\\\/dream\\\/img\\\/img_181530_3e7c76727d429c72bcfbcc6cac6b6eb1_1.png?strip=all\",\"width\":800,\"height\":800},{\"@type\":\"BreadcrumbList\",\"@id\":\"https:\\\/\\\/lovme.pt\\\/index.php\\\/produto\\\/womanizer-starlet-3-clitoral-stimulator-grey\\\/#breadcrumb\",\"itemListElement\":[{\"@type\":\"ListItem\",\"position\":1,\"name\":\"In\u00edcio\",\"item\":\"https:\\\/\\\/lovme.pt\\\/\"},{\"@type\":\"ListItem\",\"position\":2,\"name\":\"Loja\",\"item\":\"https:\\\/\\\/lovme.pt\\\/index.php\\\/loja\\\/\"},{\"@type\":\"ListItem\",\"position\":3,\"name\":\"WOMANIZER &#8211; STARLET 3 CLITORAL STIMULATOR GREY\"}]},{\"@type\":\"WebSite\",\"@id\":\"https:\\\/\\\/lovme.pt\\\/#website\",\"url\":\"https:\\\/\\\/lovme.pt\\\/\",\"name\":\"Lovme Loja Er\u00f3tica N\u00ba1 em Portugal\",\"description\":\"A melhor loja er\u00f3tica de Portugal.\",\"alternateName\":\"Loja Er\u00f3tica Lovme\",\"potentialAction\":[{\"@type\":\"SearchAction\",\"target\":{\"@type\":\"EntryPoint\",\"urlTemplate\":\"https:\\\/\\\/lovme.pt\\\/?s={search_term_string}\"},\"query-input\":{\"@type\":\"PropertyValueSpecification\",\"valueRequired\":true,\"valueName\":\"search_term_string\"}}],\"inLanguage\":\"pt-PT\"}]}<\/script>\n<!-- \/ Yoast SEO plugin. -->","yoast_head_json":{"title":"WOMANIZER - STARLET 3 CLITORAL STIMULATOR GREY - Lovme","robots":{"index":"index","follow":"follow","max-snippet":"max-snippet:-1","max-image-preview":"max-image-preview:large","max-video-preview":"max-video-preview:-1"},"canonical":"https:\/\/lovme.pt\/index.php\/produto\/womanizer-starlet-3-clitoral-stimulator-grey\/","og_locale":"pt_PT","og_type":"article","og_title":"WOMANIZER - STARLET 3 CLITORAL STIMULATOR GREY - Lovme","og_description":"WOMANIZER - STARLET 3 CLITORAL STIMULATOR GREY","og_url":"https:\/\/lovme.pt\/index.php\/produto\/womanizer-starlet-3-clitoral-stimulator-grey\/","og_site_name":"Lovme","article_modified_time":"2026-02-19T20:08:50+00:00","og_image":[{"width":800,"height":800,"url":"https:\/\/erki24nd3ub.exactdn.com\/wp-content\/uploads\/dream\/img\/img_181530_3e7c76727d429c72bcfbcc6cac6b6eb1_1.png?strip=all","type":"image\/png"}],"twitter_card":"summary_large_image","twitter_misc":{"Tempo estimado de leitura":"1 minuto"},"schema":{"@context":"https:\/\/schema.org","@graph":[{"@type":"WebPage","@id":"https:\/\/lovme.pt\/index.php\/produto\/womanizer-starlet-3-clitoral-stimulator-grey\/","url":"https:\/\/lovme.pt\/index.php\/produto\/womanizer-starlet-3-clitoral-stimulator-grey\/","name":"WOMANIZER - STARLET 3 CLITORAL STIMULATOR GREY - Lovme","isPartOf":{"@id":"https:\/\/lovme.pt\/#website"},"primaryImageOfPage":{"@id":"https:\/\/lovme.pt\/index.php\/produto\/womanizer-starlet-3-clitoral-stimulator-grey\/#primaryimage"},"image":{"@id":"https:\/\/lovme.pt\/index.php\/produto\/womanizer-starlet-3-clitoral-stimulator-grey\/#primaryimage"},"thumbnailUrl":"https:\/\/erki24nd3ub.exactdn.com\/wp-content\/uploads\/dream\/img\/img_181530_3e7c76727d429c72bcfbcc6cac6b6eb1_1.png?strip=all","datePublished":"2025-09-30T20:44:53+00:00","dateModified":"2026-02-19T20:08:50+00:00","breadcrumb":{"@id":"https:\/\/lovme.pt\/index.php\/produto\/womanizer-starlet-3-clitoral-stimulator-grey\/#breadcrumb"},"inLanguage":"pt-PT","potentialAction":[{"@type":"ReadAction","target":["https:\/\/lovme.pt\/index.php\/produto\/womanizer-starlet-3-clitoral-stimulator-grey\/"]}]},{"@type":"ImageObject","inLanguage":"pt-PT","@id":"https:\/\/lovme.pt\/index.php\/produto\/womanizer-starlet-3-clitoral-stimulator-grey\/#primaryimage","url":"https:\/\/erki24nd3ub.exactdn.com\/wp-content\/uploads\/dream\/img\/img_181530_3e7c76727d429c72bcfbcc6cac6b6eb1_1.png?strip=all","contentUrl":"https:\/\/erki24nd3ub.exactdn.com\/wp-content\/uploads\/dream\/img\/img_181530_3e7c76727d429c72bcfbcc6cac6b6eb1_1.png?strip=all","width":800,"height":800},{"@type":"BreadcrumbList","@id":"https:\/\/lovme.pt\/index.php\/produto\/womanizer-starlet-3-clitoral-stimulator-grey\/#breadcrumb","itemListElement":[{"@type":"ListItem","position":1,"name":"In\u00edcio","item":"https:\/\/lovme.pt\/"},{"@type":"ListItem","position":2,"name":"Loja","item":"https:\/\/lovme.pt\/index.php\/loja\/"},{"@type":"ListItem","position":3,"name":"WOMANIZER &#8211; STARLET 3 CLITORAL STIMULATOR GREY"}]},{"@type":"WebSite","@id":"https:\/\/lovme.pt\/#website","url":"https:\/\/lovme.pt\/","name":"Lovme Loja Er\u00f3tica N\u00ba1 em Portugal","description":"A melhor loja er\u00f3tica de Portugal.","alternateName":"Loja Er\u00f3tica Lovme","potentialAction":[{"@type":"SearchAction","target":{"@type":"EntryPoint","urlTemplate":"https:\/\/lovme.pt\/?s={search_term_string}"},"query-input":{"@type":"PropertyValueSpecification","valueRequired":true,"valueName":"search_term_string"}}],"inLanguage":"pt-PT"}]}},"_links":{"self":[{"href":"https:\/\/lovme.pt\/index.php\/wp-json\/wp\/v2\/product\/43786","targetHints":{"allow":["GET"]}}],"collection":[{"href":"https:\/\/lovme.pt\/index.php\/wp-json\/wp\/v2\/product"}],"about":[{"href":"https:\/\/lovme.pt\/index.php\/wp-json\/wp\/v2\/types\/product"}],"wp:featuredmedia":[{"embeddable":true,"href":"https:\/\/lovme.pt\/index.php\/wp-json\/wp\/v2\/media\/72222"}],"wp:attachment":[{"href":"https:\/\/lovme.pt\/index.php\/wp-json\/wp\/v2\/media?parent=43786"}],"wp:term":[{"taxonomy":"product_brand","embeddable":true,"href":"https:\/\/lovme.pt\/index.php\/wp-json\/wp\/v2\/product_brand?post=43786"},{"taxonomy":"product_cat","embeddable":true,"href":"https:\/\/lovme.pt\/index.php\/wp-json\/wp\/v2\/product_cat?post=43786"},{"taxonomy":"product_tag","embeddable":true,"href":"https:\/\/lovme.pt\/index.php\/wp-json\/wp\/v2\/product_tag?post=43786"}],"curies":[{"name":"wp","href":"https:\/\/api.w.org\/{rel}","templated":true}]}}