{"id":43777,"date":"2025-10-01T20:08:18","date_gmt":"2025-10-01T20:08:18","guid":{"rendered":"https:\/\/lovme.pt\/?post_type=product&p=43777"},"modified":"2026-05-13T16:33:55","modified_gmt":"2026-05-13T16:33:55","slug":"mia-two-heads-clitoral-stimulator-luxury-edition","status":"publish","type":"product","link":"https:\/\/lovme.pt\/index.php\/produto\/mia-two-heads-clitoral-stimulator-luxury-edition\/","title":{"rendered":"MIA &#8211; TWO HEADS CLITORAL STIMULATOR LUXURY EDITION"},"content":{"rendered":"<p>Mia Ros\u00e9 2.0, agora com cabe\u00e7as que aumentam o prazer.<\/p>\n<p>MIA ROS\u00c9 2.0\u00a0\u00e9 um sugador de clit\u00f3ris de outra era, ideal para quem deseja ter orgasmos mais longos e intensos. MIA ROS\u00c9 2.0 \u00a0feito de silicone seguro para o corpo de alta qualidade e completamente submers\u00edvel, foi projetado para voc\u00ea atingir orgasmos m\u00faltiplos e intensos. Cont\u00e9m dez modos de suc\u00e7\u00e3o, cada um com mais intensidade. Tamb\u00e9m inclui duas cabe\u00e7as totalmente revolucion\u00e1rias que modificam a fun\u00e7\u00e3o do brinquedo adicionando um estimulador com tr\u00eas l\u00ednguas e outro com o fant\u00e1stico efeito Tapping, estimula intensamente o clit\u00f3ris.<\/p>\n<p>1 &#8211; Mia Ros\u00e9 2.0? ESTIMULA\u00c7\u00c3O INTENSIVA<\/p>\n<p>Este brinquedo usa pulsos sonoros que ressoam profundamente dentro da estrutura interna do clit\u00f3ris para uma sensa\u00e7\u00e3o como nenhuma outra. Voc\u00ea pode estimular o clit\u00f3ris de 3 maneiras diferentes.<\/p>\n<p>2 &#8211; MAIOR VARIEDADE DE INTENSIDADES<\/p>\n<p>Porque n\u00e3o h\u00e1 nada como muita ou pouca satisfa\u00e7\u00e3o, com os dez modos voc\u00ea pode jogar sem parar.<\/p>\n<p>3 &#8211; AMPLA SUPERF\u00cdCIE PARA PRAZERES MAIS PROFUNDOS<\/p>\n<p>Uma boca mais macia, profunda e larga para a m\u00e1xima satisfa\u00e7\u00e3o, tanto por dentro como por fora.<\/p>\n<p>Mia Ros\u00e9 2.0? usa ondas agrad\u00e1veis de \u00faltima gera\u00e7\u00e3o, em vez de vibra\u00e7\u00f5es convencionais, para estimular o clit\u00f3ris. \u00c9 uma abordagem completamente nova do prazer, capaz de fazer voc\u00ea atingir m\u00faltiplos orgasmos ao mesmo tempo. Tamb\u00e9m inclui tecnologia de estimula\u00e7\u00e3o por meio de vibra\u00e7\u00e3o ou sistema de cabe\u00e7a. Com seus dez modos de prazer e um design suave feito de silicone de alta qualidade e seguro para o corpo, Mia Ros\u00e9 2.0 \u00e9 sua melhor aposta para estimula\u00e7\u00e3o do clit\u00f3ris.<\/p>\n<p>POR ANOS E ANOS DE PRAZER<\/p>\n<ul>\n<li>Feito para durar!!<\/li>\n<\/ul>\n<p>10 N\u00cdVEIS<\/p>\n<ul>\n<li>De toques suaves a pulsos muito emocionantes<\/li>\n<\/ul>\n<p>PROJETADO PARA O SEU CONFORTO<\/p>\n<ul>\n<li>Feito de uma \u00fanica pe\u00e7a de silicone<\/li>\n<\/ul>\n<p>100% SUBMERS\u00cdVEL<\/p>\n<ul>\n<li>Perfeito para o banho e chuveiro<\/li>\n<\/ul>\n<p>BATERIA DE MAIS DURA\u00c7\u00c3O<\/p>\n<ul>\n<li>Mais tempo de prazer, totalmente recarreg\u00e1vel (carregador inclu\u00eddo)<\/li>\n<\/ul>\n<p>SILICONE EXTRA MACIO<\/p>\n<ul>\n<li>Silicone de alta qualidade que \u00e9 quente ao toque<\/li>\n<\/ul>\n<p>CARACTER\u00cdSTICAS T\u00c9CNICAS.<\/p>\n<ul>\n<li>Dimens\u00f5es do produto: 5,9 x 5,9 cm<\/li>\n<li>Peso do produto: 124 gramas<\/li>\n<li>1 Potente Motor de Suc\u00e7\u00e3o<\/li>\n<li>Rota\u00e7\u00f5es: 5300 RPM<\/li>\n<li>N\u00edvel de ru\u00eddo: 50 dB<\/li>\n<li>recarreg\u00e1vel: sim<\/li>\n<li>Tempo de recarga: 60 minutos<\/li>\n<li>Dura\u00e7\u00e3o da recarga das baterias: 90 min<\/li>\n<li>Categoria \u00e0 prova d\u00e1gua IPX6<\/li>\n<li>livre de ftalatos<\/li>\n<li>Modos de suc\u00e7\u00e3o: 10<\/li>\n<\/ul>\n<p><strong>Materiais: silicone de grau m\u00e9dico MATERIAIS E CUIDADOS<\/strong><\/p>\n<p>O silicone MIA possui silicone 100% livre de falatos, incrivelmente flex\u00edvel. \u00c0 prova d\u00e1gua (IPX6) e combinados com uma pr\u00e1tica al\u00e7a ergon\u00f4mica do mesmo material, os brinquedos MIA s\u00e3o f\u00e1ceis de limpar e permanecem higi\u00eanicos por muito tempo. O material flex\u00edvel \u00e9 maravilhosamente escorregadio e aquece rapidamente \u00e0 temperatura do corpo. Seu vibrador pode ser limpo r\u00e1pida e facilmente com um pouco de sab\u00e3o e \u00e1gua morna. Finalmente, garante uma higiene exaustiva com algumas pulveriza\u00e7\u00f5es de detergente desinfetante para brinquedos.<\/p>\n<p>Aproveite o seu brinquedo tanto quanto n\u00f3s gostamos de faz\u00ea-lo para voc\u00ea.<\/p>\n<p><strong>MINHA MARCA<\/strong><\/p>\n<p>MIA &#8211; muito mais que uma marca europeia! Tudo come\u00e7ou com a estimula\u00e7\u00e3o por meio de motores inovadores e materiais exclusivos. A marca l\u00edder mundial em bem-estar sexual agora enriquece a vida amorosa de mais de 200.000 mulheres, homens e casais em mais de 100 pa\u00edses com uma linha exclusiva de produtos de ponta. Com caracter\u00edsticas de qualidade como silicone de alta qualidade, garantia de 5 anos, totalmente \u00e0 prova d\u00e1gua (IPX7) e motores potentes, a bem-sucedida marca europeia tem sempre o cuidado de aliar tecnologia a um design diferenciado em seus produtos. Um produto montado em Espanha com a mais alta qualidade europeia.<\/p>\n","protected":false},"excerpt":{"rendered":"<p>MIA &#8211; TWO HEADS CLITORAL STIMULATOR LUXURY EDITION<\/p>\n","protected":false},"featured_media":103088,"template":"","meta":{"_acf_changed":false},"product_brand":[],"product_cat":[17,61,64],"product_tag":[],"class_list":{"0":"post-43777","1":"product","2":"type-product","3":"status-publish","4":"has-post-thumbnail","6":"product_cat-brinquedos-de-bem-estar-sexual","7":"product_cat-para-elas","8":"product_cat-sugadores","9":"yith_product_brand-mia","11":"first","12":"instock","13":"taxable","14":"shipping-taxable","15":"purchasable","16":"product-type-simple"},"acf":[],"yoast_head":"<!-- This site is optimized with the Yoast SEO plugin v27.4 - https:\/\/yoast.com\/product\/yoast-seo-wordpress\/ -->\n<title>MIA - TWO HEADS CLITORAL STIMULATOR LUXURY EDITION - Lovme<\/title>\n<meta name=\"robots\" content=\"index, follow, max-snippet:-1, max-image-preview:large, max-video-preview:-1\" \/>\n<link rel=\"canonical\" href=\"https:\/\/lovme.pt\/index.php\/produto\/mia-two-heads-clitoral-stimulator-luxury-edition\/\" \/>\n<meta property=\"og:locale\" content=\"pt_PT\" \/>\n<meta property=\"og:type\" content=\"article\" \/>\n<meta property=\"og:title\" content=\"MIA - TWO HEADS CLITORAL STIMULATOR LUXURY EDITION - Lovme\" \/>\n<meta property=\"og:description\" content=\"MIA - TWO HEADS CLITORAL STIMULATOR LUXURY EDITION\" \/>\n<meta property=\"og:url\" content=\"https:\/\/lovme.pt\/index.php\/produto\/mia-two-heads-clitoral-stimulator-luxury-edition\/\" \/>\n<meta property=\"og:site_name\" content=\"Lovme\" \/>\n<meta property=\"article:modified_time\" content=\"2026-05-13T16:33:55+00:00\" \/>\n<meta property=\"og:image\" content=\"https:\/\/erki24nd3ub.exactdn.com\/wp-content\/uploads\/dream\/img\/img_147495_28b9e8d48b4aaa9045524fa42ab90ed7_1.png?strip=all\" \/>\n\t<meta property=\"og:image:width\" content=\"800\" \/>\n\t<meta property=\"og:image:height\" content=\"800\" \/>\n\t<meta property=\"og:image:type\" content=\"image\/png\" \/>\n<meta name=\"twitter:card\" content=\"summary_large_image\" \/>\n<meta name=\"twitter:label1\" content=\"Tempo estimado de leitura\" \/>\n\t<meta name=\"twitter:data1\" content=\"3 minutos\" \/>\n<script type=\"application\/ld+json\" class=\"yoast-schema-graph\">{\"@context\":\"https:\\\/\\\/schema.org\",\"@graph\":[{\"@type\":\"WebPage\",\"@id\":\"https:\\\/\\\/lovme.pt\\\/index.php\\\/produto\\\/mia-two-heads-clitoral-stimulator-luxury-edition\\\/\",\"url\":\"https:\\\/\\\/lovme.pt\\\/index.php\\\/produto\\\/mia-two-heads-clitoral-stimulator-luxury-edition\\\/\",\"name\":\"MIA - TWO HEADS CLITORAL STIMULATOR LUXURY EDITION - Lovme\",\"isPartOf\":{\"@id\":\"https:\\\/\\\/lovme.pt\\\/#website\"},\"primaryImageOfPage\":{\"@id\":\"https:\\\/\\\/lovme.pt\\\/index.php\\\/produto\\\/mia-two-heads-clitoral-stimulator-luxury-edition\\\/#primaryimage\"},\"image\":{\"@id\":\"https:\\\/\\\/lovme.pt\\\/index.php\\\/produto\\\/mia-two-heads-clitoral-stimulator-luxury-edition\\\/#primaryimage\"},\"thumbnailUrl\":\"https:\\\/\\\/erki24nd3ub.exactdn.com\\\/wp-content\\\/uploads\\\/dream\\\/img\\\/img_147495_28b9e8d48b4aaa9045524fa42ab90ed7_1.png?strip=all\",\"datePublished\":\"2025-10-01T20:08:18+00:00\",\"dateModified\":\"2026-05-13T16:33:55+00:00\",\"breadcrumb\":{\"@id\":\"https:\\\/\\\/lovme.pt\\\/index.php\\\/produto\\\/mia-two-heads-clitoral-stimulator-luxury-edition\\\/#breadcrumb\"},\"inLanguage\":\"pt-PT\",\"potentialAction\":[{\"@type\":\"ReadAction\",\"target\":[\"https:\\\/\\\/lovme.pt\\\/index.php\\\/produto\\\/mia-two-heads-clitoral-stimulator-luxury-edition\\\/\"]}]},{\"@type\":\"ImageObject\",\"inLanguage\":\"pt-PT\",\"@id\":\"https:\\\/\\\/lovme.pt\\\/index.php\\\/produto\\\/mia-two-heads-clitoral-stimulator-luxury-edition\\\/#primaryimage\",\"url\":\"https:\\\/\\\/erki24nd3ub.exactdn.com\\\/wp-content\\\/uploads\\\/dream\\\/img\\\/img_147495_28b9e8d48b4aaa9045524fa42ab90ed7_1.png?strip=all\",\"contentUrl\":\"https:\\\/\\\/erki24nd3ub.exactdn.com\\\/wp-content\\\/uploads\\\/dream\\\/img\\\/img_147495_28b9e8d48b4aaa9045524fa42ab90ed7_1.png?strip=all\",\"width\":800,\"height\":800},{\"@type\":\"BreadcrumbList\",\"@id\":\"https:\\\/\\\/lovme.pt\\\/index.php\\\/produto\\\/mia-two-heads-clitoral-stimulator-luxury-edition\\\/#breadcrumb\",\"itemListElement\":[{\"@type\":\"ListItem\",\"position\":1,\"name\":\"In\u00edcio\",\"item\":\"https:\\\/\\\/lovme.pt\\\/\"},{\"@type\":\"ListItem\",\"position\":2,\"name\":\"Loja\",\"item\":\"https:\\\/\\\/lovme.pt\\\/index.php\\\/loja\\\/\"},{\"@type\":\"ListItem\",\"position\":3,\"name\":\"MIA &#8211; TWO HEADS CLITORAL STIMULATOR LUXURY EDITION\"}]},{\"@type\":\"WebSite\",\"@id\":\"https:\\\/\\\/lovme.pt\\\/#website\",\"url\":\"https:\\\/\\\/lovme.pt\\\/\",\"name\":\"Lovme Loja Er\u00f3tica N\u00ba1 em Portugal\",\"description\":\"A melhor loja er\u00f3tica de Portugal.\",\"alternateName\":\"Loja Er\u00f3tica Lovme\",\"potentialAction\":[{\"@type\":\"SearchAction\",\"target\":{\"@type\":\"EntryPoint\",\"urlTemplate\":\"https:\\\/\\\/lovme.pt\\\/?s={search_term_string}\"},\"query-input\":{\"@type\":\"PropertyValueSpecification\",\"valueRequired\":true,\"valueName\":\"search_term_string\"}}],\"inLanguage\":\"pt-PT\"}]}<\/script>\n<!-- \/ Yoast SEO plugin. -->","yoast_head_json":{"title":"MIA - TWO HEADS CLITORAL STIMULATOR LUXURY EDITION - Lovme","robots":{"index":"index","follow":"follow","max-snippet":"max-snippet:-1","max-image-preview":"max-image-preview:large","max-video-preview":"max-video-preview:-1"},"canonical":"https:\/\/lovme.pt\/index.php\/produto\/mia-two-heads-clitoral-stimulator-luxury-edition\/","og_locale":"pt_PT","og_type":"article","og_title":"MIA - TWO HEADS CLITORAL STIMULATOR LUXURY EDITION - Lovme","og_description":"MIA - TWO HEADS CLITORAL STIMULATOR LUXURY EDITION","og_url":"https:\/\/lovme.pt\/index.php\/produto\/mia-two-heads-clitoral-stimulator-luxury-edition\/","og_site_name":"Lovme","article_modified_time":"2026-05-13T16:33:55+00:00","og_image":[{"width":800,"height":800,"url":"https:\/\/erki24nd3ub.exactdn.com\/wp-content\/uploads\/dream\/img\/img_147495_28b9e8d48b4aaa9045524fa42ab90ed7_1.png?strip=all","type":"image\/png"}],"twitter_card":"summary_large_image","twitter_misc":{"Tempo estimado de leitura":"3 minutos"},"schema":{"@context":"https:\/\/schema.org","@graph":[{"@type":"WebPage","@id":"https:\/\/lovme.pt\/index.php\/produto\/mia-two-heads-clitoral-stimulator-luxury-edition\/","url":"https:\/\/lovme.pt\/index.php\/produto\/mia-two-heads-clitoral-stimulator-luxury-edition\/","name":"MIA - TWO HEADS CLITORAL STIMULATOR LUXURY EDITION - Lovme","isPartOf":{"@id":"https:\/\/lovme.pt\/#website"},"primaryImageOfPage":{"@id":"https:\/\/lovme.pt\/index.php\/produto\/mia-two-heads-clitoral-stimulator-luxury-edition\/#primaryimage"},"image":{"@id":"https:\/\/lovme.pt\/index.php\/produto\/mia-two-heads-clitoral-stimulator-luxury-edition\/#primaryimage"},"thumbnailUrl":"https:\/\/erki24nd3ub.exactdn.com\/wp-content\/uploads\/dream\/img\/img_147495_28b9e8d48b4aaa9045524fa42ab90ed7_1.png?strip=all","datePublished":"2025-10-01T20:08:18+00:00","dateModified":"2026-05-13T16:33:55+00:00","breadcrumb":{"@id":"https:\/\/lovme.pt\/index.php\/produto\/mia-two-heads-clitoral-stimulator-luxury-edition\/#breadcrumb"},"inLanguage":"pt-PT","potentialAction":[{"@type":"ReadAction","target":["https:\/\/lovme.pt\/index.php\/produto\/mia-two-heads-clitoral-stimulator-luxury-edition\/"]}]},{"@type":"ImageObject","inLanguage":"pt-PT","@id":"https:\/\/lovme.pt\/index.php\/produto\/mia-two-heads-clitoral-stimulator-luxury-edition\/#primaryimage","url":"https:\/\/erki24nd3ub.exactdn.com\/wp-content\/uploads\/dream\/img\/img_147495_28b9e8d48b4aaa9045524fa42ab90ed7_1.png?strip=all","contentUrl":"https:\/\/erki24nd3ub.exactdn.com\/wp-content\/uploads\/dream\/img\/img_147495_28b9e8d48b4aaa9045524fa42ab90ed7_1.png?strip=all","width":800,"height":800},{"@type":"BreadcrumbList","@id":"https:\/\/lovme.pt\/index.php\/produto\/mia-two-heads-clitoral-stimulator-luxury-edition\/#breadcrumb","itemListElement":[{"@type":"ListItem","position":1,"name":"In\u00edcio","item":"https:\/\/lovme.pt\/"},{"@type":"ListItem","position":2,"name":"Loja","item":"https:\/\/lovme.pt\/index.php\/loja\/"},{"@type":"ListItem","position":3,"name":"MIA &#8211; TWO HEADS CLITORAL STIMULATOR LUXURY EDITION"}]},{"@type":"WebSite","@id":"https:\/\/lovme.pt\/#website","url":"https:\/\/lovme.pt\/","name":"Lovme Loja Er\u00f3tica N\u00ba1 em Portugal","description":"A melhor loja er\u00f3tica de Portugal.","alternateName":"Loja Er\u00f3tica Lovme","potentialAction":[{"@type":"SearchAction","target":{"@type":"EntryPoint","urlTemplate":"https:\/\/lovme.pt\/?s={search_term_string}"},"query-input":{"@type":"PropertyValueSpecification","valueRequired":true,"valueName":"search_term_string"}}],"inLanguage":"pt-PT"}]}},"_links":{"self":[{"href":"https:\/\/lovme.pt\/index.php\/wp-json\/wp\/v2\/product\/43777","targetHints":{"allow":["GET"]}}],"collection":[{"href":"https:\/\/lovme.pt\/index.php\/wp-json\/wp\/v2\/product"}],"about":[{"href":"https:\/\/lovme.pt\/index.php\/wp-json\/wp\/v2\/types\/product"}],"wp:featuredmedia":[{"embeddable":true,"href":"https:\/\/lovme.pt\/index.php\/wp-json\/wp\/v2\/media\/103088"}],"wp:attachment":[{"href":"https:\/\/lovme.pt\/index.php\/wp-json\/wp\/v2\/media?parent=43777"}],"wp:term":[{"taxonomy":"product_brand","embeddable":true,"href":"https:\/\/lovme.pt\/index.php\/wp-json\/wp\/v2\/product_brand?post=43777"},{"taxonomy":"product_cat","embeddable":true,"href":"https:\/\/lovme.pt\/index.php\/wp-json\/wp\/v2\/product_cat?post=43777"},{"taxonomy":"product_tag","embeddable":true,"href":"https:\/\/lovme.pt\/index.php\/wp-json\/wp\/v2\/product_tag?post=43777"}],"curies":[{"name":"wp","href":"https:\/\/api.w.org\/{rel}","templated":true}]}}