{"id":43680,"date":"2025-09-30T20:44:45","date_gmt":"2025-09-30T20:44:45","guid":{"rendered":"https:\/\/lovme.pt\/?post_type=product&p=43680"},"modified":"2026-05-13T16:32:18","modified_gmt":"2026-05-13T16:32:18","slug":"mia-sicilia-duplo-prazer-vibrando-mordendo","status":"publish","type":"product","link":"https:\/\/lovme.pt\/index.php\/produto\/mia-sicilia-duplo-prazer-vibrando-mordendo\/","title":{"rendered":"MIA &#8211; SICILIA DUPLO PRAZER VIBRANDO + MORDENDO"},"content":{"rendered":"<p>MIA SICILIA\u00a0\u00e9 um estimulador clitoriano preciso para uso externo que permite desfrutar de orgasmos m\u00faltiplos quantas vezes quiser. Os vibradores tradicionais podem anestesiar a \u00e1rea ao redor do clit\u00f3ris e, na maioria das vezes, impedir que voc\u00ea experimente orgasmos m\u00faltiplos. Gra\u00e7as \u00e0 sua forma exclusiva de boca REAL, \u00e0 sua l\u00edngua macia e flex\u00edvel e ao seu movimento el\u00edptico revolucion\u00e1rio, MIA SICILIA\u00a0permite atingir o cl\u00edmax com uma precis\u00e3o inigual\u00e1vel. \u00c9 perfeito para estimula\u00e7\u00e3o solo ou jogo discreto com parceiros e permite uma abordagem vers\u00e1til para auto-prazer.<\/p>\n<p>1 &#8211; PRECIS\u00c3O ABSOLUTA<\/p>\n<ul>\n<li>O formato \u00fanico da boca real com estimulador de l\u00edngua macio e flex\u00edvel em forma de ponto ajuda a direcionar as oscila\u00e7\u00f5es para estimular meticulosamente qualquer zona er\u00f3gena.<\/li>\n<\/ul>\n<p>2 ? DEZ MODOS DE VIBRA\u00c7\u00c3O PODEROSOS E DEZ MODOS DE ESTIMULA\u00c7\u00c3O DA L\u00cdNGUA<\/p>\n<ul>\n<li>MIA SICILIA\u00a0possui dez padr\u00f5es de vibra\u00e7\u00e3o com diferentes intensidades, variando de um murm\u00fario suave a pulsos muito excitantes. Outros 10 modos de movimento da l\u00edngua que atingem o cl\u00edmax dos deuses.<\/li>\n<\/ul>\n<p>3 &#8211; MOVIMENTO EL\u00cdPTICO<\/p>\n<ul>\n<li>Um movimento el\u00edptico para uma sensa\u00e7\u00e3o \u00fanica completamente nova. A reinven\u00e7\u00e3o dos orgasmos como os conhecemos.<\/li>\n<\/ul>\n<p>4 &#8211; SILICONE EXTRA MACIO<\/p>\n<ul>\n<li>Silicone ultra macio de alta qualidade, muito agrad\u00e1vel ao toque. O design cl\u00e1ssico de MIA com silicone biocompat\u00edvel oferece um prazer altamente gratificante e higi\u00eanico.<\/li>\n<\/ul>\n<p>MIA SICILIA\u00a0\u00e9 um vibrador clitoriano inovador para uso externo que proporciona novas sensa\u00e7\u00f5es ao clit\u00f3ris e outras zonas er\u00f3genas para orgasmos m\u00faltiplos, ao contr\u00e1rio dos vibradores convencionais que tendem a anestesiar a \u00e1rea ao redor do clit\u00f3ris. Gra\u00e7as ao movimento de simula\u00e7\u00e3o real LINGUAGEM, realiza um movimento el\u00edptico constante, enquanto a ponta macia e flex\u00edvel estimula com precis\u00e3o absoluta. Tem uma forma muito original e cont\u00e9m dez modos de prazer com intensidades vari\u00e1veis. MIA SICILIA\u00a0\u00e9 perfeito para indiv\u00edduos ou casais que desejam experimentar um tipo diferente de orgasmo.<\/p>\n<ul>\n<li>Materiais; silicone biocompat\u00edvel<\/li>\n<li>acabamento: liso<\/li>\n<li>Peso: 196g<\/li>\n<li>Bateria: Li-Ion 520 mAh 3,7 V<\/li>\n<li>Carga: at\u00e9 2 horas a 5,0 V 500 mA<\/li>\n<li>Tempo de uso: m\u00ednimo de 60 minutos<\/li>\n<li>n\u00edvel m\u00e1ximo de ru\u00eddo: 60dB<\/li>\n<li>Lubrificante recomendado, \u00e0 base de \u00e1gua Waterfeel ou da marca Aqua.<\/li>\n<\/ul>\n<p><strong>MATERIAIS E CUIDADOS<\/strong><\/p>\n<p>O silicone MIA possui silicone 100% livre de falatos, incrivelmente flex\u00edvel. \u00c0 prova d\u00e1gua (IPX6) e combinados com uma pr\u00e1tica al\u00e7a ergon\u00f4mica do mesmo material, os brinquedos MIA s\u00e3o f\u00e1ceis de limpar e permanecem higi\u00eanicos por muito tempo. O material flex\u00edvel \u00e9 maravilhosamente escorregadio e aquece rapidamente \u00e0 temperatura do corpo. Seu vibrador pode ser limpo r\u00e1pida e facilmente com um pouco de sab\u00e3o e \u00e1gua morna. Finalmente, garante uma higiene exaustiva com algumas pulveriza\u00e7\u00f5es de detergente desinfetante para brinquedos.<\/p>\n<p>Aproveite o seu brinquedo tanto quanto n\u00f3s gostamos de faz\u00ea-lo para voc\u00ea.<\/p>\n<p><strong>MINHA MARCA<\/strong><\/p>\n<p>MIA &#8211; muito mais que uma marca europeia! Tudo come\u00e7ou com a estimula\u00e7\u00e3o por meio de motores inovadores e materiais exclusivos. A marca l\u00edder mundial em bem-estar sexual agora enriquece a vida amorosa de mais de 200.000 mulheres, homens e casais em mais de 100 pa\u00edses com uma linha exclusiva de produtos de ponta. Com caracter\u00edsticas de qualidade como silicone de alta qualidade, garantia de 5 anos, totalmente \u00e0 prova d\u00e1gua (IPX7) e motores potentes, a bem-sucedida marca europeia tem sempre o cuidado de aliar tecnologia a um design diferenciado em seus produtos. Um produto montado em Espanha com a mais alta qualidade europeia<\/p>\n","protected":false},"excerpt":{"rendered":"<p>MIA &#8211; SICILIA DUPLO PRAZER VIBRANDO + MORDENDO<\/p>\n","protected":false},"featured_media":72202,"template":"","meta":{"_acf_changed":false},"product_brand":[],"product_cat":[17,61,76],"product_tag":[],"class_list":{"0":"post-43680","1":"product","2":"type-product","3":"status-publish","4":"has-post-thumbnail","6":"product_cat-brinquedos-de-bem-estar-sexual","7":"product_cat-para-elas","8":"product_cat-vibradores","9":"yith_product_brand-mia","11":"first","12":"instock","13":"taxable","14":"shipping-taxable","15":"purchasable","16":"product-type-simple"},"acf":[],"yoast_head":"<!-- This site is optimized with the Yoast SEO plugin v27.4 - https:\/\/yoast.com\/product\/yoast-seo-wordpress\/ -->\n<title>MIA - SICILIA DUPLO PRAZER VIBRANDO + MORDENDO - Lovme<\/title>\n<meta name=\"robots\" content=\"index, follow, max-snippet:-1, max-image-preview:large, max-video-preview:-1\" \/>\n<link rel=\"canonical\" href=\"https:\/\/lovme.pt\/index.php\/produto\/mia-sicilia-duplo-prazer-vibrando-mordendo\/\" \/>\n<meta property=\"og:locale\" content=\"pt_PT\" \/>\n<meta property=\"og:type\" content=\"article\" \/>\n<meta property=\"og:title\" content=\"MIA - SICILIA DUPLO PRAZER VIBRANDO + MORDENDO - Lovme\" \/>\n<meta property=\"og:description\" content=\"MIA - SICILIA DUPLO PRAZER VIBRANDO + MORDENDO\" \/>\n<meta property=\"og:url\" content=\"https:\/\/lovme.pt\/index.php\/produto\/mia-sicilia-duplo-prazer-vibrando-mordendo\/\" \/>\n<meta property=\"og:site_name\" content=\"Lovme\" \/>\n<meta property=\"article:modified_time\" content=\"2026-05-13T16:32:18+00:00\" \/>\n<meta property=\"og:image\" content=\"https:\/\/erki24nd3ub.exactdn.com\/wp-content\/uploads\/dream\/img\/img_146495_735617c184be1bcad02406035fc8a7fd_1.png?strip=all\" \/>\n\t<meta property=\"og:image:width\" content=\"800\" \/>\n\t<meta property=\"og:image:height\" content=\"800\" \/>\n\t<meta property=\"og:image:type\" content=\"image\/png\" \/>\n<meta name=\"twitter:card\" content=\"summary_large_image\" \/>\n<meta name=\"twitter:label1\" content=\"Tempo estimado de leitura\" \/>\n\t<meta name=\"twitter:data1\" content=\"3 minutos\" \/>\n<script type=\"application\/ld+json\" class=\"yoast-schema-graph\">{\"@context\":\"https:\\\/\\\/schema.org\",\"@graph\":[{\"@type\":\"WebPage\",\"@id\":\"https:\\\/\\\/lovme.pt\\\/index.php\\\/produto\\\/mia-sicilia-duplo-prazer-vibrando-mordendo\\\/\",\"url\":\"https:\\\/\\\/lovme.pt\\\/index.php\\\/produto\\\/mia-sicilia-duplo-prazer-vibrando-mordendo\\\/\",\"name\":\"MIA - SICILIA DUPLO PRAZER VIBRANDO + MORDENDO - Lovme\",\"isPartOf\":{\"@id\":\"https:\\\/\\\/lovme.pt\\\/#website\"},\"primaryImageOfPage\":{\"@id\":\"https:\\\/\\\/lovme.pt\\\/index.php\\\/produto\\\/mia-sicilia-duplo-prazer-vibrando-mordendo\\\/#primaryimage\"},\"image\":{\"@id\":\"https:\\\/\\\/lovme.pt\\\/index.php\\\/produto\\\/mia-sicilia-duplo-prazer-vibrando-mordendo\\\/#primaryimage\"},\"thumbnailUrl\":\"https:\\\/\\\/erki24nd3ub.exactdn.com\\\/wp-content\\\/uploads\\\/dream\\\/img\\\/img_146495_735617c184be1bcad02406035fc8a7fd_1.png?strip=all\",\"datePublished\":\"2025-09-30T20:44:45+00:00\",\"dateModified\":\"2026-05-13T16:32:18+00:00\",\"breadcrumb\":{\"@id\":\"https:\\\/\\\/lovme.pt\\\/index.php\\\/produto\\\/mia-sicilia-duplo-prazer-vibrando-mordendo\\\/#breadcrumb\"},\"inLanguage\":\"pt-PT\",\"potentialAction\":[{\"@type\":\"ReadAction\",\"target\":[\"https:\\\/\\\/lovme.pt\\\/index.php\\\/produto\\\/mia-sicilia-duplo-prazer-vibrando-mordendo\\\/\"]}]},{\"@type\":\"ImageObject\",\"inLanguage\":\"pt-PT\",\"@id\":\"https:\\\/\\\/lovme.pt\\\/index.php\\\/produto\\\/mia-sicilia-duplo-prazer-vibrando-mordendo\\\/#primaryimage\",\"url\":\"https:\\\/\\\/erki24nd3ub.exactdn.com\\\/wp-content\\\/uploads\\\/dream\\\/img\\\/img_146495_735617c184be1bcad02406035fc8a7fd_1.png?strip=all\",\"contentUrl\":\"https:\\\/\\\/erki24nd3ub.exactdn.com\\\/wp-content\\\/uploads\\\/dream\\\/img\\\/img_146495_735617c184be1bcad02406035fc8a7fd_1.png?strip=all\",\"width\":800,\"height\":800},{\"@type\":\"BreadcrumbList\",\"@id\":\"https:\\\/\\\/lovme.pt\\\/index.php\\\/produto\\\/mia-sicilia-duplo-prazer-vibrando-mordendo\\\/#breadcrumb\",\"itemListElement\":[{\"@type\":\"ListItem\",\"position\":1,\"name\":\"In\u00edcio\",\"item\":\"https:\\\/\\\/lovme.pt\\\/\"},{\"@type\":\"ListItem\",\"position\":2,\"name\":\"Loja\",\"item\":\"https:\\\/\\\/lovme.pt\\\/index.php\\\/loja\\\/\"},{\"@type\":\"ListItem\",\"position\":3,\"name\":\"MIA &#8211; SICILIA DUPLO PRAZER VIBRANDO + MORDENDO\"}]},{\"@type\":\"WebSite\",\"@id\":\"https:\\\/\\\/lovme.pt\\\/#website\",\"url\":\"https:\\\/\\\/lovme.pt\\\/\",\"name\":\"Lovme Loja Er\u00f3tica N\u00ba1 em Portugal\",\"description\":\"A melhor loja er\u00f3tica de Portugal.\",\"alternateName\":\"Loja Er\u00f3tica Lovme\",\"potentialAction\":[{\"@type\":\"SearchAction\",\"target\":{\"@type\":\"EntryPoint\",\"urlTemplate\":\"https:\\\/\\\/lovme.pt\\\/?s={search_term_string}\"},\"query-input\":{\"@type\":\"PropertyValueSpecification\",\"valueRequired\":true,\"valueName\":\"search_term_string\"}}],\"inLanguage\":\"pt-PT\"}]}<\/script>\n<!-- \/ Yoast SEO plugin. -->","yoast_head_json":{"title":"MIA - SICILIA DUPLO PRAZER VIBRANDO + MORDENDO - Lovme","robots":{"index":"index","follow":"follow","max-snippet":"max-snippet:-1","max-image-preview":"max-image-preview:large","max-video-preview":"max-video-preview:-1"},"canonical":"https:\/\/lovme.pt\/index.php\/produto\/mia-sicilia-duplo-prazer-vibrando-mordendo\/","og_locale":"pt_PT","og_type":"article","og_title":"MIA - SICILIA DUPLO PRAZER VIBRANDO + MORDENDO - Lovme","og_description":"MIA - SICILIA DUPLO PRAZER VIBRANDO + MORDENDO","og_url":"https:\/\/lovme.pt\/index.php\/produto\/mia-sicilia-duplo-prazer-vibrando-mordendo\/","og_site_name":"Lovme","article_modified_time":"2026-05-13T16:32:18+00:00","og_image":[{"width":800,"height":800,"url":"https:\/\/erki24nd3ub.exactdn.com\/wp-content\/uploads\/dream\/img\/img_146495_735617c184be1bcad02406035fc8a7fd_1.png?strip=all","type":"image\/png"}],"twitter_card":"summary_large_image","twitter_misc":{"Tempo estimado de leitura":"3 minutos"},"schema":{"@context":"https:\/\/schema.org","@graph":[{"@type":"WebPage","@id":"https:\/\/lovme.pt\/index.php\/produto\/mia-sicilia-duplo-prazer-vibrando-mordendo\/","url":"https:\/\/lovme.pt\/index.php\/produto\/mia-sicilia-duplo-prazer-vibrando-mordendo\/","name":"MIA - SICILIA DUPLO PRAZER VIBRANDO + MORDENDO - Lovme","isPartOf":{"@id":"https:\/\/lovme.pt\/#website"},"primaryImageOfPage":{"@id":"https:\/\/lovme.pt\/index.php\/produto\/mia-sicilia-duplo-prazer-vibrando-mordendo\/#primaryimage"},"image":{"@id":"https:\/\/lovme.pt\/index.php\/produto\/mia-sicilia-duplo-prazer-vibrando-mordendo\/#primaryimage"},"thumbnailUrl":"https:\/\/erki24nd3ub.exactdn.com\/wp-content\/uploads\/dream\/img\/img_146495_735617c184be1bcad02406035fc8a7fd_1.png?strip=all","datePublished":"2025-09-30T20:44:45+00:00","dateModified":"2026-05-13T16:32:18+00:00","breadcrumb":{"@id":"https:\/\/lovme.pt\/index.php\/produto\/mia-sicilia-duplo-prazer-vibrando-mordendo\/#breadcrumb"},"inLanguage":"pt-PT","potentialAction":[{"@type":"ReadAction","target":["https:\/\/lovme.pt\/index.php\/produto\/mia-sicilia-duplo-prazer-vibrando-mordendo\/"]}]},{"@type":"ImageObject","inLanguage":"pt-PT","@id":"https:\/\/lovme.pt\/index.php\/produto\/mia-sicilia-duplo-prazer-vibrando-mordendo\/#primaryimage","url":"https:\/\/erki24nd3ub.exactdn.com\/wp-content\/uploads\/dream\/img\/img_146495_735617c184be1bcad02406035fc8a7fd_1.png?strip=all","contentUrl":"https:\/\/erki24nd3ub.exactdn.com\/wp-content\/uploads\/dream\/img\/img_146495_735617c184be1bcad02406035fc8a7fd_1.png?strip=all","width":800,"height":800},{"@type":"BreadcrumbList","@id":"https:\/\/lovme.pt\/index.php\/produto\/mia-sicilia-duplo-prazer-vibrando-mordendo\/#breadcrumb","itemListElement":[{"@type":"ListItem","position":1,"name":"In\u00edcio","item":"https:\/\/lovme.pt\/"},{"@type":"ListItem","position":2,"name":"Loja","item":"https:\/\/lovme.pt\/index.php\/loja\/"},{"@type":"ListItem","position":3,"name":"MIA &#8211; SICILIA DUPLO PRAZER VIBRANDO + MORDENDO"}]},{"@type":"WebSite","@id":"https:\/\/lovme.pt\/#website","url":"https:\/\/lovme.pt\/","name":"Lovme Loja Er\u00f3tica N\u00ba1 em Portugal","description":"A melhor loja er\u00f3tica de Portugal.","alternateName":"Loja Er\u00f3tica Lovme","potentialAction":[{"@type":"SearchAction","target":{"@type":"EntryPoint","urlTemplate":"https:\/\/lovme.pt\/?s={search_term_string}"},"query-input":{"@type":"PropertyValueSpecification","valueRequired":true,"valueName":"search_term_string"}}],"inLanguage":"pt-PT"}]}},"_links":{"self":[{"href":"https:\/\/lovme.pt\/index.php\/wp-json\/wp\/v2\/product\/43680","targetHints":{"allow":["GET"]}}],"collection":[{"href":"https:\/\/lovme.pt\/index.php\/wp-json\/wp\/v2\/product"}],"about":[{"href":"https:\/\/lovme.pt\/index.php\/wp-json\/wp\/v2\/types\/product"}],"wp:featuredmedia":[{"embeddable":true,"href":"https:\/\/lovme.pt\/index.php\/wp-json\/wp\/v2\/media\/72202"}],"wp:attachment":[{"href":"https:\/\/lovme.pt\/index.php\/wp-json\/wp\/v2\/media?parent=43680"}],"wp:term":[{"taxonomy":"product_brand","embeddable":true,"href":"https:\/\/lovme.pt\/index.php\/wp-json\/wp\/v2\/product_brand?post=43680"},{"taxonomy":"product_cat","embeddable":true,"href":"https:\/\/lovme.pt\/index.php\/wp-json\/wp\/v2\/product_cat?post=43680"},{"taxonomy":"product_tag","embeddable":true,"href":"https:\/\/lovme.pt\/index.php\/wp-json\/wp\/v2\/product_tag?post=43680"}],"curies":[{"name":"wp","href":"https:\/\/api.w.org\/{rel}","templated":true}]}}