{"id":43511,"date":"2025-10-01T03:06:38","date_gmt":"2025-10-01T03:06:38","guid":{"rendered":"https:\/\/lovme.pt\/?post_type=product&p=43511"},"modified":"2026-05-13T16:29:59","modified_gmt":"2026-05-13T16:29:59","slug":"fleshlight-girls-violeta-myers-waifu","status":"publish","type":"product","link":"https:\/\/lovme.pt\/index.php\/produto\/fleshlight-girls-violeta-myers-waifu\/","title":{"rendered":"FLESHLIGHT GIRLS &#8211; VIOLETA MYERS WAIFU"},"content":{"rendered":"<p>Violet Myers \u00e9 a garota waifu hentai doce, peituda e da vida real dos seus sonhos.<\/p>\n<p> Deliciosamente curvil\u00ednea em todos os lugares certos, esta pornstar meio latina e meio turca nasceu em Los Angeles, Calif\u00f3rnia, em 24 de fevereiro de 1997. Com um par de peitos triplos incr\u00edveis, mamilos gigantes e pronunciados e uma bunda atrevida , ela \u00e9 f\u00e1cil. para ver por que ela \u00e9 uma das estrelas do porn\u00f4 que mais cresce. Violet come\u00e7ou sua carreira como modelo nas redes sociais, postando frequentemente imagens e v\u00eddeos incrivelmente sedutores que muitas vezes se tornaram virais. Como resultado de sua crescente popularidade online, ela tomou a s\u00e1bia decis\u00e3o comercial de ingressar na ind\u00fastria de filmes adultos. Assim, em 2018, aos 21 anos, Violet fez parceria com um conhecido est\u00fadio de produ\u00e7\u00e3o chamado \u201cThe Score Group\u201d. L\u00e1, ele estabeleceu uma s\u00f3lida reputa\u00e7\u00e3o com suas performances estelares de bombeamento de p\u00eanis.<\/p>\n<p> Segundo Violet, ela est\u00e1 sempre com tes\u00e3o, tanto que afirma que precisa gozar pelo menos uma vez por dia para manter seus impulsos sexuais sob controle. Ao ingressar na ind\u00fastria adulta, ela tinha quase 40 meninos, o que a tornou uma especialista em sexo muito experiente desde sua primeira cena. Essa &#8220;experi\u00eancia de campo&#8221; permitiu-lhe come\u00e7ar a trabalhar e fazer seu nome em muito pouco tempo.<\/p>\n<p> Nesta fase da sua carreira, Violet Myers colaborou com algumas das empresas pornogr\u00e1ficas de maior sucesso do mundo, como Team Skeet, Many Vids, BangBros e muito mais. L\u00e1, voc\u00ea pode v\u00ea-la atuar em g\u00eaneros como hardcore, latim, trio, sexo grupal e muito mais.<\/p>\n<p> Com v\u00e1rias indica\u00e7\u00f5es ao AVN Fan Award, um grande n\u00famero de seguidores nas redes sociais e milh\u00f5es de visualiza\u00e7\u00f5es em sua biblioteca cada vez maior de pornografia on-line, \u00e9 seguro dizer que Violet Myers \u00e9 um sucesso estrondoso na ind\u00fastria, a caminho de alcan\u00e7ar o status de estrela porn\u00f4 lend\u00e1ria. .<\/p>\n<ul>\n<li> Estilo: Vagina<\/li>\n<li> Sensa\u00e7\u00e3o Fleshlight: Et\u00e9reo<\/li>\n<li> Facil de usar e limpar<\/li>\n<li> Material: Superpele<\/li>\n<li> Cor: Carne<\/li>\n<\/ul>\n","protected":false},"excerpt":{"rendered":"<p>FLESHLIGHT GIRLS &#8211; VIOLETA MYERS WAIFU<\/p>\n","protected":false},"featured_media":101528,"template":"","meta":{"_acf_changed":false},"product_brand":[],"product_cat":[17,58,60],"product_tag":[],"class_list":{"0":"post-43511","1":"product","2":"type-product","3":"status-publish","4":"has-post-thumbnail","6":"product_cat-brinquedos-de-bem-estar-sexual","7":"product_cat-masturbadores-para-penis","8":"product_cat-para-eles","9":"yith_product_brand-fleshlight","10":"yith_product_brand-fleshlightfleshlight-girls","12":"first","13":"instock","14":"taxable","15":"shipping-taxable","16":"purchasable","17":"product-type-simple"},"acf":[],"yoast_head":"<!-- This site is optimized with the Yoast SEO plugin v27.4 - https:\/\/yoast.com\/product\/yoast-seo-wordpress\/ -->\n<title>FLESHLIGHT GIRLS - VIOLETA MYERS WAIFU - Lovme<\/title>\n<meta name=\"robots\" content=\"index, follow, max-snippet:-1, max-image-preview:large, max-video-preview:-1\" \/>\n<link rel=\"canonical\" href=\"https:\/\/lovme.pt\/index.php\/produto\/fleshlight-girls-violeta-myers-waifu\/\" \/>\n<meta property=\"og:locale\" content=\"pt_PT\" \/>\n<meta property=\"og:type\" content=\"article\" \/>\n<meta property=\"og:title\" content=\"FLESHLIGHT GIRLS - VIOLETA MYERS WAIFU - Lovme\" \/>\n<meta property=\"og:description\" content=\"FLESHLIGHT GIRLS - VIOLETA MYERS WAIFU\" \/>\n<meta property=\"og:url\" content=\"https:\/\/lovme.pt\/index.php\/produto\/fleshlight-girls-violeta-myers-waifu\/\" \/>\n<meta property=\"og:site_name\" content=\"Lovme\" \/>\n<meta property=\"article:modified_time\" content=\"2026-05-13T16:29:59+00:00\" \/>\n<meta property=\"og:image\" content=\"https:\/\/erki24nd3ub.exactdn.com\/wp-content\/uploads\/dream\/img\/img_145580_8f41815725bdb3ecb35fc0e23ef6f45c_1.jpg?strip=all\" \/>\n\t<meta property=\"og:image:width\" content=\"800\" \/>\n\t<meta property=\"og:image:height\" content=\"800\" \/>\n\t<meta property=\"og:image:type\" content=\"image\/jpeg\" \/>\n<meta name=\"twitter:card\" content=\"summary_large_image\" \/>\n<meta name=\"twitter:label1\" content=\"Tempo estimado de leitura\" \/>\n\t<meta name=\"twitter:data1\" content=\"2 minutos\" \/>\n<script type=\"application\/ld+json\" class=\"yoast-schema-graph\">{\"@context\":\"https:\\\/\\\/schema.org\",\"@graph\":[{\"@type\":\"WebPage\",\"@id\":\"https:\\\/\\\/lovme.pt\\\/index.php\\\/produto\\\/fleshlight-girls-violeta-myers-waifu\\\/\",\"url\":\"https:\\\/\\\/lovme.pt\\\/index.php\\\/produto\\\/fleshlight-girls-violeta-myers-waifu\\\/\",\"name\":\"FLESHLIGHT GIRLS - VIOLETA MYERS WAIFU - Lovme\",\"isPartOf\":{\"@id\":\"https:\\\/\\\/lovme.pt\\\/#website\"},\"primaryImageOfPage\":{\"@id\":\"https:\\\/\\\/lovme.pt\\\/index.php\\\/produto\\\/fleshlight-girls-violeta-myers-waifu\\\/#primaryimage\"},\"image\":{\"@id\":\"https:\\\/\\\/lovme.pt\\\/index.php\\\/produto\\\/fleshlight-girls-violeta-myers-waifu\\\/#primaryimage\"},\"thumbnailUrl\":\"https:\\\/\\\/erki24nd3ub.exactdn.com\\\/wp-content\\\/uploads\\\/dream\\\/img\\\/img_145580_8f41815725bdb3ecb35fc0e23ef6f45c_1.jpg?strip=all\",\"datePublished\":\"2025-10-01T03:06:38+00:00\",\"dateModified\":\"2026-05-13T16:29:59+00:00\",\"breadcrumb\":{\"@id\":\"https:\\\/\\\/lovme.pt\\\/index.php\\\/produto\\\/fleshlight-girls-violeta-myers-waifu\\\/#breadcrumb\"},\"inLanguage\":\"pt-PT\",\"potentialAction\":[{\"@type\":\"ReadAction\",\"target\":[\"https:\\\/\\\/lovme.pt\\\/index.php\\\/produto\\\/fleshlight-girls-violeta-myers-waifu\\\/\"]}]},{\"@type\":\"ImageObject\",\"inLanguage\":\"pt-PT\",\"@id\":\"https:\\\/\\\/lovme.pt\\\/index.php\\\/produto\\\/fleshlight-girls-violeta-myers-waifu\\\/#primaryimage\",\"url\":\"https:\\\/\\\/erki24nd3ub.exactdn.com\\\/wp-content\\\/uploads\\\/dream\\\/img\\\/img_145580_8f41815725bdb3ecb35fc0e23ef6f45c_1.jpg?strip=all\",\"contentUrl\":\"https:\\\/\\\/erki24nd3ub.exactdn.com\\\/wp-content\\\/uploads\\\/dream\\\/img\\\/img_145580_8f41815725bdb3ecb35fc0e23ef6f45c_1.jpg?strip=all\",\"width\":800,\"height\":800},{\"@type\":\"BreadcrumbList\",\"@id\":\"https:\\\/\\\/lovme.pt\\\/index.php\\\/produto\\\/fleshlight-girls-violeta-myers-waifu\\\/#breadcrumb\",\"itemListElement\":[{\"@type\":\"ListItem\",\"position\":1,\"name\":\"In\u00edcio\",\"item\":\"https:\\\/\\\/lovme.pt\\\/\"},{\"@type\":\"ListItem\",\"position\":2,\"name\":\"Loja\",\"item\":\"https:\\\/\\\/lovme.pt\\\/index.php\\\/loja\\\/\"},{\"@type\":\"ListItem\",\"position\":3,\"name\":\"FLESHLIGHT GIRLS &#8211; VIOLETA MYERS WAIFU\"}]},{\"@type\":\"WebSite\",\"@id\":\"https:\\\/\\\/lovme.pt\\\/#website\",\"url\":\"https:\\\/\\\/lovme.pt\\\/\",\"name\":\"Lovme Loja Er\u00f3tica N\u00ba1 em Portugal\",\"description\":\"A melhor loja er\u00f3tica de Portugal.\",\"alternateName\":\"Loja Er\u00f3tica Lovme\",\"potentialAction\":[{\"@type\":\"SearchAction\",\"target\":{\"@type\":\"EntryPoint\",\"urlTemplate\":\"https:\\\/\\\/lovme.pt\\\/?s={search_term_string}\"},\"query-input\":{\"@type\":\"PropertyValueSpecification\",\"valueRequired\":true,\"valueName\":\"search_term_string\"}}],\"inLanguage\":\"pt-PT\"}]}<\/script>\n<!-- \/ Yoast SEO plugin. -->","yoast_head_json":{"title":"FLESHLIGHT GIRLS - VIOLETA MYERS WAIFU - Lovme","robots":{"index":"index","follow":"follow","max-snippet":"max-snippet:-1","max-image-preview":"max-image-preview:large","max-video-preview":"max-video-preview:-1"},"canonical":"https:\/\/lovme.pt\/index.php\/produto\/fleshlight-girls-violeta-myers-waifu\/","og_locale":"pt_PT","og_type":"article","og_title":"FLESHLIGHT GIRLS - VIOLETA MYERS WAIFU - Lovme","og_description":"FLESHLIGHT GIRLS - VIOLETA MYERS WAIFU","og_url":"https:\/\/lovme.pt\/index.php\/produto\/fleshlight-girls-violeta-myers-waifu\/","og_site_name":"Lovme","article_modified_time":"2026-05-13T16:29:59+00:00","og_image":[{"width":800,"height":800,"url":"https:\/\/erki24nd3ub.exactdn.com\/wp-content\/uploads\/dream\/img\/img_145580_8f41815725bdb3ecb35fc0e23ef6f45c_1.jpg?strip=all","type":"image\/jpeg"}],"twitter_card":"summary_large_image","twitter_misc":{"Tempo estimado de leitura":"2 minutos"},"schema":{"@context":"https:\/\/schema.org","@graph":[{"@type":"WebPage","@id":"https:\/\/lovme.pt\/index.php\/produto\/fleshlight-girls-violeta-myers-waifu\/","url":"https:\/\/lovme.pt\/index.php\/produto\/fleshlight-girls-violeta-myers-waifu\/","name":"FLESHLIGHT GIRLS - VIOLETA MYERS WAIFU - Lovme","isPartOf":{"@id":"https:\/\/lovme.pt\/#website"},"primaryImageOfPage":{"@id":"https:\/\/lovme.pt\/index.php\/produto\/fleshlight-girls-violeta-myers-waifu\/#primaryimage"},"image":{"@id":"https:\/\/lovme.pt\/index.php\/produto\/fleshlight-girls-violeta-myers-waifu\/#primaryimage"},"thumbnailUrl":"https:\/\/erki24nd3ub.exactdn.com\/wp-content\/uploads\/dream\/img\/img_145580_8f41815725bdb3ecb35fc0e23ef6f45c_1.jpg?strip=all","datePublished":"2025-10-01T03:06:38+00:00","dateModified":"2026-05-13T16:29:59+00:00","breadcrumb":{"@id":"https:\/\/lovme.pt\/index.php\/produto\/fleshlight-girls-violeta-myers-waifu\/#breadcrumb"},"inLanguage":"pt-PT","potentialAction":[{"@type":"ReadAction","target":["https:\/\/lovme.pt\/index.php\/produto\/fleshlight-girls-violeta-myers-waifu\/"]}]},{"@type":"ImageObject","inLanguage":"pt-PT","@id":"https:\/\/lovme.pt\/index.php\/produto\/fleshlight-girls-violeta-myers-waifu\/#primaryimage","url":"https:\/\/erki24nd3ub.exactdn.com\/wp-content\/uploads\/dream\/img\/img_145580_8f41815725bdb3ecb35fc0e23ef6f45c_1.jpg?strip=all","contentUrl":"https:\/\/erki24nd3ub.exactdn.com\/wp-content\/uploads\/dream\/img\/img_145580_8f41815725bdb3ecb35fc0e23ef6f45c_1.jpg?strip=all","width":800,"height":800},{"@type":"BreadcrumbList","@id":"https:\/\/lovme.pt\/index.php\/produto\/fleshlight-girls-violeta-myers-waifu\/#breadcrumb","itemListElement":[{"@type":"ListItem","position":1,"name":"In\u00edcio","item":"https:\/\/lovme.pt\/"},{"@type":"ListItem","position":2,"name":"Loja","item":"https:\/\/lovme.pt\/index.php\/loja\/"},{"@type":"ListItem","position":3,"name":"FLESHLIGHT GIRLS &#8211; VIOLETA MYERS WAIFU"}]},{"@type":"WebSite","@id":"https:\/\/lovme.pt\/#website","url":"https:\/\/lovme.pt\/","name":"Lovme Loja Er\u00f3tica N\u00ba1 em Portugal","description":"A melhor loja er\u00f3tica de Portugal.","alternateName":"Loja Er\u00f3tica Lovme","potentialAction":[{"@type":"SearchAction","target":{"@type":"EntryPoint","urlTemplate":"https:\/\/lovme.pt\/?s={search_term_string}"},"query-input":{"@type":"PropertyValueSpecification","valueRequired":true,"valueName":"search_term_string"}}],"inLanguage":"pt-PT"}]}},"_links":{"self":[{"href":"https:\/\/lovme.pt\/index.php\/wp-json\/wp\/v2\/product\/43511","targetHints":{"allow":["GET"]}}],"collection":[{"href":"https:\/\/lovme.pt\/index.php\/wp-json\/wp\/v2\/product"}],"about":[{"href":"https:\/\/lovme.pt\/index.php\/wp-json\/wp\/v2\/types\/product"}],"wp:featuredmedia":[{"embeddable":true,"href":"https:\/\/lovme.pt\/index.php\/wp-json\/wp\/v2\/media\/101528"}],"wp:attachment":[{"href":"https:\/\/lovme.pt\/index.php\/wp-json\/wp\/v2\/media?parent=43511"}],"wp:term":[{"taxonomy":"product_brand","embeddable":true,"href":"https:\/\/lovme.pt\/index.php\/wp-json\/wp\/v2\/product_brand?post=43511"},{"taxonomy":"product_cat","embeddable":true,"href":"https:\/\/lovme.pt\/index.php\/wp-json\/wp\/v2\/product_cat?post=43511"},{"taxonomy":"product_tag","embeddable":true,"href":"https:\/\/lovme.pt\/index.php\/wp-json\/wp\/v2\/product_tag?post=43511"}],"curies":[{"name":"wp","href":"https:\/\/api.w.org\/{rel}","templated":true}]}}