{"id":43495,"date":"2025-09-30T22:27:10","date_gmt":"2025-09-30T22:27:10","guid":{"rendered":"https:\/\/lovme.pt\/?post_type=product&p=43495"},"modified":"2026-05-13T16:29:35","modified_gmt":"2026-05-13T16:29:35","slug":"intt-massage-oral-sex-perolas-apaixonadas-com-colar-de-perolas-e-gel-de-silicone","status":"publish","type":"product","link":"https:\/\/lovme.pt\/index.php\/produto\/intt-massage-oral-sex-perolas-apaixonadas-com-colar-de-perolas-e-gel-de-silicone\/","title":{"rendered":"INTT MASSAGE  ORAL SEX &#8211; P\u00c9ROLAS APAIXONADAS COM COLAR DE P\u00c9ROLAS E GEL DE SILICONE"},"content":{"rendered":"<p>INTT Pearls In Love \u00e9 um kit de massagem composto por um gel de silicone e um colar de p\u00e9rolas brancas, muito elegante, sofisticado e o pack perfeito para experimentar novos m\u00e9todos de massagem em companhia.<\/p>\n<p>O gel de silicone \u00e9 muito escorregadio, macio e sedoso, especialmente desenvolvido para massagens corporais e para a combina\u00e7\u00e3o com o colar, que ajudar\u00e1 a desliz\u00e1-lo por todo o corpo e pelos cantos mais escondidos dele. O colar \u00e9 perfeito para praticar a masturba\u00e7\u00e3o no p\u00eanis envolvendo-o e deslizando-o com o gel e para a vulva basta passar as p\u00e9rolas sensualmente com a ajuda do gel.<\/p>\n<p>Tudo isso em embalagens elegantes e o gel vem em embalagem leve de 15 ml e com dispensador que torna a aplica\u00e7\u00e3o do produto mais confort\u00e1vel.<\/p>\n<p>Principais caracter\u00edsticas:<\/p>\n<ul>\n<li>Conjunto de massagem.<\/li>\n<li>Inclui gel \u00e0 base de silicone e colar de p\u00e9rolas.<\/li>\n<li>Muito elegante e sofisticado.<\/li>\n<li>Para massagens diferentes e originais em companhia.<\/li>\n<li>Muito escorregadio, macio e sedoso.<\/li>\n<li>Embalagem elegante.<\/li>\n<li>Recipiente com dispensador de 15 ml.<\/li>\n<\/ul>\n","protected":false},"excerpt":{"rendered":"<p>EMBALAGEM DISPON\u00cdVEL EM: \/es\/en\/fr\/de\/it\/pt\/<\/p>\n","protected":false},"featured_media":77890,"template":"","meta":{"_acf_changed":false},"product_brand":[],"product_cat":[49,65,15,51],"product_tag":[],"class_list":{"0":"post-43495","1":"product","2":"type-product","3":"status-publish","4":"has-post-thumbnail","6":"product_cat-cosmeticos","7":"product_cat-kits","8":"product_cat-loja","9":"product_cat-oleos-de-massagem","10":"yith_product_brand-intt","11":"yith_product_brand-inttintt-massage-oral-sex","13":"first","14":"instock","15":"taxable","16":"shipping-taxable","17":"purchasable","18":"product-type-simple"},"acf":[],"yoast_head":"<!-- This site is optimized with the Yoast SEO plugin v27.4 - https:\/\/yoast.com\/product\/yoast-seo-wordpress\/ -->\n<title>INTT MASSAGE ORAL SEX - P\u00c9ROLAS APAIXONADAS COM COLAR DE P\u00c9ROLAS E GEL DE SILICONE - Lovme<\/title>\n<meta name=\"robots\" content=\"index, follow, max-snippet:-1, max-image-preview:large, max-video-preview:-1\" \/>\n<link rel=\"canonical\" href=\"https:\/\/lovme.pt\/index.php\/produto\/intt-massage-oral-sex-perolas-apaixonadas-com-colar-de-perolas-e-gel-de-silicone\/\" \/>\n<meta property=\"og:locale\" content=\"pt_PT\" \/>\n<meta property=\"og:type\" content=\"article\" \/>\n<meta property=\"og:title\" content=\"INTT MASSAGE ORAL SEX - P\u00c9ROLAS APAIXONADAS COM COLAR DE P\u00c9ROLAS E GEL DE SILICONE - Lovme\" \/>\n<meta property=\"og:description\" content=\"EMBALAGEM DISPON\u00cdVEL EM: \/es\/en\/fr\/de\/it\/pt\/\" \/>\n<meta property=\"og:url\" content=\"https:\/\/lovme.pt\/index.php\/produto\/intt-massage-oral-sex-perolas-apaixonadas-com-colar-de-perolas-e-gel-de-silicone\/\" \/>\n<meta property=\"og:site_name\" content=\"Lovme\" \/>\n<meta property=\"article:modified_time\" content=\"2026-05-13T16:29:35+00:00\" \/>\n<meta property=\"og:image\" content=\"https:\/\/erki24nd3ub.exactdn.com\/wp-content\/uploads\/dream\/img\/img_145220_8e2dc24dcea7c412883c14142b224cf1_1.jpg?strip=all\" \/>\n\t<meta property=\"og:image:width\" content=\"800\" \/>\n\t<meta property=\"og:image:height\" content=\"800\" \/>\n\t<meta property=\"og:image:type\" content=\"image\/jpeg\" \/>\n<meta name=\"twitter:card\" content=\"summary_large_image\" \/>\n<meta name=\"twitter:label1\" content=\"Tempo estimado de leitura\" \/>\n\t<meta name=\"twitter:data1\" content=\"1 minuto\" \/>\n<script type=\"application\/ld+json\" class=\"yoast-schema-graph\">{\"@context\":\"https:\\\/\\\/schema.org\",\"@graph\":[{\"@type\":\"WebPage\",\"@id\":\"https:\\\/\\\/lovme.pt\\\/index.php\\\/produto\\\/intt-massage-oral-sex-perolas-apaixonadas-com-colar-de-perolas-e-gel-de-silicone\\\/\",\"url\":\"https:\\\/\\\/lovme.pt\\\/index.php\\\/produto\\\/intt-massage-oral-sex-perolas-apaixonadas-com-colar-de-perolas-e-gel-de-silicone\\\/\",\"name\":\"INTT MASSAGE ORAL SEX - P\u00c9ROLAS APAIXONADAS COM COLAR DE P\u00c9ROLAS E GEL DE SILICONE - Lovme\",\"isPartOf\":{\"@id\":\"https:\\\/\\\/lovme.pt\\\/#website\"},\"primaryImageOfPage\":{\"@id\":\"https:\\\/\\\/lovme.pt\\\/index.php\\\/produto\\\/intt-massage-oral-sex-perolas-apaixonadas-com-colar-de-perolas-e-gel-de-silicone\\\/#primaryimage\"},\"image\":{\"@id\":\"https:\\\/\\\/lovme.pt\\\/index.php\\\/produto\\\/intt-massage-oral-sex-perolas-apaixonadas-com-colar-de-perolas-e-gel-de-silicone\\\/#primaryimage\"},\"thumbnailUrl\":\"https:\\\/\\\/erki24nd3ub.exactdn.com\\\/wp-content\\\/uploads\\\/dream\\\/img\\\/img_145220_8e2dc24dcea7c412883c14142b224cf1_1.jpg?strip=all\",\"datePublished\":\"2025-09-30T22:27:10+00:00\",\"dateModified\":\"2026-05-13T16:29:35+00:00\",\"breadcrumb\":{\"@id\":\"https:\\\/\\\/lovme.pt\\\/index.php\\\/produto\\\/intt-massage-oral-sex-perolas-apaixonadas-com-colar-de-perolas-e-gel-de-silicone\\\/#breadcrumb\"},\"inLanguage\":\"pt-PT\",\"potentialAction\":[{\"@type\":\"ReadAction\",\"target\":[\"https:\\\/\\\/lovme.pt\\\/index.php\\\/produto\\\/intt-massage-oral-sex-perolas-apaixonadas-com-colar-de-perolas-e-gel-de-silicone\\\/\"]}]},{\"@type\":\"ImageObject\",\"inLanguage\":\"pt-PT\",\"@id\":\"https:\\\/\\\/lovme.pt\\\/index.php\\\/produto\\\/intt-massage-oral-sex-perolas-apaixonadas-com-colar-de-perolas-e-gel-de-silicone\\\/#primaryimage\",\"url\":\"https:\\\/\\\/erki24nd3ub.exactdn.com\\\/wp-content\\\/uploads\\\/dream\\\/img\\\/img_145220_8e2dc24dcea7c412883c14142b224cf1_1.jpg?strip=all\",\"contentUrl\":\"https:\\\/\\\/erki24nd3ub.exactdn.com\\\/wp-content\\\/uploads\\\/dream\\\/img\\\/img_145220_8e2dc24dcea7c412883c14142b224cf1_1.jpg?strip=all\",\"width\":800,\"height\":800},{\"@type\":\"BreadcrumbList\",\"@id\":\"https:\\\/\\\/lovme.pt\\\/index.php\\\/produto\\\/intt-massage-oral-sex-perolas-apaixonadas-com-colar-de-perolas-e-gel-de-silicone\\\/#breadcrumb\",\"itemListElement\":[{\"@type\":\"ListItem\",\"position\":1,\"name\":\"In\u00edcio\",\"item\":\"https:\\\/\\\/lovme.pt\\\/\"},{\"@type\":\"ListItem\",\"position\":2,\"name\":\"Loja\",\"item\":\"https:\\\/\\\/lovme.pt\\\/index.php\\\/loja\\\/\"},{\"@type\":\"ListItem\",\"position\":3,\"name\":\"INTT MASSAGE ORAL SEX &#8211; P\u00c9ROLAS APAIXONADAS COM COLAR DE P\u00c9ROLAS E GEL DE SILICONE\"}]},{\"@type\":\"WebSite\",\"@id\":\"https:\\\/\\\/lovme.pt\\\/#website\",\"url\":\"https:\\\/\\\/lovme.pt\\\/\",\"name\":\"Lovme Loja Er\u00f3tica N\u00ba1 em Portugal\",\"description\":\"A melhor loja er\u00f3tica de Portugal.\",\"alternateName\":\"Loja Er\u00f3tica Lovme\",\"potentialAction\":[{\"@type\":\"SearchAction\",\"target\":{\"@type\":\"EntryPoint\",\"urlTemplate\":\"https:\\\/\\\/lovme.pt\\\/?s={search_term_string}\"},\"query-input\":{\"@type\":\"PropertyValueSpecification\",\"valueRequired\":true,\"valueName\":\"search_term_string\"}}],\"inLanguage\":\"pt-PT\"}]}<\/script>\n<!-- \/ Yoast SEO plugin. -->","yoast_head_json":{"title":"INTT MASSAGE ORAL SEX - P\u00c9ROLAS APAIXONADAS COM COLAR DE P\u00c9ROLAS E GEL DE SILICONE - Lovme","robots":{"index":"index","follow":"follow","max-snippet":"max-snippet:-1","max-image-preview":"max-image-preview:large","max-video-preview":"max-video-preview:-1"},"canonical":"https:\/\/lovme.pt\/index.php\/produto\/intt-massage-oral-sex-perolas-apaixonadas-com-colar-de-perolas-e-gel-de-silicone\/","og_locale":"pt_PT","og_type":"article","og_title":"INTT MASSAGE ORAL SEX - P\u00c9ROLAS APAIXONADAS COM COLAR DE P\u00c9ROLAS E GEL DE SILICONE - Lovme","og_description":"EMBALAGEM DISPON\u00cdVEL EM: \/es\/en\/fr\/de\/it\/pt\/","og_url":"https:\/\/lovme.pt\/index.php\/produto\/intt-massage-oral-sex-perolas-apaixonadas-com-colar-de-perolas-e-gel-de-silicone\/","og_site_name":"Lovme","article_modified_time":"2026-05-13T16:29:35+00:00","og_image":[{"width":800,"height":800,"url":"https:\/\/erki24nd3ub.exactdn.com\/wp-content\/uploads\/dream\/img\/img_145220_8e2dc24dcea7c412883c14142b224cf1_1.jpg?strip=all","type":"image\/jpeg"}],"twitter_card":"summary_large_image","twitter_misc":{"Tempo estimado de leitura":"1 minuto"},"schema":{"@context":"https:\/\/schema.org","@graph":[{"@type":"WebPage","@id":"https:\/\/lovme.pt\/index.php\/produto\/intt-massage-oral-sex-perolas-apaixonadas-com-colar-de-perolas-e-gel-de-silicone\/","url":"https:\/\/lovme.pt\/index.php\/produto\/intt-massage-oral-sex-perolas-apaixonadas-com-colar-de-perolas-e-gel-de-silicone\/","name":"INTT MASSAGE ORAL SEX - P\u00c9ROLAS APAIXONADAS COM COLAR DE P\u00c9ROLAS E GEL DE SILICONE - Lovme","isPartOf":{"@id":"https:\/\/lovme.pt\/#website"},"primaryImageOfPage":{"@id":"https:\/\/lovme.pt\/index.php\/produto\/intt-massage-oral-sex-perolas-apaixonadas-com-colar-de-perolas-e-gel-de-silicone\/#primaryimage"},"image":{"@id":"https:\/\/lovme.pt\/index.php\/produto\/intt-massage-oral-sex-perolas-apaixonadas-com-colar-de-perolas-e-gel-de-silicone\/#primaryimage"},"thumbnailUrl":"https:\/\/erki24nd3ub.exactdn.com\/wp-content\/uploads\/dream\/img\/img_145220_8e2dc24dcea7c412883c14142b224cf1_1.jpg?strip=all","datePublished":"2025-09-30T22:27:10+00:00","dateModified":"2026-05-13T16:29:35+00:00","breadcrumb":{"@id":"https:\/\/lovme.pt\/index.php\/produto\/intt-massage-oral-sex-perolas-apaixonadas-com-colar-de-perolas-e-gel-de-silicone\/#breadcrumb"},"inLanguage":"pt-PT","potentialAction":[{"@type":"ReadAction","target":["https:\/\/lovme.pt\/index.php\/produto\/intt-massage-oral-sex-perolas-apaixonadas-com-colar-de-perolas-e-gel-de-silicone\/"]}]},{"@type":"ImageObject","inLanguage":"pt-PT","@id":"https:\/\/lovme.pt\/index.php\/produto\/intt-massage-oral-sex-perolas-apaixonadas-com-colar-de-perolas-e-gel-de-silicone\/#primaryimage","url":"https:\/\/erki24nd3ub.exactdn.com\/wp-content\/uploads\/dream\/img\/img_145220_8e2dc24dcea7c412883c14142b224cf1_1.jpg?strip=all","contentUrl":"https:\/\/erki24nd3ub.exactdn.com\/wp-content\/uploads\/dream\/img\/img_145220_8e2dc24dcea7c412883c14142b224cf1_1.jpg?strip=all","width":800,"height":800},{"@type":"BreadcrumbList","@id":"https:\/\/lovme.pt\/index.php\/produto\/intt-massage-oral-sex-perolas-apaixonadas-com-colar-de-perolas-e-gel-de-silicone\/#breadcrumb","itemListElement":[{"@type":"ListItem","position":1,"name":"In\u00edcio","item":"https:\/\/lovme.pt\/"},{"@type":"ListItem","position":2,"name":"Loja","item":"https:\/\/lovme.pt\/index.php\/loja\/"},{"@type":"ListItem","position":3,"name":"INTT MASSAGE ORAL SEX &#8211; P\u00c9ROLAS APAIXONADAS COM COLAR DE P\u00c9ROLAS E GEL DE SILICONE"}]},{"@type":"WebSite","@id":"https:\/\/lovme.pt\/#website","url":"https:\/\/lovme.pt\/","name":"Lovme Loja Er\u00f3tica N\u00ba1 em Portugal","description":"A melhor loja er\u00f3tica de Portugal.","alternateName":"Loja Er\u00f3tica Lovme","potentialAction":[{"@type":"SearchAction","target":{"@type":"EntryPoint","urlTemplate":"https:\/\/lovme.pt\/?s={search_term_string}"},"query-input":{"@type":"PropertyValueSpecification","valueRequired":true,"valueName":"search_term_string"}}],"inLanguage":"pt-PT"}]}},"_links":{"self":[{"href":"https:\/\/lovme.pt\/index.php\/wp-json\/wp\/v2\/product\/43495","targetHints":{"allow":["GET"]}}],"collection":[{"href":"https:\/\/lovme.pt\/index.php\/wp-json\/wp\/v2\/product"}],"about":[{"href":"https:\/\/lovme.pt\/index.php\/wp-json\/wp\/v2\/types\/product"}],"wp:featuredmedia":[{"embeddable":true,"href":"https:\/\/lovme.pt\/index.php\/wp-json\/wp\/v2\/media\/77890"}],"wp:attachment":[{"href":"https:\/\/lovme.pt\/index.php\/wp-json\/wp\/v2\/media?parent=43495"}],"wp:term":[{"taxonomy":"product_brand","embeddable":true,"href":"https:\/\/lovme.pt\/index.php\/wp-json\/wp\/v2\/product_brand?post=43495"},{"taxonomy":"product_cat","embeddable":true,"href":"https:\/\/lovme.pt\/index.php\/wp-json\/wp\/v2\/product_cat?post=43495"},{"taxonomy":"product_tag","embeddable":true,"href":"https:\/\/lovme.pt\/index.php\/wp-json\/wp\/v2\/product_tag?post=43495"}],"curies":[{"name":"wp","href":"https:\/\/api.w.org\/{rel}","templated":true}]}}