{"id":43415,"date":"2025-09-30T09:47:01","date_gmt":"2025-09-30T09:47:01","guid":{"rendered":"https:\/\/lovme.pt\/?post_type=product&p=43415"},"modified":"2026-02-19T20:04:51","modified_gmt":"2026-02-19T20:04:51","slug":"excite-voe-20-ml","status":"publish","type":"product","link":"https:\/\/lovme.pt\/index.php\/produto\/excite-voe-20-ml\/","title":{"rendered":"EXCITE &#8211; VOE 20 ML"},"content":{"rendered":"<p><strong>MELHORADOR DE ORGASMO<\/strong><\/p>\n<p>PARA MULHERES \/ TESTADO DERMATOLOGICAMENTE<\/p>\n<p><strong>EXCITE FLY<\/strong> \u00e9 o inimit\u00e1vel potenciador do orgasmo que combina extratos de plantas com propriedades revigorantes reconhecidas com uma a\u00e7\u00e3o hiperemiada avermelhamento da pele; o que voc\u00ea vai notar? uma agrad\u00e1vel sensa\u00e7\u00e3o de calor, frio ou formigueiro que aumentar\u00e1 a sensibilidade das zonas \u00edntimas, ideal para estimular e prolongar a rela\u00e7\u00e3o do casal.<\/p>\n<p><strong>Modo de usar:<\/strong> Aplique uma pequena quantidade com uma massagem suave no clit\u00f3ris e nas \u00e1reas \u00edntimas at\u00e9 completa absor\u00e7\u00e3o 2-3 gotas s\u00e3o suficientes. NOTA IMPORTANTE: antes de us\u00e1-lo, fa\u00e7a um teste de sensibilidade no antebra\u00e7o. N\u00e3o use se tiver uma rea\u00e7\u00e3o al\u00e9rgica. Se isso ocorrer, lave com bastante \u00e1gua.<\/p>\n<p>Produto para uso externo. Manter fora do alcance das crian\u00e7as. N\u00e3o cont\u00e9m parabenos, corantes ou perfume. Os ingredientes marcados v\u00eam da agricultura org\u00e2nica. Armazenar em local fresco e seco, longe da luz solar direta.<\/p>\n<p><strong>Ingredientes:<\/strong> Aqua Water, Glicerina, Frutose, C12-15 Alquil Benzoato, Dimeticona, Propanediol, Triglicer\u00eddeo Capr\u00edlico\/C\u00e1prico, Propileno Glicol, Extrato de Folha de Ginkgo Biloba, Extrato de Semente de Paullinia Cupana*, Extrato de Raiz de Lepidium Meyenii, Extrato de Folha de Turnera Diffusa*, Panax Ginseng Chinese Ginseng Root Extract*, Capsicum Frutescens Chili Pepper Fruit Extract, Arginine, Menthol, Sodium Saccharin, Carbomer, Acrylates\/Vinyl Isodecanoate Crosspolymer, PEG-60 Hydrogenated Castor Oil, Sorbitol, Alcohol denat., Potassium Hydroxide, Aroma Flavor, Sodium Gluconate , Benzoato de S\u00f3dio, Sorbato de Pot\u00e1ssio, Fenoxietanol<\/p>\n","protected":false},"excerpt":{"rendered":"<p>EMBALAGEM DISPON\u00cdVEL EM: \/pt\/es\/fr\/de\/<\/p>\n","protected":false},"featured_media":56961,"template":"","meta":{"_acf_changed":false},"product_brand":[],"product_cat":[49,52],"product_tag":[],"class_list":{"0":"post-43415","1":"product","2":"type-product","3":"status-publish","4":"has-post-thumbnail","6":"product_cat-cosmeticos","7":"product_cat-estimulantes","8":"yith_product_brand-excite","10":"first","11":"instock","12":"taxable","13":"shipping-taxable","14":"purchasable","15":"product-type-simple"},"acf":[],"yoast_head":"<!-- This site is optimized with the Yoast SEO plugin v27.4 - https:\/\/yoast.com\/product\/yoast-seo-wordpress\/ -->\n<title>EXCITE - VOE 20 ML - Lovme<\/title>\n<meta name=\"robots\" content=\"index, follow, max-snippet:-1, max-image-preview:large, max-video-preview:-1\" \/>\n<link rel=\"canonical\" href=\"https:\/\/lovme.pt\/index.php\/produto\/excite-voe-20-ml\/\" \/>\n<meta property=\"og:locale\" content=\"pt_PT\" \/>\n<meta property=\"og:type\" content=\"article\" \/>\n<meta property=\"og:title\" content=\"EXCITE - VOE 20 ML - Lovme\" \/>\n<meta property=\"og:description\" content=\"EMBALAGEM DISPON\u00cdVEL EM: \/pt\/es\/fr\/de\/\" \/>\n<meta property=\"og:url\" content=\"https:\/\/lovme.pt\/index.php\/produto\/excite-voe-20-ml\/\" \/>\n<meta property=\"og:site_name\" content=\"Lovme\" \/>\n<meta property=\"article:modified_time\" content=\"2026-02-19T20:04:51+00:00\" \/>\n<meta property=\"og:image\" content=\"https:\/\/erki24nd3ub.exactdn.com\/wp-content\/uploads\/dream\/img\/img_143692_621346b9c7a67ee60921650f0fcd3fbd_1.jpg?strip=all\" \/>\n\t<meta property=\"og:image:width\" content=\"800\" \/>\n\t<meta property=\"og:image:height\" content=\"800\" \/>\n\t<meta property=\"og:image:type\" content=\"image\/jpeg\" \/>\n<meta name=\"twitter:card\" content=\"summary_large_image\" \/>\n<meta name=\"twitter:label1\" content=\"Tempo estimado de leitura\" \/>\n\t<meta name=\"twitter:data1\" content=\"1 minuto\" \/>\n<script type=\"application\/ld+json\" class=\"yoast-schema-graph\">{\"@context\":\"https:\\\/\\\/schema.org\",\"@graph\":[{\"@type\":\"WebPage\",\"@id\":\"https:\\\/\\\/lovme.pt\\\/index.php\\\/produto\\\/excite-voe-20-ml\\\/\",\"url\":\"https:\\\/\\\/lovme.pt\\\/index.php\\\/produto\\\/excite-voe-20-ml\\\/\",\"name\":\"EXCITE - VOE 20 ML - Lovme\",\"isPartOf\":{\"@id\":\"https:\\\/\\\/lovme.pt\\\/#website\"},\"primaryImageOfPage\":{\"@id\":\"https:\\\/\\\/lovme.pt\\\/index.php\\\/produto\\\/excite-voe-20-ml\\\/#primaryimage\"},\"image\":{\"@id\":\"https:\\\/\\\/lovme.pt\\\/index.php\\\/produto\\\/excite-voe-20-ml\\\/#primaryimage\"},\"thumbnailUrl\":\"https:\\\/\\\/erki24nd3ub.exactdn.com\\\/wp-content\\\/uploads\\\/dream\\\/img\\\/img_143692_621346b9c7a67ee60921650f0fcd3fbd_1.jpg?strip=all\",\"datePublished\":\"2025-09-30T09:47:01+00:00\",\"dateModified\":\"2026-02-19T20:04:51+00:00\",\"breadcrumb\":{\"@id\":\"https:\\\/\\\/lovme.pt\\\/index.php\\\/produto\\\/excite-voe-20-ml\\\/#breadcrumb\"},\"inLanguage\":\"pt-PT\",\"potentialAction\":[{\"@type\":\"ReadAction\",\"target\":[\"https:\\\/\\\/lovme.pt\\\/index.php\\\/produto\\\/excite-voe-20-ml\\\/\"]}]},{\"@type\":\"ImageObject\",\"inLanguage\":\"pt-PT\",\"@id\":\"https:\\\/\\\/lovme.pt\\\/index.php\\\/produto\\\/excite-voe-20-ml\\\/#primaryimage\",\"url\":\"https:\\\/\\\/erki24nd3ub.exactdn.com\\\/wp-content\\\/uploads\\\/dream\\\/img\\\/img_143692_621346b9c7a67ee60921650f0fcd3fbd_1.jpg?strip=all\",\"contentUrl\":\"https:\\\/\\\/erki24nd3ub.exactdn.com\\\/wp-content\\\/uploads\\\/dream\\\/img\\\/img_143692_621346b9c7a67ee60921650f0fcd3fbd_1.jpg?strip=all\",\"width\":800,\"height\":800},{\"@type\":\"BreadcrumbList\",\"@id\":\"https:\\\/\\\/lovme.pt\\\/index.php\\\/produto\\\/excite-voe-20-ml\\\/#breadcrumb\",\"itemListElement\":[{\"@type\":\"ListItem\",\"position\":1,\"name\":\"In\u00edcio\",\"item\":\"https:\\\/\\\/lovme.pt\\\/\"},{\"@type\":\"ListItem\",\"position\":2,\"name\":\"Loja\",\"item\":\"https:\\\/\\\/lovme.pt\\\/index.php\\\/loja\\\/\"},{\"@type\":\"ListItem\",\"position\":3,\"name\":\"EXCITE &#8211; VOE 20 ML\"}]},{\"@type\":\"WebSite\",\"@id\":\"https:\\\/\\\/lovme.pt\\\/#website\",\"url\":\"https:\\\/\\\/lovme.pt\\\/\",\"name\":\"Lovme Loja Er\u00f3tica N\u00ba1 em Portugal\",\"description\":\"A melhor loja er\u00f3tica de Portugal.\",\"alternateName\":\"Loja Er\u00f3tica Lovme\",\"potentialAction\":[{\"@type\":\"SearchAction\",\"target\":{\"@type\":\"EntryPoint\",\"urlTemplate\":\"https:\\\/\\\/lovme.pt\\\/?s={search_term_string}\"},\"query-input\":{\"@type\":\"PropertyValueSpecification\",\"valueRequired\":true,\"valueName\":\"search_term_string\"}}],\"inLanguage\":\"pt-PT\"}]}<\/script>\n<!-- \/ Yoast SEO plugin. -->","yoast_head_json":{"title":"EXCITE - VOE 20 ML - Lovme","robots":{"index":"index","follow":"follow","max-snippet":"max-snippet:-1","max-image-preview":"max-image-preview:large","max-video-preview":"max-video-preview:-1"},"canonical":"https:\/\/lovme.pt\/index.php\/produto\/excite-voe-20-ml\/","og_locale":"pt_PT","og_type":"article","og_title":"EXCITE - VOE 20 ML - Lovme","og_description":"EMBALAGEM DISPON\u00cdVEL EM: \/pt\/es\/fr\/de\/","og_url":"https:\/\/lovme.pt\/index.php\/produto\/excite-voe-20-ml\/","og_site_name":"Lovme","article_modified_time":"2026-02-19T20:04:51+00:00","og_image":[{"width":800,"height":800,"url":"https:\/\/erki24nd3ub.exactdn.com\/wp-content\/uploads\/dream\/img\/img_143692_621346b9c7a67ee60921650f0fcd3fbd_1.jpg?strip=all","type":"image\/jpeg"}],"twitter_card":"summary_large_image","twitter_misc":{"Tempo estimado de leitura":"1 minuto"},"schema":{"@context":"https:\/\/schema.org","@graph":[{"@type":"WebPage","@id":"https:\/\/lovme.pt\/index.php\/produto\/excite-voe-20-ml\/","url":"https:\/\/lovme.pt\/index.php\/produto\/excite-voe-20-ml\/","name":"EXCITE - VOE 20 ML - Lovme","isPartOf":{"@id":"https:\/\/lovme.pt\/#website"},"primaryImageOfPage":{"@id":"https:\/\/lovme.pt\/index.php\/produto\/excite-voe-20-ml\/#primaryimage"},"image":{"@id":"https:\/\/lovme.pt\/index.php\/produto\/excite-voe-20-ml\/#primaryimage"},"thumbnailUrl":"https:\/\/erki24nd3ub.exactdn.com\/wp-content\/uploads\/dream\/img\/img_143692_621346b9c7a67ee60921650f0fcd3fbd_1.jpg?strip=all","datePublished":"2025-09-30T09:47:01+00:00","dateModified":"2026-02-19T20:04:51+00:00","breadcrumb":{"@id":"https:\/\/lovme.pt\/index.php\/produto\/excite-voe-20-ml\/#breadcrumb"},"inLanguage":"pt-PT","potentialAction":[{"@type":"ReadAction","target":["https:\/\/lovme.pt\/index.php\/produto\/excite-voe-20-ml\/"]}]},{"@type":"ImageObject","inLanguage":"pt-PT","@id":"https:\/\/lovme.pt\/index.php\/produto\/excite-voe-20-ml\/#primaryimage","url":"https:\/\/erki24nd3ub.exactdn.com\/wp-content\/uploads\/dream\/img\/img_143692_621346b9c7a67ee60921650f0fcd3fbd_1.jpg?strip=all","contentUrl":"https:\/\/erki24nd3ub.exactdn.com\/wp-content\/uploads\/dream\/img\/img_143692_621346b9c7a67ee60921650f0fcd3fbd_1.jpg?strip=all","width":800,"height":800},{"@type":"BreadcrumbList","@id":"https:\/\/lovme.pt\/index.php\/produto\/excite-voe-20-ml\/#breadcrumb","itemListElement":[{"@type":"ListItem","position":1,"name":"In\u00edcio","item":"https:\/\/lovme.pt\/"},{"@type":"ListItem","position":2,"name":"Loja","item":"https:\/\/lovme.pt\/index.php\/loja\/"},{"@type":"ListItem","position":3,"name":"EXCITE &#8211; VOE 20 ML"}]},{"@type":"WebSite","@id":"https:\/\/lovme.pt\/#website","url":"https:\/\/lovme.pt\/","name":"Lovme Loja Er\u00f3tica N\u00ba1 em Portugal","description":"A melhor loja er\u00f3tica de Portugal.","alternateName":"Loja Er\u00f3tica Lovme","potentialAction":[{"@type":"SearchAction","target":{"@type":"EntryPoint","urlTemplate":"https:\/\/lovme.pt\/?s={search_term_string}"},"query-input":{"@type":"PropertyValueSpecification","valueRequired":true,"valueName":"search_term_string"}}],"inLanguage":"pt-PT"}]}},"_links":{"self":[{"href":"https:\/\/lovme.pt\/index.php\/wp-json\/wp\/v2\/product\/43415","targetHints":{"allow":["GET"]}}],"collection":[{"href":"https:\/\/lovme.pt\/index.php\/wp-json\/wp\/v2\/product"}],"about":[{"href":"https:\/\/lovme.pt\/index.php\/wp-json\/wp\/v2\/types\/product"}],"wp:featuredmedia":[{"embeddable":true,"href":"https:\/\/lovme.pt\/index.php\/wp-json\/wp\/v2\/media\/56961"}],"wp:attachment":[{"href":"https:\/\/lovme.pt\/index.php\/wp-json\/wp\/v2\/media?parent=43415"}],"wp:term":[{"taxonomy":"product_brand","embeddable":true,"href":"https:\/\/lovme.pt\/index.php\/wp-json\/wp\/v2\/product_brand?post=43415"},{"taxonomy":"product_cat","embeddable":true,"href":"https:\/\/lovme.pt\/index.php\/wp-json\/wp\/v2\/product_cat?post=43415"},{"taxonomy":"product_tag","embeddable":true,"href":"https:\/\/lovme.pt\/index.php\/wp-json\/wp\/v2\/product_tag?post=43415"}],"curies":[{"name":"wp","href":"https:\/\/api.w.org\/{rel}","templated":true}]}}