{"id":43389,"date":"2025-09-30T09:34:48","date_gmt":"2025-09-30T09:34:48","guid":{"rendered":"https:\/\/lovme.pt\/?post_type=product&p=43389"},"modified":"2026-02-19T20:00:59","modified_gmt":"2026-02-19T20:00:59","slug":"calexotics-a-boneca-do-amor-estrela-loira","status":"publish","type":"product","link":"https:\/\/lovme.pt\/index.php\/produto\/calexotics-a-boneca-do-amor-estrela-loira\/","title":{"rendered":"CALEXOTICS &#8211; A BONECA DO AMOR ESTRELA LOIRA"},"content":{"rendered":"<div>\n<p>Satisfa\u00e7a suas fantasias secretas com a Blonde Starlet realista. A ex\u00f3tica deusa loira infl\u00e1vel foi projetada para mostrar por que as loiras se divertem mais! O amante sedutor perfeito tem um rosto colorido e 3 buracos de amor para uma experi\u00eancia tentadoramente realista.<\/p>\n<p> O amante totalmente port\u00e1til \u00e9 f\u00e1cil de inflar e est\u00e1 sempre pronto para uma a\u00e7\u00e3o amorosa em brasa sempre que voc\u00ea estiver com vontade. A bomba loira \u00e9 feita de PVC macio e flex\u00edvel, sem ftalato e sem perfume e possui 3 passagens de amor tentadoras. Desfrute de estimula\u00e7\u00e3o de penetra\u00e7\u00e3o total e de um cl\u00edmax explosivo, com o modelo infl\u00e1vel e atraente que est\u00e1 sempre pronto para a divers\u00e3o adulta. A bomba loira ir\u00e1 satisfazer suas necessidades e ser\u00e1 uma \u00f3tima companheira de brincadeiras para usu\u00e1rios iniciantes e experientes que desejam experimentar o \u00eaxtase de autogratifica\u00e7\u00e3o. Assuma o controle total de seus encontros \u00edntimos com esta boneca do amor.<\/p>\n<p> Conecte-se para uma a\u00e7\u00e3o amorosa instant\u00e2nea, forte e r\u00e1pida, e esteja preparado para ceder a todas as tenta\u00e7\u00f5es sensuais. Tudo o que voc\u00ea precisa para se tornar um mestre do amor \u00e9 uma bomba manual universal para dar vida \u00e0 sua amante loira gostosa. Explore suas passagens de amor vaginais e anais super apertadas usando lubrificante de qualidade, para uma experi\u00eancia memor\u00e1vel e alucinante. Seu parceiro animado levar\u00e1 suas experi\u00eancias de jogo \u00edntimo e solo a outro n\u00edvel. Antes e depois de cada uso, lembre-se de limpar a boneca realista com um spray de limpeza de brinquedos ou \u00e1gua com sab\u00e3o neutro.<\/p>\n<p> <strong>CARACTER\u00cdSTICAS<\/strong><\/p>\n<ul>\n<li> Material PVC Pl\u00e1stico<\/li>\n<\/ul>\n<p> A CalExotics tem transformado consistentemente \u201cfantasia em realidade\u201d h\u00e1 mais de uma d\u00e9cada. Com uma aten\u00e7\u00e3o incompar\u00e1vel aos detalhes, a fundadora e propriet\u00e1ria da CalExotics, Susan Colvin, tornou a marca California Exotic Novelty sin\u00f4nimo de brinquedos para adultos de qualidade. O fato de a CalExotics ser uma empresa pertencente e operada por mulheres desempenha um papel importante em sua ascens\u00e3o mete\u00f3rica ao topo da ind\u00fastria de brinquedos e novidades para adultos.<\/p>\n<\/div>\n","protected":false},"excerpt":{"rendered":"<p>CALEXOTICS &#8211; A BONECA DO AMOR ESTRELA LOIRA<\/p>\n","protected":false},"featured_media":53884,"template":"","meta":{"_acf_changed":false},"product_brand":[],"product_cat":[17,15],"product_tag":[],"class_list":{"0":"post-43389","1":"product","2":"type-product","3":"status-publish","4":"has-post-thumbnail","6":"product_cat-brinquedos-de-bem-estar-sexual","7":"product_cat-loja","8":"yith_product_brand-calexotics","10":"first","11":"instock","12":"taxable","13":"shipping-taxable","14":"purchasable","15":"product-type-simple"},"acf":[],"yoast_head":"<!-- This site is optimized with the Yoast SEO plugin v27.4 - https:\/\/yoast.com\/product\/yoast-seo-wordpress\/ -->\n<title>CALEXOTICS - A BONECA DO AMOR ESTRELA LOIRA - Lovme<\/title>\n<meta name=\"robots\" content=\"index, follow, max-snippet:-1, max-image-preview:large, max-video-preview:-1\" \/>\n<link rel=\"canonical\" href=\"https:\/\/lovme.pt\/index.php\/produto\/calexotics-a-boneca-do-amor-estrela-loira\/\" \/>\n<meta property=\"og:locale\" content=\"pt_PT\" \/>\n<meta property=\"og:type\" content=\"article\" \/>\n<meta property=\"og:title\" content=\"CALEXOTICS - A BONECA DO AMOR ESTRELA LOIRA - Lovme\" \/>\n<meta property=\"og:description\" content=\"CALEXOTICS - A BONECA DO AMOR ESTRELA LOIRA\" \/>\n<meta property=\"og:url\" content=\"https:\/\/lovme.pt\/index.php\/produto\/calexotics-a-boneca-do-amor-estrela-loira\/\" \/>\n<meta property=\"og:site_name\" content=\"Lovme\" \/>\n<meta property=\"article:modified_time\" content=\"2026-02-19T20:00:59+00:00\" \/>\n<meta property=\"og:image\" content=\"https:\/\/erki24nd3ub.exactdn.com\/wp-content\/uploads\/dream\/img\/img_143733_cb6b66a2cf3fdd5e3212c659ccc37d4e_1.jpg?strip=all\" \/>\n\t<meta property=\"og:image:width\" content=\"800\" \/>\n\t<meta property=\"og:image:height\" content=\"800\" \/>\n\t<meta property=\"og:image:type\" content=\"image\/jpeg\" \/>\n<meta name=\"twitter:card\" content=\"summary_large_image\" \/>\n<meta name=\"twitter:label1\" content=\"Tempo estimado de leitura\" \/>\n\t<meta name=\"twitter:data1\" content=\"2 minutos\" \/>\n<script type=\"application\/ld+json\" class=\"yoast-schema-graph\">{\"@context\":\"https:\\\/\\\/schema.org\",\"@graph\":[{\"@type\":\"WebPage\",\"@id\":\"https:\\\/\\\/lovme.pt\\\/index.php\\\/produto\\\/calexotics-a-boneca-do-amor-estrela-loira\\\/\",\"url\":\"https:\\\/\\\/lovme.pt\\\/index.php\\\/produto\\\/calexotics-a-boneca-do-amor-estrela-loira\\\/\",\"name\":\"CALEXOTICS - A BONECA DO AMOR ESTRELA LOIRA - Lovme\",\"isPartOf\":{\"@id\":\"https:\\\/\\\/lovme.pt\\\/#website\"},\"primaryImageOfPage\":{\"@id\":\"https:\\\/\\\/lovme.pt\\\/index.php\\\/produto\\\/calexotics-a-boneca-do-amor-estrela-loira\\\/#primaryimage\"},\"image\":{\"@id\":\"https:\\\/\\\/lovme.pt\\\/index.php\\\/produto\\\/calexotics-a-boneca-do-amor-estrela-loira\\\/#primaryimage\"},\"thumbnailUrl\":\"https:\\\/\\\/erki24nd3ub.exactdn.com\\\/wp-content\\\/uploads\\\/dream\\\/img\\\/img_143733_cb6b66a2cf3fdd5e3212c659ccc37d4e_1.jpg?strip=all\",\"datePublished\":\"2025-09-30T09:34:48+00:00\",\"dateModified\":\"2026-02-19T20:00:59+00:00\",\"breadcrumb\":{\"@id\":\"https:\\\/\\\/lovme.pt\\\/index.php\\\/produto\\\/calexotics-a-boneca-do-amor-estrela-loira\\\/#breadcrumb\"},\"inLanguage\":\"pt-PT\",\"potentialAction\":[{\"@type\":\"ReadAction\",\"target\":[\"https:\\\/\\\/lovme.pt\\\/index.php\\\/produto\\\/calexotics-a-boneca-do-amor-estrela-loira\\\/\"]}]},{\"@type\":\"ImageObject\",\"inLanguage\":\"pt-PT\",\"@id\":\"https:\\\/\\\/lovme.pt\\\/index.php\\\/produto\\\/calexotics-a-boneca-do-amor-estrela-loira\\\/#primaryimage\",\"url\":\"https:\\\/\\\/erki24nd3ub.exactdn.com\\\/wp-content\\\/uploads\\\/dream\\\/img\\\/img_143733_cb6b66a2cf3fdd5e3212c659ccc37d4e_1.jpg?strip=all\",\"contentUrl\":\"https:\\\/\\\/erki24nd3ub.exactdn.com\\\/wp-content\\\/uploads\\\/dream\\\/img\\\/img_143733_cb6b66a2cf3fdd5e3212c659ccc37d4e_1.jpg?strip=all\",\"width\":800,\"height\":800},{\"@type\":\"BreadcrumbList\",\"@id\":\"https:\\\/\\\/lovme.pt\\\/index.php\\\/produto\\\/calexotics-a-boneca-do-amor-estrela-loira\\\/#breadcrumb\",\"itemListElement\":[{\"@type\":\"ListItem\",\"position\":1,\"name\":\"In\u00edcio\",\"item\":\"https:\\\/\\\/lovme.pt\\\/\"},{\"@type\":\"ListItem\",\"position\":2,\"name\":\"Loja\",\"item\":\"https:\\\/\\\/lovme.pt\\\/index.php\\\/loja\\\/\"},{\"@type\":\"ListItem\",\"position\":3,\"name\":\"CALEXOTICS &#8211; A BONECA DO AMOR ESTRELA LOIRA\"}]},{\"@type\":\"WebSite\",\"@id\":\"https:\\\/\\\/lovme.pt\\\/#website\",\"url\":\"https:\\\/\\\/lovme.pt\\\/\",\"name\":\"Lovme Loja Er\u00f3tica N\u00ba1 em Portugal\",\"description\":\"A melhor loja er\u00f3tica de Portugal.\",\"alternateName\":\"Loja Er\u00f3tica Lovme\",\"potentialAction\":[{\"@type\":\"SearchAction\",\"target\":{\"@type\":\"EntryPoint\",\"urlTemplate\":\"https:\\\/\\\/lovme.pt\\\/?s={search_term_string}\"},\"query-input\":{\"@type\":\"PropertyValueSpecification\",\"valueRequired\":true,\"valueName\":\"search_term_string\"}}],\"inLanguage\":\"pt-PT\"}]}<\/script>\n<!-- \/ Yoast SEO plugin. -->","yoast_head_json":{"title":"CALEXOTICS - A BONECA DO AMOR ESTRELA LOIRA - Lovme","robots":{"index":"index","follow":"follow","max-snippet":"max-snippet:-1","max-image-preview":"max-image-preview:large","max-video-preview":"max-video-preview:-1"},"canonical":"https:\/\/lovme.pt\/index.php\/produto\/calexotics-a-boneca-do-amor-estrela-loira\/","og_locale":"pt_PT","og_type":"article","og_title":"CALEXOTICS - A BONECA DO AMOR ESTRELA LOIRA - Lovme","og_description":"CALEXOTICS - A BONECA DO AMOR ESTRELA LOIRA","og_url":"https:\/\/lovme.pt\/index.php\/produto\/calexotics-a-boneca-do-amor-estrela-loira\/","og_site_name":"Lovme","article_modified_time":"2026-02-19T20:00:59+00:00","og_image":[{"width":800,"height":800,"url":"https:\/\/erki24nd3ub.exactdn.com\/wp-content\/uploads\/dream\/img\/img_143733_cb6b66a2cf3fdd5e3212c659ccc37d4e_1.jpg?strip=all","type":"image\/jpeg"}],"twitter_card":"summary_large_image","twitter_misc":{"Tempo estimado de leitura":"2 minutos"},"schema":{"@context":"https:\/\/schema.org","@graph":[{"@type":"WebPage","@id":"https:\/\/lovme.pt\/index.php\/produto\/calexotics-a-boneca-do-amor-estrela-loira\/","url":"https:\/\/lovme.pt\/index.php\/produto\/calexotics-a-boneca-do-amor-estrela-loira\/","name":"CALEXOTICS - A BONECA DO AMOR ESTRELA LOIRA - Lovme","isPartOf":{"@id":"https:\/\/lovme.pt\/#website"},"primaryImageOfPage":{"@id":"https:\/\/lovme.pt\/index.php\/produto\/calexotics-a-boneca-do-amor-estrela-loira\/#primaryimage"},"image":{"@id":"https:\/\/lovme.pt\/index.php\/produto\/calexotics-a-boneca-do-amor-estrela-loira\/#primaryimage"},"thumbnailUrl":"https:\/\/erki24nd3ub.exactdn.com\/wp-content\/uploads\/dream\/img\/img_143733_cb6b66a2cf3fdd5e3212c659ccc37d4e_1.jpg?strip=all","datePublished":"2025-09-30T09:34:48+00:00","dateModified":"2026-02-19T20:00:59+00:00","breadcrumb":{"@id":"https:\/\/lovme.pt\/index.php\/produto\/calexotics-a-boneca-do-amor-estrela-loira\/#breadcrumb"},"inLanguage":"pt-PT","potentialAction":[{"@type":"ReadAction","target":["https:\/\/lovme.pt\/index.php\/produto\/calexotics-a-boneca-do-amor-estrela-loira\/"]}]},{"@type":"ImageObject","inLanguage":"pt-PT","@id":"https:\/\/lovme.pt\/index.php\/produto\/calexotics-a-boneca-do-amor-estrela-loira\/#primaryimage","url":"https:\/\/erki24nd3ub.exactdn.com\/wp-content\/uploads\/dream\/img\/img_143733_cb6b66a2cf3fdd5e3212c659ccc37d4e_1.jpg?strip=all","contentUrl":"https:\/\/erki24nd3ub.exactdn.com\/wp-content\/uploads\/dream\/img\/img_143733_cb6b66a2cf3fdd5e3212c659ccc37d4e_1.jpg?strip=all","width":800,"height":800},{"@type":"BreadcrumbList","@id":"https:\/\/lovme.pt\/index.php\/produto\/calexotics-a-boneca-do-amor-estrela-loira\/#breadcrumb","itemListElement":[{"@type":"ListItem","position":1,"name":"In\u00edcio","item":"https:\/\/lovme.pt\/"},{"@type":"ListItem","position":2,"name":"Loja","item":"https:\/\/lovme.pt\/index.php\/loja\/"},{"@type":"ListItem","position":3,"name":"CALEXOTICS &#8211; A BONECA DO AMOR ESTRELA LOIRA"}]},{"@type":"WebSite","@id":"https:\/\/lovme.pt\/#website","url":"https:\/\/lovme.pt\/","name":"Lovme Loja Er\u00f3tica N\u00ba1 em Portugal","description":"A melhor loja er\u00f3tica de Portugal.","alternateName":"Loja Er\u00f3tica Lovme","potentialAction":[{"@type":"SearchAction","target":{"@type":"EntryPoint","urlTemplate":"https:\/\/lovme.pt\/?s={search_term_string}"},"query-input":{"@type":"PropertyValueSpecification","valueRequired":true,"valueName":"search_term_string"}}],"inLanguage":"pt-PT"}]}},"_links":{"self":[{"href":"https:\/\/lovme.pt\/index.php\/wp-json\/wp\/v2\/product\/43389","targetHints":{"allow":["GET"]}}],"collection":[{"href":"https:\/\/lovme.pt\/index.php\/wp-json\/wp\/v2\/product"}],"about":[{"href":"https:\/\/lovme.pt\/index.php\/wp-json\/wp\/v2\/types\/product"}],"wp:featuredmedia":[{"embeddable":true,"href":"https:\/\/lovme.pt\/index.php\/wp-json\/wp\/v2\/media\/53884"}],"wp:attachment":[{"href":"https:\/\/lovme.pt\/index.php\/wp-json\/wp\/v2\/media?parent=43389"}],"wp:term":[{"taxonomy":"product_brand","embeddable":true,"href":"https:\/\/lovme.pt\/index.php\/wp-json\/wp\/v2\/product_brand?post=43389"},{"taxonomy":"product_cat","embeddable":true,"href":"https:\/\/lovme.pt\/index.php\/wp-json\/wp\/v2\/product_cat?post=43389"},{"taxonomy":"product_tag","embeddable":true,"href":"https:\/\/lovme.pt\/index.php\/wp-json\/wp\/v2\/product_tag?post=43389"}],"curies":[{"name":"wp","href":"https:\/\/api.w.org\/{rel}","templated":true}]}}