{"id":43292,"date":"2025-09-30T20:44:13","date_gmt":"2025-09-30T20:44:13","guid":{"rendered":"https:\/\/lovme.pt\/?post_type=product&p=43292"},"modified":"2026-02-19T20:08:48","modified_gmt":"2026-02-19T20:08:48","slug":"intense-anel-vibrador-fry-azul","status":"publish","type":"product","link":"https:\/\/lovme.pt\/index.php\/produto\/intense-anel-vibrador-fry-azul\/","title":{"rendered":"INTENSE &#8211; ANEL VIBRADOR &#8211; FRY AZUL"},"content":{"rendered":"<p>Intensifique o ato sexual com o Anel Coelho Intense\u2122<\/p>\n<p>D\u00ea \u00e0 sua masculinidade um upgrade sensual com nosso Anel de Coelho. Agradavelmente flex\u00edvel, o nosso anel adapta-se a todos os tamanhos e abra\u00e7a o seu p\u00e9nis, criando um efeito de estagna\u00e7\u00e3o do sangue para prazer prolongado e vigor sensual.<\/p>\n<ul>\n<li>Adequado para brincadeiras solo e em casal, para enriquecer sua vida sexual<\/li>\n<li>\u00c0 prova d\u00e1gua Gra\u00e7as ao seu acabamento \u00e0 prova d\u00e1gua IPX7, este brinquedo pode ser usado com seguran\u00e7a na \u00e1gua, al\u00e9m de ser f\u00e1cil de limpar<\/li>\n<li>Feito de ABS Bodysafe supermacio, agrad\u00e1vel \u00e0 pele, macio ao toque e extremamente higi\u00eanico<\/li>\n<\/ul>\n<p>Maior resist\u00eancia com o Anel Coelho Intense\u2122<\/p>\n<p>Rabbit Ring by Intense\u2122 oferece maior firmeza durante a rela\u00e7\u00e3o sexual: O anel peniano vibrat\u00f3rio \u00e9 colocado sobre o p\u00eanis n\u00e3o ereto, que \u00e9 ent\u00e3o aumentado para um novo tamanho devido ao seu intenso efeito de obstru\u00e7\u00e3o do sangue. O anel peniano estimula ambos os membros do casal gra\u00e7as \u00e0 vibra\u00e7\u00e3o que pode ser facilmente controlada com um bot\u00e3o. \u00c9 flex\u00edvel e adapta-se perfeitamente e de forma excitante ao p\u00e9nis. Gra\u00e7as ao efeito de estagna\u00e7\u00e3o do sangue, o anel oferece ao seu usu\u00e1rio uma ere\u00e7\u00e3o mais firme e maior resist\u00eancia, al\u00e9m de retardar a ejacula\u00e7\u00e3o.<\/p>\n<p>Os dois membros do casal gostam do anel peniano?<\/p>\n<p>O anel peniano acaricia ambos os parceiros com uma vibra\u00e7\u00e3o poderosa. Gra\u00e7as \u00e0 sua estrutura estimulante, o Anel Coelho Intense\u2122 tamb\u00e9m proporciona estimula\u00e7\u00e3o clitoriana atrav\u00e9s do seu formato de Coelho. Devido ao seu acabamento \u00e0 prova d\u2019\u00e1gua IPX7, Rabbit Ring by Intense\u2122 \u00e9 o companheiro ideal para se divertir no chuveiro ou na banheira. Al\u00e9m disso, o ABS macio e amigo do corpo \u00e9 particularmente higi\u00e9nico e estimula com uma sensa\u00e7\u00e3o agrad\u00e1vel. O material pode ser facilmente limpo antes e depois de cada utiliza\u00e7\u00e3o com um limpador de brinquedos. O Spray Desinfetante Waterfeek, por exemplo, \u00e9 ideal para o material.<\/p>\n<p>Se o Intense\u2122 Rabbit Ring ficar sem f\u00f4lego, basta colocar pilhas LR44 novas e come\u00e7ar uma nova aventura.<\/p>\n","protected":false},"excerpt":{"rendered":"<p>INTENSE &#8211; ANEL VIBRADOR &#8211; FRY AZUL<\/p>\n","protected":false},"featured_media":72102,"template":"","meta":{"_acf_changed":false},"product_brand":[],"product_cat":[17,59,61,60],"product_tag":[],"class_list":{"0":"post-43292","1":"product","2":"type-product","3":"status-publish","4":"has-post-thumbnail","6":"product_cat-brinquedos-de-bem-estar-sexual","7":"product_cat-para-casais","8":"product_cat-para-elas","9":"product_cat-para-eles","10":"yith_product_brand-intense","11":"yith_product_brand-intenseintense-toysintense-couples-toys","12":"yith_product_brand-intenseintense-toys","14":"first","15":"instock","16":"taxable","17":"shipping-taxable","18":"purchasable","19":"product-type-simple"},"acf":[],"yoast_head":"<!-- This site is optimized with the Yoast SEO plugin v27.4 - https:\/\/yoast.com\/product\/yoast-seo-wordpress\/ -->\n<title>INTENSE - ANEL VIBRADOR - FRY AZUL - Lovme<\/title>\n<meta name=\"robots\" content=\"index, follow, max-snippet:-1, max-image-preview:large, max-video-preview:-1\" \/>\n<link rel=\"canonical\" href=\"https:\/\/lovme.pt\/index.php\/produto\/intense-anel-vibrador-fry-azul\/\" \/>\n<meta property=\"og:locale\" content=\"pt_PT\" \/>\n<meta property=\"og:type\" content=\"article\" \/>\n<meta property=\"og:title\" content=\"INTENSE - ANEL VIBRADOR - FRY AZUL - Lovme\" \/>\n<meta property=\"og:description\" content=\"INTENSE - ANEL VIBRADOR - FRY AZUL\" \/>\n<meta property=\"og:url\" content=\"https:\/\/lovme.pt\/index.php\/produto\/intense-anel-vibrador-fry-azul\/\" \/>\n<meta property=\"og:site_name\" content=\"Lovme\" \/>\n<meta property=\"article:modified_time\" content=\"2026-02-19T20:08:48+00:00\" \/>\n<meta property=\"og:image\" content=\"https:\/\/erki24nd3ub.exactdn.com\/wp-content\/uploads\/dream\/img\/img_143217_7117d7587171d42c26b372ea5d3d29cc_1.png?strip=all\" \/>\n\t<meta property=\"og:image:width\" content=\"800\" \/>\n\t<meta property=\"og:image:height\" content=\"800\" \/>\n\t<meta property=\"og:image:type\" content=\"image\/png\" \/>\n<meta name=\"twitter:card\" content=\"summary_large_image\" \/>\n<meta name=\"twitter:label1\" content=\"Tempo estimado de leitura\" \/>\n\t<meta name=\"twitter:data1\" content=\"2 minutos\" \/>\n<script type=\"application\/ld+json\" class=\"yoast-schema-graph\">{\"@context\":\"https:\\\/\\\/schema.org\",\"@graph\":[{\"@type\":\"WebPage\",\"@id\":\"https:\\\/\\\/lovme.pt\\\/index.php\\\/produto\\\/intense-anel-vibrador-fry-azul\\\/\",\"url\":\"https:\\\/\\\/lovme.pt\\\/index.php\\\/produto\\\/intense-anel-vibrador-fry-azul\\\/\",\"name\":\"INTENSE - ANEL VIBRADOR - FRY AZUL - Lovme\",\"isPartOf\":{\"@id\":\"https:\\\/\\\/lovme.pt\\\/#website\"},\"primaryImageOfPage\":{\"@id\":\"https:\\\/\\\/lovme.pt\\\/index.php\\\/produto\\\/intense-anel-vibrador-fry-azul\\\/#primaryimage\"},\"image\":{\"@id\":\"https:\\\/\\\/lovme.pt\\\/index.php\\\/produto\\\/intense-anel-vibrador-fry-azul\\\/#primaryimage\"},\"thumbnailUrl\":\"https:\\\/\\\/erki24nd3ub.exactdn.com\\\/wp-content\\\/uploads\\\/dream\\\/img\\\/img_143217_7117d7587171d42c26b372ea5d3d29cc_1.png?strip=all\",\"datePublished\":\"2025-09-30T20:44:13+00:00\",\"dateModified\":\"2026-02-19T20:08:48+00:00\",\"breadcrumb\":{\"@id\":\"https:\\\/\\\/lovme.pt\\\/index.php\\\/produto\\\/intense-anel-vibrador-fry-azul\\\/#breadcrumb\"},\"inLanguage\":\"pt-PT\",\"potentialAction\":[{\"@type\":\"ReadAction\",\"target\":[\"https:\\\/\\\/lovme.pt\\\/index.php\\\/produto\\\/intense-anel-vibrador-fry-azul\\\/\"]}]},{\"@type\":\"ImageObject\",\"inLanguage\":\"pt-PT\",\"@id\":\"https:\\\/\\\/lovme.pt\\\/index.php\\\/produto\\\/intense-anel-vibrador-fry-azul\\\/#primaryimage\",\"url\":\"https:\\\/\\\/erki24nd3ub.exactdn.com\\\/wp-content\\\/uploads\\\/dream\\\/img\\\/img_143217_7117d7587171d42c26b372ea5d3d29cc_1.png?strip=all\",\"contentUrl\":\"https:\\\/\\\/erki24nd3ub.exactdn.com\\\/wp-content\\\/uploads\\\/dream\\\/img\\\/img_143217_7117d7587171d42c26b372ea5d3d29cc_1.png?strip=all\",\"width\":800,\"height\":800},{\"@type\":\"BreadcrumbList\",\"@id\":\"https:\\\/\\\/lovme.pt\\\/index.php\\\/produto\\\/intense-anel-vibrador-fry-azul\\\/#breadcrumb\",\"itemListElement\":[{\"@type\":\"ListItem\",\"position\":1,\"name\":\"In\u00edcio\",\"item\":\"https:\\\/\\\/lovme.pt\\\/\"},{\"@type\":\"ListItem\",\"position\":2,\"name\":\"Loja\",\"item\":\"https:\\\/\\\/lovme.pt\\\/index.php\\\/loja\\\/\"},{\"@type\":\"ListItem\",\"position\":3,\"name\":\"INTENSE &#8211; ANEL VIBRADOR &#8211; FRY AZUL\"}]},{\"@type\":\"WebSite\",\"@id\":\"https:\\\/\\\/lovme.pt\\\/#website\",\"url\":\"https:\\\/\\\/lovme.pt\\\/\",\"name\":\"Lovme Loja Er\u00f3tica N\u00ba1 em Portugal\",\"description\":\"A melhor loja er\u00f3tica de Portugal.\",\"alternateName\":\"Loja Er\u00f3tica Lovme\",\"potentialAction\":[{\"@type\":\"SearchAction\",\"target\":{\"@type\":\"EntryPoint\",\"urlTemplate\":\"https:\\\/\\\/lovme.pt\\\/?s={search_term_string}\"},\"query-input\":{\"@type\":\"PropertyValueSpecification\",\"valueRequired\":true,\"valueName\":\"search_term_string\"}}],\"inLanguage\":\"pt-PT\"}]}<\/script>\n<!-- \/ Yoast SEO plugin. -->","yoast_head_json":{"title":"INTENSE - ANEL VIBRADOR - FRY AZUL - Lovme","robots":{"index":"index","follow":"follow","max-snippet":"max-snippet:-1","max-image-preview":"max-image-preview:large","max-video-preview":"max-video-preview:-1"},"canonical":"https:\/\/lovme.pt\/index.php\/produto\/intense-anel-vibrador-fry-azul\/","og_locale":"pt_PT","og_type":"article","og_title":"INTENSE - ANEL VIBRADOR - FRY AZUL - Lovme","og_description":"INTENSE - ANEL VIBRADOR - FRY AZUL","og_url":"https:\/\/lovme.pt\/index.php\/produto\/intense-anel-vibrador-fry-azul\/","og_site_name":"Lovme","article_modified_time":"2026-02-19T20:08:48+00:00","og_image":[{"width":800,"height":800,"url":"https:\/\/erki24nd3ub.exactdn.com\/wp-content\/uploads\/dream\/img\/img_143217_7117d7587171d42c26b372ea5d3d29cc_1.png?strip=all","type":"image\/png"}],"twitter_card":"summary_large_image","twitter_misc":{"Tempo estimado de leitura":"2 minutos"},"schema":{"@context":"https:\/\/schema.org","@graph":[{"@type":"WebPage","@id":"https:\/\/lovme.pt\/index.php\/produto\/intense-anel-vibrador-fry-azul\/","url":"https:\/\/lovme.pt\/index.php\/produto\/intense-anel-vibrador-fry-azul\/","name":"INTENSE - ANEL VIBRADOR - FRY AZUL - Lovme","isPartOf":{"@id":"https:\/\/lovme.pt\/#website"},"primaryImageOfPage":{"@id":"https:\/\/lovme.pt\/index.php\/produto\/intense-anel-vibrador-fry-azul\/#primaryimage"},"image":{"@id":"https:\/\/lovme.pt\/index.php\/produto\/intense-anel-vibrador-fry-azul\/#primaryimage"},"thumbnailUrl":"https:\/\/erki24nd3ub.exactdn.com\/wp-content\/uploads\/dream\/img\/img_143217_7117d7587171d42c26b372ea5d3d29cc_1.png?strip=all","datePublished":"2025-09-30T20:44:13+00:00","dateModified":"2026-02-19T20:08:48+00:00","breadcrumb":{"@id":"https:\/\/lovme.pt\/index.php\/produto\/intense-anel-vibrador-fry-azul\/#breadcrumb"},"inLanguage":"pt-PT","potentialAction":[{"@type":"ReadAction","target":["https:\/\/lovme.pt\/index.php\/produto\/intense-anel-vibrador-fry-azul\/"]}]},{"@type":"ImageObject","inLanguage":"pt-PT","@id":"https:\/\/lovme.pt\/index.php\/produto\/intense-anel-vibrador-fry-azul\/#primaryimage","url":"https:\/\/erki24nd3ub.exactdn.com\/wp-content\/uploads\/dream\/img\/img_143217_7117d7587171d42c26b372ea5d3d29cc_1.png?strip=all","contentUrl":"https:\/\/erki24nd3ub.exactdn.com\/wp-content\/uploads\/dream\/img\/img_143217_7117d7587171d42c26b372ea5d3d29cc_1.png?strip=all","width":800,"height":800},{"@type":"BreadcrumbList","@id":"https:\/\/lovme.pt\/index.php\/produto\/intense-anel-vibrador-fry-azul\/#breadcrumb","itemListElement":[{"@type":"ListItem","position":1,"name":"In\u00edcio","item":"https:\/\/lovme.pt\/"},{"@type":"ListItem","position":2,"name":"Loja","item":"https:\/\/lovme.pt\/index.php\/loja\/"},{"@type":"ListItem","position":3,"name":"INTENSE &#8211; ANEL VIBRADOR &#8211; FRY AZUL"}]},{"@type":"WebSite","@id":"https:\/\/lovme.pt\/#website","url":"https:\/\/lovme.pt\/","name":"Lovme Loja Er\u00f3tica N\u00ba1 em Portugal","description":"A melhor loja er\u00f3tica de Portugal.","alternateName":"Loja Er\u00f3tica Lovme","potentialAction":[{"@type":"SearchAction","target":{"@type":"EntryPoint","urlTemplate":"https:\/\/lovme.pt\/?s={search_term_string}"},"query-input":{"@type":"PropertyValueSpecification","valueRequired":true,"valueName":"search_term_string"}}],"inLanguage":"pt-PT"}]}},"_links":{"self":[{"href":"https:\/\/lovme.pt\/index.php\/wp-json\/wp\/v2\/product\/43292","targetHints":{"allow":["GET"]}}],"collection":[{"href":"https:\/\/lovme.pt\/index.php\/wp-json\/wp\/v2\/product"}],"about":[{"href":"https:\/\/lovme.pt\/index.php\/wp-json\/wp\/v2\/types\/product"}],"wp:featuredmedia":[{"embeddable":true,"href":"https:\/\/lovme.pt\/index.php\/wp-json\/wp\/v2\/media\/72102"}],"wp:attachment":[{"href":"https:\/\/lovme.pt\/index.php\/wp-json\/wp\/v2\/media?parent=43292"}],"wp:term":[{"taxonomy":"product_brand","embeddable":true,"href":"https:\/\/lovme.pt\/index.php\/wp-json\/wp\/v2\/product_brand?post=43292"},{"taxonomy":"product_cat","embeddable":true,"href":"https:\/\/lovme.pt\/index.php\/wp-json\/wp\/v2\/product_cat?post=43292"},{"taxonomy":"product_tag","embeddable":true,"href":"https:\/\/lovme.pt\/index.php\/wp-json\/wp\/v2\/product_tag?post=43292"}],"curies":[{"name":"wp","href":"https:\/\/api.w.org\/{rel}","templated":true}]}}