{"id":43275,"date":"2025-09-30T20:44:11","date_gmt":"2025-09-30T20:44:11","guid":{"rendered":"https:\/\/lovme.pt\/?post_type=product&p=43275"},"modified":"2026-05-13T16:25:56","modified_gmt":"2026-05-13T16:25:56","slug":"intense-vibrador-luigi-coelho-silicone-liquido-roxo","status":"publish","type":"product","link":"https:\/\/lovme.pt\/index.php\/produto\/intense-vibrador-luigi-coelho-silicone-liquido-roxo\/","title":{"rendered":"INTENSE &#8211; VIBRADOR LUIGI COELHO SILICONE L\u00cdQUIDO ROXO"},"content":{"rendered":"<p>Nosso vibrador Intense Luigi estimula o clit\u00f3ris e o ponto G ao mesmo tempo usando as vibra\u00e7\u00f5es de dois motores potentes. O vibrador combina um manuseio pr\u00e1tico gra\u00e7as ao cabo ergon\u00f4mico de silicone com estimula\u00e7\u00e3o completa dos pontos de prazer.<\/p>\n<p>Intense Luigi \u00e9 um brinquedo sexual com dupla estimula\u00e7\u00e3o, Ponto G e Clit\u00f3ris, massageia totalmente toda a regi\u00e3o vaginal para desfrutar, proporcionando sensa\u00e7\u00f5es intensas.<\/p>\n<p>Seu formato \u00e9 totalmente ergon\u00f4mico e cont\u00e9m dois motores potentes.<\/p>\n<p>A Nova Gera\u00e7\u00e3o do Intense \u00e9 o Luigi, ele se diferencia dos demais modelos por possuir uma bateria de l\u00edtio altamente resistente.<\/p>\n<p>Intense Luigi \u00e9 um vibrador muito silencioso, com dupla estimula\u00e7\u00e3o e duplo motor para que as sensa\u00e7\u00f5es fiquem bem distribu\u00eddas por todo o brinquedo. Sua textura \u00e9 aveludada e suas vibra\u00e7\u00f5es podem estimular a \u00e1rea de sua prefer\u00eancia.<\/p>\n<p>Seu design curvo permite acariciar as paredes da vagina, caso queira inseri-la, enquanto acaricia a \u00e1rea externa da vulva com a vibra\u00e7\u00e3o de seu segundo motor, embora tamb\u00e9m possa experiment\u00e1-lo em qualquer outra parte do seu corpo que voc\u00ea gosta. gosto de jogar. Use sua imagina\u00e7\u00e3o para explorar novas sensa\u00e7\u00f5es que voc\u00ea n\u00e3o conhecia antes!<\/p>\n<p>\u00c9 feito de silicone l\u00edquido, um material que n\u00e3o agride o corpo e \u00e9 muito higi\u00eanico. Com 10 modos de vibra\u00e7\u00e3o diferentes para descobrir, que voc\u00ea pode alternar gra\u00e7as ao seu controle f\u00e1cil de usar localizado na parte inferior do brinquedo. Funciona com bateria de l\u00edtio, o que lhe confere autonomia para um longo tempo de jogo.<\/p>\n<ul>\n<li>10 anos de garantia<\/li>\n<li>Vibra\u00e7\u00e3o profunda super intensa<\/li>\n<li>Vibra\u00e7\u00e3o do ponto G<\/li>\n<li>modo sussurro<\/li>\n<li>IPX6 \u00e0 prova d\u00e1gua<\/li>\n<li>Embaixo da agua<\/li>\n<li>F\u00e1cil de limpar<\/li>\n<li>Bateria de \u00edon de l\u00edtio<\/li>\n<li>Cabo de carregamento USB magn\u00e9tico<\/li>\n<li>10 programas de vibra\u00e7\u00e3o<\/li>\n<\/ul>\n<p>Estimula\u00e7\u00e3o intensa com o vibrador Intense Luigi<\/p>\n<p>Este vibrador ir\u00e1 lev\u00e1-lo a novos patamares com sua estimula\u00e7\u00e3o m\u00faltipla. O vibrador coelhinho possui dois motores potentes que v\u00e3o fazer voc\u00ea tremer. O formato do eixo curvo e a extremidade pontiaguda mimam o ponto G, enquanto o estimulador clitoriano com 3 protuber\u00e2ncias massageia sensualmente o clit\u00f3ris e os l\u00e1bios. Para conseguir um novo tipo de estimula\u00e7\u00e3o, o clit\u00f3ris \u00e9 estimulado por cima gra\u00e7as ao formato curvo do estimulador.<\/p>\n<p>Manuseio pr\u00e1tico para total prazer<\/p>\n<p>Porque o Intense\u2122 Luigi \u00e9 feito de silicone de alta qualidade, \u00e9 particularmente flex\u00edvel durante o uso e adapta-se perfeitamente aos contornos do corpo. Gra\u00e7as \u00e0 tecnologia de silicone Flex, permite que as vibra\u00e7\u00f5es sejam transmitidas \u00e0s zonas mais quentes com uma intensidade especial. Para poder desfrutar ao m\u00e1ximo, recomendamos a utiliza\u00e7\u00e3o adicional de lubrificantes, como o lubrificante Waterfeel, Aqua, Bioaqua ou Black Hole, dispon\u00edveis nas vers\u00f5es cl\u00e1ssica, sedosa e com efeito t\u00e9rmico.<\/p>\n<p>Que outras vantagens o vibrador tem?<\/p>\n<p>Gra\u00e7as ao seu formato e ergonomia, estimula intensamente o ponto G. Seu acabamento \u00e0 prova d\u00e1gua (IPX6), Intense\u2122 Luigi vai agradar tanto no chuveiro quanto na banheira e tamb\u00e9m \u00e9 f\u00e1cil de limpar. Para uma desinfec\u00e7\u00e3o completa antes e depois de cada utiliza\u00e7\u00e3o, utilize o Spray Desinfectante Waterfeel, para que possa desfrutar do seu novo companheiro por muito tempo. Se voc\u00ea ficar sem f\u00f4lego, as baterias integradas podem ser recarregadas usando o cabo de carregamento USB inclu\u00eddo.<\/p>\n","protected":false},"excerpt":{"rendered":"<p>INTENSE &#8211; VIBRADOR LUIGI COELHO SILICONE L\u00cdQUIDO ROXO<\/p>\n","protected":false},"featured_media":72097,"template":"","meta":{"_acf_changed":false},"product_brand":[],"product_cat":[17,61,63,76],"product_tag":[],"class_list":{"0":"post-43275","1":"product","2":"type-product","3":"status-publish","4":"has-post-thumbnail","6":"product_cat-brinquedos-de-bem-estar-sexual","7":"product_cat-para-elas","8":"product_cat-sexo-anal","9":"product_cat-vibradores","10":"yith_product_brand-intense","11":"yith_product_brand-intenseintense-toysintense-fun","12":"yith_product_brand-intenseintense-toys","14":"first","15":"outofstock","16":"taxable","17":"shipping-taxable","18":"purchasable","19":"product-type-simple"},"acf":[],"yoast_head":"<!-- This site is optimized with the Yoast SEO plugin v27.4 - https:\/\/yoast.com\/product\/yoast-seo-wordpress\/ -->\n<title>INTENSE - VIBRADOR LUIGI COELHO SILICONE L\u00cdQUIDO ROXO - Lovme<\/title>\n<meta name=\"robots\" content=\"index, follow, max-snippet:-1, max-image-preview:large, max-video-preview:-1\" \/>\n<link rel=\"canonical\" href=\"https:\/\/lovme.pt\/index.php\/produto\/intense-vibrador-luigi-coelho-silicone-liquido-roxo\/\" \/>\n<meta property=\"og:locale\" content=\"pt_PT\" \/>\n<meta property=\"og:type\" content=\"article\" \/>\n<meta property=\"og:title\" content=\"INTENSE - VIBRADOR LUIGI COELHO SILICONE L\u00cdQUIDO ROXO - Lovme\" \/>\n<meta property=\"og:description\" content=\"INTENSE - VIBRADOR LUIGI COELHO SILICONE L\u00cdQUIDO ROXO\" \/>\n<meta property=\"og:url\" content=\"https:\/\/lovme.pt\/index.php\/produto\/intense-vibrador-luigi-coelho-silicone-liquido-roxo\/\" \/>\n<meta property=\"og:site_name\" content=\"Lovme\" \/>\n<meta property=\"article:modified_time\" content=\"2026-05-13T16:25:56+00:00\" \/>\n<meta property=\"og:image\" content=\"https:\/\/erki24nd3ub.exactdn.com\/wp-content\/uploads\/dream\/img\/img_143208_1c9e43b5b12c1b68486b822f580d1513_1.png?strip=all\" \/>\n\t<meta property=\"og:image:width\" content=\"800\" \/>\n\t<meta property=\"og:image:height\" content=\"800\" \/>\n\t<meta property=\"og:image:type\" content=\"image\/png\" \/>\n<meta name=\"twitter:card\" content=\"summary_large_image\" \/>\n<meta name=\"twitter:label1\" content=\"Tempo estimado de leitura\" \/>\n\t<meta name=\"twitter:data1\" content=\"3 minutos\" \/>\n<script type=\"application\/ld+json\" class=\"yoast-schema-graph\">{\"@context\":\"https:\\\/\\\/schema.org\",\"@graph\":[{\"@type\":\"WebPage\",\"@id\":\"https:\\\/\\\/lovme.pt\\\/index.php\\\/produto\\\/intense-vibrador-luigi-coelho-silicone-liquido-roxo\\\/\",\"url\":\"https:\\\/\\\/lovme.pt\\\/index.php\\\/produto\\\/intense-vibrador-luigi-coelho-silicone-liquido-roxo\\\/\",\"name\":\"INTENSE - VIBRADOR LUIGI COELHO SILICONE L\u00cdQUIDO ROXO - Lovme\",\"isPartOf\":{\"@id\":\"https:\\\/\\\/lovme.pt\\\/#website\"},\"primaryImageOfPage\":{\"@id\":\"https:\\\/\\\/lovme.pt\\\/index.php\\\/produto\\\/intense-vibrador-luigi-coelho-silicone-liquido-roxo\\\/#primaryimage\"},\"image\":{\"@id\":\"https:\\\/\\\/lovme.pt\\\/index.php\\\/produto\\\/intense-vibrador-luigi-coelho-silicone-liquido-roxo\\\/#primaryimage\"},\"thumbnailUrl\":\"https:\\\/\\\/erki24nd3ub.exactdn.com\\\/wp-content\\\/uploads\\\/dream\\\/img\\\/img_143208_1c9e43b5b12c1b68486b822f580d1513_1.png?strip=all\",\"datePublished\":\"2025-09-30T20:44:11+00:00\",\"dateModified\":\"2026-05-13T16:25:56+00:00\",\"breadcrumb\":{\"@id\":\"https:\\\/\\\/lovme.pt\\\/index.php\\\/produto\\\/intense-vibrador-luigi-coelho-silicone-liquido-roxo\\\/#breadcrumb\"},\"inLanguage\":\"pt-PT\",\"potentialAction\":[{\"@type\":\"ReadAction\",\"target\":[\"https:\\\/\\\/lovme.pt\\\/index.php\\\/produto\\\/intense-vibrador-luigi-coelho-silicone-liquido-roxo\\\/\"]}]},{\"@type\":\"ImageObject\",\"inLanguage\":\"pt-PT\",\"@id\":\"https:\\\/\\\/lovme.pt\\\/index.php\\\/produto\\\/intense-vibrador-luigi-coelho-silicone-liquido-roxo\\\/#primaryimage\",\"url\":\"https:\\\/\\\/erki24nd3ub.exactdn.com\\\/wp-content\\\/uploads\\\/dream\\\/img\\\/img_143208_1c9e43b5b12c1b68486b822f580d1513_1.png?strip=all\",\"contentUrl\":\"https:\\\/\\\/erki24nd3ub.exactdn.com\\\/wp-content\\\/uploads\\\/dream\\\/img\\\/img_143208_1c9e43b5b12c1b68486b822f580d1513_1.png?strip=all\",\"width\":800,\"height\":800},{\"@type\":\"BreadcrumbList\",\"@id\":\"https:\\\/\\\/lovme.pt\\\/index.php\\\/produto\\\/intense-vibrador-luigi-coelho-silicone-liquido-roxo\\\/#breadcrumb\",\"itemListElement\":[{\"@type\":\"ListItem\",\"position\":1,\"name\":\"In\u00edcio\",\"item\":\"https:\\\/\\\/lovme.pt\\\/\"},{\"@type\":\"ListItem\",\"position\":2,\"name\":\"Loja\",\"item\":\"https:\\\/\\\/lovme.pt\\\/index.php\\\/loja\\\/\"},{\"@type\":\"ListItem\",\"position\":3,\"name\":\"INTENSE &#8211; VIBRADOR LUIGI COELHO SILICONE L\u00cdQUIDO ROXO\"}]},{\"@type\":\"WebSite\",\"@id\":\"https:\\\/\\\/lovme.pt\\\/#website\",\"url\":\"https:\\\/\\\/lovme.pt\\\/\",\"name\":\"Lovme Loja Er\u00f3tica N\u00ba1 em Portugal\",\"description\":\"A melhor loja er\u00f3tica de Portugal.\",\"alternateName\":\"Loja Er\u00f3tica Lovme\",\"potentialAction\":[{\"@type\":\"SearchAction\",\"target\":{\"@type\":\"EntryPoint\",\"urlTemplate\":\"https:\\\/\\\/lovme.pt\\\/?s={search_term_string}\"},\"query-input\":{\"@type\":\"PropertyValueSpecification\",\"valueRequired\":true,\"valueName\":\"search_term_string\"}}],\"inLanguage\":\"pt-PT\"}]}<\/script>\n<!-- \/ Yoast SEO plugin. -->","yoast_head_json":{"title":"INTENSE - VIBRADOR LUIGI COELHO SILICONE L\u00cdQUIDO ROXO - Lovme","robots":{"index":"index","follow":"follow","max-snippet":"max-snippet:-1","max-image-preview":"max-image-preview:large","max-video-preview":"max-video-preview:-1"},"canonical":"https:\/\/lovme.pt\/index.php\/produto\/intense-vibrador-luigi-coelho-silicone-liquido-roxo\/","og_locale":"pt_PT","og_type":"article","og_title":"INTENSE - VIBRADOR LUIGI COELHO SILICONE L\u00cdQUIDO ROXO - Lovme","og_description":"INTENSE - VIBRADOR LUIGI COELHO SILICONE L\u00cdQUIDO ROXO","og_url":"https:\/\/lovme.pt\/index.php\/produto\/intense-vibrador-luigi-coelho-silicone-liquido-roxo\/","og_site_name":"Lovme","article_modified_time":"2026-05-13T16:25:56+00:00","og_image":[{"width":800,"height":800,"url":"https:\/\/erki24nd3ub.exactdn.com\/wp-content\/uploads\/dream\/img\/img_143208_1c9e43b5b12c1b68486b822f580d1513_1.png?strip=all","type":"image\/png"}],"twitter_card":"summary_large_image","twitter_misc":{"Tempo estimado de leitura":"3 minutos"},"schema":{"@context":"https:\/\/schema.org","@graph":[{"@type":"WebPage","@id":"https:\/\/lovme.pt\/index.php\/produto\/intense-vibrador-luigi-coelho-silicone-liquido-roxo\/","url":"https:\/\/lovme.pt\/index.php\/produto\/intense-vibrador-luigi-coelho-silicone-liquido-roxo\/","name":"INTENSE - VIBRADOR LUIGI COELHO SILICONE L\u00cdQUIDO ROXO - Lovme","isPartOf":{"@id":"https:\/\/lovme.pt\/#website"},"primaryImageOfPage":{"@id":"https:\/\/lovme.pt\/index.php\/produto\/intense-vibrador-luigi-coelho-silicone-liquido-roxo\/#primaryimage"},"image":{"@id":"https:\/\/lovme.pt\/index.php\/produto\/intense-vibrador-luigi-coelho-silicone-liquido-roxo\/#primaryimage"},"thumbnailUrl":"https:\/\/erki24nd3ub.exactdn.com\/wp-content\/uploads\/dream\/img\/img_143208_1c9e43b5b12c1b68486b822f580d1513_1.png?strip=all","datePublished":"2025-09-30T20:44:11+00:00","dateModified":"2026-05-13T16:25:56+00:00","breadcrumb":{"@id":"https:\/\/lovme.pt\/index.php\/produto\/intense-vibrador-luigi-coelho-silicone-liquido-roxo\/#breadcrumb"},"inLanguage":"pt-PT","potentialAction":[{"@type":"ReadAction","target":["https:\/\/lovme.pt\/index.php\/produto\/intense-vibrador-luigi-coelho-silicone-liquido-roxo\/"]}]},{"@type":"ImageObject","inLanguage":"pt-PT","@id":"https:\/\/lovme.pt\/index.php\/produto\/intense-vibrador-luigi-coelho-silicone-liquido-roxo\/#primaryimage","url":"https:\/\/erki24nd3ub.exactdn.com\/wp-content\/uploads\/dream\/img\/img_143208_1c9e43b5b12c1b68486b822f580d1513_1.png?strip=all","contentUrl":"https:\/\/erki24nd3ub.exactdn.com\/wp-content\/uploads\/dream\/img\/img_143208_1c9e43b5b12c1b68486b822f580d1513_1.png?strip=all","width":800,"height":800},{"@type":"BreadcrumbList","@id":"https:\/\/lovme.pt\/index.php\/produto\/intense-vibrador-luigi-coelho-silicone-liquido-roxo\/#breadcrumb","itemListElement":[{"@type":"ListItem","position":1,"name":"In\u00edcio","item":"https:\/\/lovme.pt\/"},{"@type":"ListItem","position":2,"name":"Loja","item":"https:\/\/lovme.pt\/index.php\/loja\/"},{"@type":"ListItem","position":3,"name":"INTENSE &#8211; VIBRADOR LUIGI COELHO SILICONE L\u00cdQUIDO ROXO"}]},{"@type":"WebSite","@id":"https:\/\/lovme.pt\/#website","url":"https:\/\/lovme.pt\/","name":"Lovme Loja Er\u00f3tica N\u00ba1 em Portugal","description":"A melhor loja er\u00f3tica de Portugal.","alternateName":"Loja Er\u00f3tica Lovme","potentialAction":[{"@type":"SearchAction","target":{"@type":"EntryPoint","urlTemplate":"https:\/\/lovme.pt\/?s={search_term_string}"},"query-input":{"@type":"PropertyValueSpecification","valueRequired":true,"valueName":"search_term_string"}}],"inLanguage":"pt-PT"}]}},"_links":{"self":[{"href":"https:\/\/lovme.pt\/index.php\/wp-json\/wp\/v2\/product\/43275","targetHints":{"allow":["GET"]}}],"collection":[{"href":"https:\/\/lovme.pt\/index.php\/wp-json\/wp\/v2\/product"}],"about":[{"href":"https:\/\/lovme.pt\/index.php\/wp-json\/wp\/v2\/types\/product"}],"wp:featuredmedia":[{"embeddable":true,"href":"https:\/\/lovme.pt\/index.php\/wp-json\/wp\/v2\/media\/72097"}],"wp:attachment":[{"href":"https:\/\/lovme.pt\/index.php\/wp-json\/wp\/v2\/media?parent=43275"}],"wp:term":[{"taxonomy":"product_brand","embeddable":true,"href":"https:\/\/lovme.pt\/index.php\/wp-json\/wp\/v2\/product_brand?post=43275"},{"taxonomy":"product_cat","embeddable":true,"href":"https:\/\/lovme.pt\/index.php\/wp-json\/wp\/v2\/product_cat?post=43275"},{"taxonomy":"product_tag","embeddable":true,"href":"https:\/\/lovme.pt\/index.php\/wp-json\/wp\/v2\/product_tag?post=43275"}],"curies":[{"name":"wp","href":"https:\/\/api.w.org\/{rel}","templated":true}]}}