{"id":43273,"date":"2025-09-30T20:44:08","date_gmt":"2025-09-30T20:44:08","guid":{"rendered":"https:\/\/lovme.pt\/?post_type=product&p=43273"},"modified":"2026-02-19T20:08:48","modified_gmt":"2026-02-19T20:08:48","slug":"intense-vibrador-flexivel-harry-com-lingua-roxa","status":"publish","type":"product","link":"https:\/\/lovme.pt\/index.php\/produto\/intense-vibrador-flexivel-harry-com-lingua-roxa\/","title":{"rendered":"INTENSE &#8211; VIBRADOR FLEX\u00cdVEL HARRY COM L\u00cdNGUA ROXA"},"content":{"rendered":"<p>Deixe o Intense\u2122 Harry dan\u00e7ar em torno de \u00e1reas sens\u00edveis, enquanto as vibra\u00e7\u00f5es da haste de silicone sedosa levam voc\u00ea ao \u00eaxtase. Perfeito para mergulhar nas partes que mais valoriza do seu corpo e para despertar as suas zonas er\u00f3genas.<\/p>\n<p>Intense\u2122 Harry &#8211; com estimula\u00e7\u00e3o intensa que cuida de sensa\u00e7\u00f5es de prazer nunca antes sentidas<\/p>\n<p>A tecnologia Silicon-Flex-Silicone Flex torna o cabo macio, suave e extremamente flex\u00edvel<\/p>\n<p>Vibra\u00e7\u00e3o &#8211; Padr\u00f5es de vibra\u00e7\u00e3o poderosos proporcionam estimula\u00e7\u00e3o clitoriana intensa<\/p>\n<ul>\n<li>10 anos de garantia<\/li>\n<li>L\u00e2mina vibrat\u00f3ria de prazer clitoriano<\/li>\n<li>Vibra\u00e7\u00e3o profunda super intensa<\/li>\n<li>modo sussurro<\/li>\n<li>IPX6 \u00e0 prova d\u00e1gua<\/li>\n<li>Embaixo da agua<\/li>\n<li>F\u00e1cil de limpar<\/li>\n<li>Bateria de \u00edon de l\u00edtio<\/li>\n<li>Cabo de carregamento USB magn\u00e9tico<\/li>\n<li>20 programas de vibra\u00e7\u00e3o<\/li>\n<\/ul>\n<p>Estimula\u00e7\u00e3o clitoriana com o Intense\u2122 Harry<\/p>\n<p>Intense\u2122 Harry impressiona com seu impressionante estimulador, que lembra p\u00e9talas rom\u00e2nticas e envolve habilmente o clit\u00f3ris com vibra\u00e7\u00f5es vibrantes. Com uma variedade de 20 programas de vibra\u00e7\u00e3o, o vibrador \u00e9 realmente potente e estimula voc\u00ea com vibra\u00e7\u00f5es que v\u00e3o das mais suaves \u00e0s mais intensas.<\/p>\n<p>Porque o Intense\u2122 Harry \u00e9 feito de silicone de alta qualidade, \u00e9 particularmente flex\u00edvel durante o uso e adapta-se perfeitamente aos contornos do corpo. Gra\u00e7as \u00e0 tecnologia de silicone Flex, permite que as vibra\u00e7\u00f5es sejam transmitidas \u00e0s zonas mais quentes com uma intensidade especial. Para poder desfrutar ao m\u00e1ximo, recomendamos a utiliza\u00e7\u00e3o adicional de lubrificantes, como o lubrificante Waterfeel, Aqua, Bioaqua ou Black Hole, dispon\u00edveis nas vers\u00f5es cl\u00e1ssica, sedosa e com efeito t\u00e9rmico.<\/p>\n<p>Que outras vantagens o vibrador tem?<\/p>\n<p>Gra\u00e7as ao seu formato e ergonomia, estimula intensamente o ponto G. Seu acabamento \u00e0 prova d\u00e1gua (IPX6), Intense\u2122 Harry vai agradar tanto no chuveiro quanto na banheira e tamb\u00e9m \u00e9 f\u00e1cil de limpar. Para uma desinfec\u00e7\u00e3o completa antes e depois de cada utiliza\u00e7\u00e3o, utilize o Spray Desinfectante Waterfeel, para que possa desfrutar do seu novo companheiro por muito tempo. Se voc\u00ea ficar sem f\u00f4lego, as baterias integradas podem ser recarregadas usando o cabo de carregamento USB inclu\u00eddo.<\/p>\n","protected":false},"excerpt":{"rendered":"<p>INTENSE &#8211; VIBRADOR FLEX\u00cdVEL HARRY COM L\u00cdNGUA ROXA<\/p>\n","protected":false},"featured_media":72087,"template":"","meta":{"_acf_changed":false},"product_brand":[],"product_cat":[17,61,76],"product_tag":[],"class_list":{"0":"post-43273","1":"product","2":"type-product","3":"status-publish","4":"has-post-thumbnail","6":"product_cat-brinquedos-de-bem-estar-sexual","7":"product_cat-para-elas","8":"product_cat-vibradores","9":"yith_product_brand-intense","10":"yith_product_brand-intenseintense-toysintense-fun","11":"yith_product_brand-intenseintense-toys","13":"first","14":"instock","15":"taxable","16":"shipping-taxable","17":"purchasable","18":"product-type-simple"},"acf":[],"yoast_head":"<!-- This site is optimized with the Yoast SEO plugin v27.4 - https:\/\/yoast.com\/product\/yoast-seo-wordpress\/ -->\n<title>INTENSE - VIBRADOR FLEX\u00cdVEL HARRY COM L\u00cdNGUA ROXA - Lovme<\/title>\n<meta name=\"robots\" content=\"index, follow, max-snippet:-1, max-image-preview:large, max-video-preview:-1\" \/>\n<link rel=\"canonical\" href=\"https:\/\/lovme.pt\/index.php\/produto\/intense-vibrador-flexivel-harry-com-lingua-roxa\/\" \/>\n<meta property=\"og:locale\" content=\"pt_PT\" \/>\n<meta property=\"og:type\" content=\"article\" \/>\n<meta property=\"og:title\" content=\"INTENSE - VIBRADOR FLEX\u00cdVEL HARRY COM L\u00cdNGUA ROXA - Lovme\" \/>\n<meta property=\"og:description\" content=\"INTENSE - VIBRADOR FLEX\u00cdVEL HARRY COM L\u00cdNGUA ROXA\" \/>\n<meta property=\"og:url\" content=\"https:\/\/lovme.pt\/index.php\/produto\/intense-vibrador-flexivel-harry-com-lingua-roxa\/\" \/>\n<meta property=\"og:site_name\" content=\"Lovme\" \/>\n<meta property=\"article:modified_time\" content=\"2026-02-19T20:08:48+00:00\" \/>\n<meta property=\"og:image\" content=\"https:\/\/erki24nd3ub.exactdn.com\/wp-content\/uploads\/dream\/img\/img_143199_6683da950e85c5b66d56e168b700cf45_1.png?strip=all\" \/>\n\t<meta property=\"og:image:width\" content=\"800\" \/>\n\t<meta property=\"og:image:height\" content=\"800\" \/>\n\t<meta property=\"og:image:type\" content=\"image\/png\" \/>\n<meta name=\"twitter:card\" content=\"summary_large_image\" \/>\n<meta name=\"twitter:label1\" content=\"Tempo estimado de leitura\" \/>\n\t<meta name=\"twitter:data1\" content=\"2 minutos\" \/>\n<script type=\"application\/ld+json\" class=\"yoast-schema-graph\">{\"@context\":\"https:\\\/\\\/schema.org\",\"@graph\":[{\"@type\":\"WebPage\",\"@id\":\"https:\\\/\\\/lovme.pt\\\/index.php\\\/produto\\\/intense-vibrador-flexivel-harry-com-lingua-roxa\\\/\",\"url\":\"https:\\\/\\\/lovme.pt\\\/index.php\\\/produto\\\/intense-vibrador-flexivel-harry-com-lingua-roxa\\\/\",\"name\":\"INTENSE - VIBRADOR FLEX\u00cdVEL HARRY COM L\u00cdNGUA ROXA - Lovme\",\"isPartOf\":{\"@id\":\"https:\\\/\\\/lovme.pt\\\/#website\"},\"primaryImageOfPage\":{\"@id\":\"https:\\\/\\\/lovme.pt\\\/index.php\\\/produto\\\/intense-vibrador-flexivel-harry-com-lingua-roxa\\\/#primaryimage\"},\"image\":{\"@id\":\"https:\\\/\\\/lovme.pt\\\/index.php\\\/produto\\\/intense-vibrador-flexivel-harry-com-lingua-roxa\\\/#primaryimage\"},\"thumbnailUrl\":\"https:\\\/\\\/erki24nd3ub.exactdn.com\\\/wp-content\\\/uploads\\\/dream\\\/img\\\/img_143199_6683da950e85c5b66d56e168b700cf45_1.png?strip=all\",\"datePublished\":\"2025-09-30T20:44:08+00:00\",\"dateModified\":\"2026-02-19T20:08:48+00:00\",\"breadcrumb\":{\"@id\":\"https:\\\/\\\/lovme.pt\\\/index.php\\\/produto\\\/intense-vibrador-flexivel-harry-com-lingua-roxa\\\/#breadcrumb\"},\"inLanguage\":\"pt-PT\",\"potentialAction\":[{\"@type\":\"ReadAction\",\"target\":[\"https:\\\/\\\/lovme.pt\\\/index.php\\\/produto\\\/intense-vibrador-flexivel-harry-com-lingua-roxa\\\/\"]}]},{\"@type\":\"ImageObject\",\"inLanguage\":\"pt-PT\",\"@id\":\"https:\\\/\\\/lovme.pt\\\/index.php\\\/produto\\\/intense-vibrador-flexivel-harry-com-lingua-roxa\\\/#primaryimage\",\"url\":\"https:\\\/\\\/erki24nd3ub.exactdn.com\\\/wp-content\\\/uploads\\\/dream\\\/img\\\/img_143199_6683da950e85c5b66d56e168b700cf45_1.png?strip=all\",\"contentUrl\":\"https:\\\/\\\/erki24nd3ub.exactdn.com\\\/wp-content\\\/uploads\\\/dream\\\/img\\\/img_143199_6683da950e85c5b66d56e168b700cf45_1.png?strip=all\",\"width\":800,\"height\":800},{\"@type\":\"BreadcrumbList\",\"@id\":\"https:\\\/\\\/lovme.pt\\\/index.php\\\/produto\\\/intense-vibrador-flexivel-harry-com-lingua-roxa\\\/#breadcrumb\",\"itemListElement\":[{\"@type\":\"ListItem\",\"position\":1,\"name\":\"In\u00edcio\",\"item\":\"https:\\\/\\\/lovme.pt\\\/\"},{\"@type\":\"ListItem\",\"position\":2,\"name\":\"Loja\",\"item\":\"https:\\\/\\\/lovme.pt\\\/index.php\\\/loja\\\/\"},{\"@type\":\"ListItem\",\"position\":3,\"name\":\"INTENSE &#8211; VIBRADOR FLEX\u00cdVEL HARRY COM L\u00cdNGUA ROXA\"}]},{\"@type\":\"WebSite\",\"@id\":\"https:\\\/\\\/lovme.pt\\\/#website\",\"url\":\"https:\\\/\\\/lovme.pt\\\/\",\"name\":\"Lovme Loja Er\u00f3tica N\u00ba1 em Portugal\",\"description\":\"A melhor loja er\u00f3tica de Portugal.\",\"alternateName\":\"Loja Er\u00f3tica Lovme\",\"potentialAction\":[{\"@type\":\"SearchAction\",\"target\":{\"@type\":\"EntryPoint\",\"urlTemplate\":\"https:\\\/\\\/lovme.pt\\\/?s={search_term_string}\"},\"query-input\":{\"@type\":\"PropertyValueSpecification\",\"valueRequired\":true,\"valueName\":\"search_term_string\"}}],\"inLanguage\":\"pt-PT\"}]}<\/script>\n<!-- \/ Yoast SEO plugin. -->","yoast_head_json":{"title":"INTENSE - VIBRADOR FLEX\u00cdVEL HARRY COM L\u00cdNGUA ROXA - Lovme","robots":{"index":"index","follow":"follow","max-snippet":"max-snippet:-1","max-image-preview":"max-image-preview:large","max-video-preview":"max-video-preview:-1"},"canonical":"https:\/\/lovme.pt\/index.php\/produto\/intense-vibrador-flexivel-harry-com-lingua-roxa\/","og_locale":"pt_PT","og_type":"article","og_title":"INTENSE - VIBRADOR FLEX\u00cdVEL HARRY COM L\u00cdNGUA ROXA - Lovme","og_description":"INTENSE - VIBRADOR FLEX\u00cdVEL HARRY COM L\u00cdNGUA ROXA","og_url":"https:\/\/lovme.pt\/index.php\/produto\/intense-vibrador-flexivel-harry-com-lingua-roxa\/","og_site_name":"Lovme","article_modified_time":"2026-02-19T20:08:48+00:00","og_image":[{"width":800,"height":800,"url":"https:\/\/erki24nd3ub.exactdn.com\/wp-content\/uploads\/dream\/img\/img_143199_6683da950e85c5b66d56e168b700cf45_1.png?strip=all","type":"image\/png"}],"twitter_card":"summary_large_image","twitter_misc":{"Tempo estimado de leitura":"2 minutos"},"schema":{"@context":"https:\/\/schema.org","@graph":[{"@type":"WebPage","@id":"https:\/\/lovme.pt\/index.php\/produto\/intense-vibrador-flexivel-harry-com-lingua-roxa\/","url":"https:\/\/lovme.pt\/index.php\/produto\/intense-vibrador-flexivel-harry-com-lingua-roxa\/","name":"INTENSE - VIBRADOR FLEX\u00cdVEL HARRY COM L\u00cdNGUA ROXA - Lovme","isPartOf":{"@id":"https:\/\/lovme.pt\/#website"},"primaryImageOfPage":{"@id":"https:\/\/lovme.pt\/index.php\/produto\/intense-vibrador-flexivel-harry-com-lingua-roxa\/#primaryimage"},"image":{"@id":"https:\/\/lovme.pt\/index.php\/produto\/intense-vibrador-flexivel-harry-com-lingua-roxa\/#primaryimage"},"thumbnailUrl":"https:\/\/erki24nd3ub.exactdn.com\/wp-content\/uploads\/dream\/img\/img_143199_6683da950e85c5b66d56e168b700cf45_1.png?strip=all","datePublished":"2025-09-30T20:44:08+00:00","dateModified":"2026-02-19T20:08:48+00:00","breadcrumb":{"@id":"https:\/\/lovme.pt\/index.php\/produto\/intense-vibrador-flexivel-harry-com-lingua-roxa\/#breadcrumb"},"inLanguage":"pt-PT","potentialAction":[{"@type":"ReadAction","target":["https:\/\/lovme.pt\/index.php\/produto\/intense-vibrador-flexivel-harry-com-lingua-roxa\/"]}]},{"@type":"ImageObject","inLanguage":"pt-PT","@id":"https:\/\/lovme.pt\/index.php\/produto\/intense-vibrador-flexivel-harry-com-lingua-roxa\/#primaryimage","url":"https:\/\/erki24nd3ub.exactdn.com\/wp-content\/uploads\/dream\/img\/img_143199_6683da950e85c5b66d56e168b700cf45_1.png?strip=all","contentUrl":"https:\/\/erki24nd3ub.exactdn.com\/wp-content\/uploads\/dream\/img\/img_143199_6683da950e85c5b66d56e168b700cf45_1.png?strip=all","width":800,"height":800},{"@type":"BreadcrumbList","@id":"https:\/\/lovme.pt\/index.php\/produto\/intense-vibrador-flexivel-harry-com-lingua-roxa\/#breadcrumb","itemListElement":[{"@type":"ListItem","position":1,"name":"In\u00edcio","item":"https:\/\/lovme.pt\/"},{"@type":"ListItem","position":2,"name":"Loja","item":"https:\/\/lovme.pt\/index.php\/loja\/"},{"@type":"ListItem","position":3,"name":"INTENSE &#8211; VIBRADOR FLEX\u00cdVEL HARRY COM L\u00cdNGUA ROXA"}]},{"@type":"WebSite","@id":"https:\/\/lovme.pt\/#website","url":"https:\/\/lovme.pt\/","name":"Lovme Loja Er\u00f3tica N\u00ba1 em Portugal","description":"A melhor loja er\u00f3tica de Portugal.","alternateName":"Loja Er\u00f3tica Lovme","potentialAction":[{"@type":"SearchAction","target":{"@type":"EntryPoint","urlTemplate":"https:\/\/lovme.pt\/?s={search_term_string}"},"query-input":{"@type":"PropertyValueSpecification","valueRequired":true,"valueName":"search_term_string"}}],"inLanguage":"pt-PT"}]}},"_links":{"self":[{"href":"https:\/\/lovme.pt\/index.php\/wp-json\/wp\/v2\/product\/43273","targetHints":{"allow":["GET"]}}],"collection":[{"href":"https:\/\/lovme.pt\/index.php\/wp-json\/wp\/v2\/product"}],"about":[{"href":"https:\/\/lovme.pt\/index.php\/wp-json\/wp\/v2\/types\/product"}],"wp:featuredmedia":[{"embeddable":true,"href":"https:\/\/lovme.pt\/index.php\/wp-json\/wp\/v2\/media\/72087"}],"wp:attachment":[{"href":"https:\/\/lovme.pt\/index.php\/wp-json\/wp\/v2\/media?parent=43273"}],"wp:term":[{"taxonomy":"product_brand","embeddable":true,"href":"https:\/\/lovme.pt\/index.php\/wp-json\/wp\/v2\/product_brand?post=43273"},{"taxonomy":"product_cat","embeddable":true,"href":"https:\/\/lovme.pt\/index.php\/wp-json\/wp\/v2\/product_cat?post=43273"},{"taxonomy":"product_tag","embeddable":true,"href":"https:\/\/lovme.pt\/index.php\/wp-json\/wp\/v2\/product_tag?post=43273"}],"curies":[{"name":"wp","href":"https:\/\/api.w.org\/{rel}","templated":true}]}}