{"id":42820,"date":"2025-09-30T20:43:55","date_gmt":"2025-09-30T20:43:55","guid":{"rendered":"https:\/\/lovme.pt\/?post_type=product&p=42820"},"modified":"2026-04-01T03:44:58","modified_gmt":"2026-04-01T03:44:58","slug":"zalo-bess-2-clitoral-massager-purple","status":"publish","type":"product","link":"https:\/\/lovme.pt\/index.php\/produto\/zalo-bess-2-clitoral-massager-purple\/","title":{"rendered":"ZALO &#8211; BESS 2 CLITORAL MASSAGER PURPLE"},"content":{"rendered":"<p>Bess ficou ainda melhor! Com acess\u00f3rio de contas anais e fun\u00e7\u00e3o de aquecimento, leve o autocuidado sensual para o pr\u00f3ximo n\u00edvel. O Bess 2 vem com v\u00e1rios acess\u00f3rios de cabe\u00e7a para um prazer personalizado, quer voc\u00ea esteja procurando estimula\u00e7\u00e3o localizada ou direcionamento do ponto g, ou em qualquer lugar internamente.<\/p>\n<p>Bess oferece a estimula\u00e7\u00e3o mais direcionada gra\u00e7as \u00e0 sua inovadora tecnologia DirectPower. Aproveitar suas poderosas vibra\u00e7\u00f5es em seu design preciso permite que os usu\u00e1rios se concentrem em zonas er\u00f3genas sens\u00edveis. Com rota\u00e7\u00f5es do motor de at\u00e9 10.000 vezes por minuto, Bess oferece resultados org\u00e1sticos.<\/p>\n<p><strong>ESPECIFICA\u00c7\u00d5ES<\/strong><\/p>\n<ul>\n<li>Silicone premium seguro para o corpo<\/li>\n<li>Motores duplos de tungst\u00eanio<\/li>\n<li>4 acess\u00f3rios para estimula\u00e7\u00e3o direcionada<\/li>\n<li>8 modos de vibra\u00e7\u00e3o<\/li>\n<li>fun\u00e7\u00e3o de aquecimento<\/li>\n<li>Resistente \u00e0 \u00e1gua<\/li>\n<li>USB recarreg\u00e1vel<\/li>\n<li>Dimens\u00e3o do produto 21,9 x 3,18 cm<\/li>\n<li>Comprimento total 21,9 cm<\/li>\n<li>Vibrando Sim<\/li>\n<li>Modos de vibra\u00e7\u00e3o 8<\/li>\n<li>Resist\u00eancia \u00e0 \u00e1gua IPX4 \u00e0 prova de respingos<\/li>\n<li>Bodysafe Sim<\/li>\n<li>Material Silicone  Pl\u00e1stico ABS<\/li>\n<li>Recarreg\u00e1vel Sim<\/li>\n<li>Tempo de carregamento em minutos 120<\/li>\n<li>Tempo de opera\u00e7\u00e3o em minutos 150<\/li>\n<li>esquenta sim<\/li>\n<\/ul>\n<p>ZALO \u00e9 uma marca de produtos \u00edntimos criada para o amor e a beleza, que exibe o amor reverente pela vida e grande esp\u00edrito feminista, inicia continuamente o valor do produto e a altura da marca e cria um gosto de luxo incompar\u00e1vel com concep\u00e7\u00e3o art\u00edstica est\u00e9tica, tecnologia profunda, materiais perfeitos e excelente usu\u00e1rio experi\u00eancia.<\/p>\n","protected":false},"excerpt":{"rendered":"<p>ZALO &#8211; BESS 2 CLITORAL MASSAGER PURPLE<\/p>\n","protected":false},"featured_media":72046,"template":"","meta":{"_acf_changed":false},"product_brand":[],"product_cat":[17,61,76],"product_tag":[],"class_list":{"0":"post-42820","1":"product","2":"type-product","3":"status-publish","4":"has-post-thumbnail","6":"product_cat-brinquedos-de-bem-estar-sexual","7":"product_cat-para-elas","8":"product_cat-vibradores","9":"yith_product_brand-zalo","11":"first","12":"instock","13":"taxable","14":"shipping-taxable","15":"purchasable","16":"product-type-simple"},"acf":[],"yoast_head":"<!-- This site is optimized with the Yoast SEO plugin v27.4 - https:\/\/yoast.com\/product\/yoast-seo-wordpress\/ -->\n<title>ZALO - BESS 2 CLITORAL MASSAGER PURPLE - Lovme<\/title>\n<meta name=\"robots\" content=\"index, follow, max-snippet:-1, max-image-preview:large, max-video-preview:-1\" \/>\n<link rel=\"canonical\" href=\"https:\/\/lovme.pt\/index.php\/produto\/zalo-bess-2-clitoral-massager-purple\/\" \/>\n<meta property=\"og:locale\" content=\"pt_PT\" \/>\n<meta property=\"og:type\" content=\"article\" \/>\n<meta property=\"og:title\" content=\"ZALO - BESS 2 CLITORAL MASSAGER PURPLE - Lovme\" \/>\n<meta property=\"og:description\" content=\"ZALO - BESS 2 CLITORAL MASSAGER PURPLE\" \/>\n<meta property=\"og:url\" content=\"https:\/\/lovme.pt\/index.php\/produto\/zalo-bess-2-clitoral-massager-purple\/\" \/>\n<meta property=\"og:site_name\" content=\"Lovme\" \/>\n<meta property=\"article:modified_time\" content=\"2026-04-01T03:44:58+00:00\" \/>\n<meta property=\"og:image\" content=\"https:\/\/erki24nd3ub.exactdn.com\/wp-content\/uploads\/dream\/img\/img_141217_d62ba41d0be386db21ff2bcc5b19a5ca_1.jpg?strip=all\" \/>\n\t<meta property=\"og:image:width\" content=\"800\" \/>\n\t<meta property=\"og:image:height\" content=\"800\" \/>\n\t<meta property=\"og:image:type\" content=\"image\/jpeg\" \/>\n<meta name=\"twitter:card\" content=\"summary_large_image\" \/>\n<meta name=\"twitter:label1\" content=\"Tempo estimado de leitura\" \/>\n\t<meta name=\"twitter:data1\" content=\"1 minuto\" \/>\n<script type=\"application\/ld+json\" class=\"yoast-schema-graph\">{\"@context\":\"https:\\\/\\\/schema.org\",\"@graph\":[{\"@type\":\"WebPage\",\"@id\":\"https:\\\/\\\/lovme.pt\\\/index.php\\\/produto\\\/zalo-bess-2-clitoral-massager-purple\\\/\",\"url\":\"https:\\\/\\\/lovme.pt\\\/index.php\\\/produto\\\/zalo-bess-2-clitoral-massager-purple\\\/\",\"name\":\"ZALO - BESS 2 CLITORAL MASSAGER PURPLE - Lovme\",\"isPartOf\":{\"@id\":\"https:\\\/\\\/lovme.pt\\\/#website\"},\"primaryImageOfPage\":{\"@id\":\"https:\\\/\\\/lovme.pt\\\/index.php\\\/produto\\\/zalo-bess-2-clitoral-massager-purple\\\/#primaryimage\"},\"image\":{\"@id\":\"https:\\\/\\\/lovme.pt\\\/index.php\\\/produto\\\/zalo-bess-2-clitoral-massager-purple\\\/#primaryimage\"},\"thumbnailUrl\":\"https:\\\/\\\/erki24nd3ub.exactdn.com\\\/wp-content\\\/uploads\\\/dream\\\/img\\\/img_141217_d62ba41d0be386db21ff2bcc5b19a5ca_1.jpg?strip=all\",\"datePublished\":\"2025-09-30T20:43:55+00:00\",\"dateModified\":\"2026-04-01T03:44:58+00:00\",\"breadcrumb\":{\"@id\":\"https:\\\/\\\/lovme.pt\\\/index.php\\\/produto\\\/zalo-bess-2-clitoral-massager-purple\\\/#breadcrumb\"},\"inLanguage\":\"pt-PT\",\"potentialAction\":[{\"@type\":\"ReadAction\",\"target\":[\"https:\\\/\\\/lovme.pt\\\/index.php\\\/produto\\\/zalo-bess-2-clitoral-massager-purple\\\/\"]}]},{\"@type\":\"ImageObject\",\"inLanguage\":\"pt-PT\",\"@id\":\"https:\\\/\\\/lovme.pt\\\/index.php\\\/produto\\\/zalo-bess-2-clitoral-massager-purple\\\/#primaryimage\",\"url\":\"https:\\\/\\\/erki24nd3ub.exactdn.com\\\/wp-content\\\/uploads\\\/dream\\\/img\\\/img_141217_d62ba41d0be386db21ff2bcc5b19a5ca_1.jpg?strip=all\",\"contentUrl\":\"https:\\\/\\\/erki24nd3ub.exactdn.com\\\/wp-content\\\/uploads\\\/dream\\\/img\\\/img_141217_d62ba41d0be386db21ff2bcc5b19a5ca_1.jpg?strip=all\",\"width\":800,\"height\":800},{\"@type\":\"BreadcrumbList\",\"@id\":\"https:\\\/\\\/lovme.pt\\\/index.php\\\/produto\\\/zalo-bess-2-clitoral-massager-purple\\\/#breadcrumb\",\"itemListElement\":[{\"@type\":\"ListItem\",\"position\":1,\"name\":\"In\u00edcio\",\"item\":\"https:\\\/\\\/lovme.pt\\\/\"},{\"@type\":\"ListItem\",\"position\":2,\"name\":\"Loja\",\"item\":\"https:\\\/\\\/lovme.pt\\\/index.php\\\/loja\\\/\"},{\"@type\":\"ListItem\",\"position\":3,\"name\":\"ZALO &#8211; BESS 2 CLITORAL MASSAGER PURPLE\"}]},{\"@type\":\"WebSite\",\"@id\":\"https:\\\/\\\/lovme.pt\\\/#website\",\"url\":\"https:\\\/\\\/lovme.pt\\\/\",\"name\":\"Lovme Loja Er\u00f3tica N\u00ba1 em Portugal\",\"description\":\"A melhor loja er\u00f3tica de Portugal.\",\"alternateName\":\"Loja Er\u00f3tica Lovme\",\"potentialAction\":[{\"@type\":\"SearchAction\",\"target\":{\"@type\":\"EntryPoint\",\"urlTemplate\":\"https:\\\/\\\/lovme.pt\\\/?s={search_term_string}\"},\"query-input\":{\"@type\":\"PropertyValueSpecification\",\"valueRequired\":true,\"valueName\":\"search_term_string\"}}],\"inLanguage\":\"pt-PT\"}]}<\/script>\n<!-- \/ Yoast SEO plugin. -->","yoast_head_json":{"title":"ZALO - BESS 2 CLITORAL MASSAGER PURPLE - Lovme","robots":{"index":"index","follow":"follow","max-snippet":"max-snippet:-1","max-image-preview":"max-image-preview:large","max-video-preview":"max-video-preview:-1"},"canonical":"https:\/\/lovme.pt\/index.php\/produto\/zalo-bess-2-clitoral-massager-purple\/","og_locale":"pt_PT","og_type":"article","og_title":"ZALO - BESS 2 CLITORAL MASSAGER PURPLE - Lovme","og_description":"ZALO - BESS 2 CLITORAL MASSAGER PURPLE","og_url":"https:\/\/lovme.pt\/index.php\/produto\/zalo-bess-2-clitoral-massager-purple\/","og_site_name":"Lovme","article_modified_time":"2026-04-01T03:44:58+00:00","og_image":[{"width":800,"height":800,"url":"https:\/\/erki24nd3ub.exactdn.com\/wp-content\/uploads\/dream\/img\/img_141217_d62ba41d0be386db21ff2bcc5b19a5ca_1.jpg?strip=all","type":"image\/jpeg"}],"twitter_card":"summary_large_image","twitter_misc":{"Tempo estimado de leitura":"1 minuto"},"schema":{"@context":"https:\/\/schema.org","@graph":[{"@type":"WebPage","@id":"https:\/\/lovme.pt\/index.php\/produto\/zalo-bess-2-clitoral-massager-purple\/","url":"https:\/\/lovme.pt\/index.php\/produto\/zalo-bess-2-clitoral-massager-purple\/","name":"ZALO - BESS 2 CLITORAL MASSAGER PURPLE - Lovme","isPartOf":{"@id":"https:\/\/lovme.pt\/#website"},"primaryImageOfPage":{"@id":"https:\/\/lovme.pt\/index.php\/produto\/zalo-bess-2-clitoral-massager-purple\/#primaryimage"},"image":{"@id":"https:\/\/lovme.pt\/index.php\/produto\/zalo-bess-2-clitoral-massager-purple\/#primaryimage"},"thumbnailUrl":"https:\/\/erki24nd3ub.exactdn.com\/wp-content\/uploads\/dream\/img\/img_141217_d62ba41d0be386db21ff2bcc5b19a5ca_1.jpg?strip=all","datePublished":"2025-09-30T20:43:55+00:00","dateModified":"2026-04-01T03:44:58+00:00","breadcrumb":{"@id":"https:\/\/lovme.pt\/index.php\/produto\/zalo-bess-2-clitoral-massager-purple\/#breadcrumb"},"inLanguage":"pt-PT","potentialAction":[{"@type":"ReadAction","target":["https:\/\/lovme.pt\/index.php\/produto\/zalo-bess-2-clitoral-massager-purple\/"]}]},{"@type":"ImageObject","inLanguage":"pt-PT","@id":"https:\/\/lovme.pt\/index.php\/produto\/zalo-bess-2-clitoral-massager-purple\/#primaryimage","url":"https:\/\/erki24nd3ub.exactdn.com\/wp-content\/uploads\/dream\/img\/img_141217_d62ba41d0be386db21ff2bcc5b19a5ca_1.jpg?strip=all","contentUrl":"https:\/\/erki24nd3ub.exactdn.com\/wp-content\/uploads\/dream\/img\/img_141217_d62ba41d0be386db21ff2bcc5b19a5ca_1.jpg?strip=all","width":800,"height":800},{"@type":"BreadcrumbList","@id":"https:\/\/lovme.pt\/index.php\/produto\/zalo-bess-2-clitoral-massager-purple\/#breadcrumb","itemListElement":[{"@type":"ListItem","position":1,"name":"In\u00edcio","item":"https:\/\/lovme.pt\/"},{"@type":"ListItem","position":2,"name":"Loja","item":"https:\/\/lovme.pt\/index.php\/loja\/"},{"@type":"ListItem","position":3,"name":"ZALO &#8211; BESS 2 CLITORAL MASSAGER PURPLE"}]},{"@type":"WebSite","@id":"https:\/\/lovme.pt\/#website","url":"https:\/\/lovme.pt\/","name":"Lovme Loja Er\u00f3tica N\u00ba1 em Portugal","description":"A melhor loja er\u00f3tica de Portugal.","alternateName":"Loja Er\u00f3tica Lovme","potentialAction":[{"@type":"SearchAction","target":{"@type":"EntryPoint","urlTemplate":"https:\/\/lovme.pt\/?s={search_term_string}"},"query-input":{"@type":"PropertyValueSpecification","valueRequired":true,"valueName":"search_term_string"}}],"inLanguage":"pt-PT"}]}},"_links":{"self":[{"href":"https:\/\/lovme.pt\/index.php\/wp-json\/wp\/v2\/product\/42820","targetHints":{"allow":["GET"]}}],"collection":[{"href":"https:\/\/lovme.pt\/index.php\/wp-json\/wp\/v2\/product"}],"about":[{"href":"https:\/\/lovme.pt\/index.php\/wp-json\/wp\/v2\/types\/product"}],"wp:featuredmedia":[{"embeddable":true,"href":"https:\/\/lovme.pt\/index.php\/wp-json\/wp\/v2\/media\/72046"}],"wp:attachment":[{"href":"https:\/\/lovme.pt\/index.php\/wp-json\/wp\/v2\/media?parent=42820"}],"wp:term":[{"taxonomy":"product_brand","embeddable":true,"href":"https:\/\/lovme.pt\/index.php\/wp-json\/wp\/v2\/product_brand?post=42820"},{"taxonomy":"product_cat","embeddable":true,"href":"https:\/\/lovme.pt\/index.php\/wp-json\/wp\/v2\/product_cat?post=42820"},{"taxonomy":"product_tag","embeddable":true,"href":"https:\/\/lovme.pt\/index.php\/wp-json\/wp\/v2\/product_tag?post=42820"}],"curies":[{"name":"wp","href":"https:\/\/api.w.org\/{rel}","templated":true}]}}