{"id":42815,"date":"2025-09-30T10:11:16","date_gmt":"2025-09-30T10:11:16","guid":{"rendered":"https:\/\/lovme.pt\/?post_type=product&p=42815"},"modified":"2026-05-13T16:20:05","modified_gmt":"2026-05-13T16:20:05","slug":"zalo-anel-vibrante-para-casais-bayek-preto","status":"publish","type":"product","link":"https:\/\/lovme.pt\/index.php\/produto\/zalo-anel-vibrante-para-casais-bayek-preto\/","title":{"rendered":"ZALO &#8211; ANEL VIBRANTE PARA CASAIS BAYEK PRETO"},"content":{"rendered":"<p>BAYEK foi projetado para elevar as experi\u00eancias sexuais dos casais a propor\u00e7\u00f5es \u00e9picas dignas dos deuses do antigo Egito. O silicone elegante e macio cobre este formato ergon\u00f4mico que se ajusta confortavelmente entre dois corpos para aumentar a penetra\u00e7\u00e3o por dentro e por fora. Apresentando 8 modos poderosos de vibra\u00e7\u00e3o para estimular o clit\u00f3ris e tamb\u00e9m o ponto G, BAYEK possui um motor embutido em seu bra\u00e7o extensor que se ajusta confortavelmente ao eixo para proporcionar uma massagem interna profunda. BAYEK tamb\u00e9m possui an\u00e9is duplos que se estendem ao redor do escroto e da base do p\u00eanis para aumentar a ere\u00e7\u00e3o. Tamb\u00e9m pode ser usado ao redor dos dedos para aumentar a estimula\u00e7\u00e3o manual. Um lindo e brilhante enfeite dourado em forma de escudo adorna o exterior do dispositivo para dar um toque de estilo.<\/p>\n<\/p>\n<p> BAYEK vem com um controle remoto macio revestido de silicone que pode ser usado para operar suas m\u00faltiplas fun\u00e7\u00f5es vibrat\u00f3rias poderosas sem interromper a brincadeira dos casais, e tamb\u00e9m \u00e9 compat\u00edvel com o aplicativo ZALO Remote Pro que permite aos usu\u00e1rios personalizar as fun\u00e7\u00f5es poderosas com o toque ou toque com a ponta do dedo e controle o BAYEK de qualquer lugar do mundo via Bluetooth e Wifi.<\/p>\n<p> <strong>ESPECIFICA\u00c7\u00d5ES<\/strong><\/p>\n<ul>\n<li> Silicone premium seguro para o corpo<\/li>\n<li> Serve para todos os tamanhos<\/li>\n<li> 8 modos de vibra\u00e7\u00e3o<\/li>\n<li> Controle remoto inclu\u00eddo<\/li>\n<li> Controle remoto de aplicativo de longa dist\u00e2ncia<\/li>\n<li> Resistente \u00e0 \u00e1gua<\/li>\n<li> USB recarreg\u00e1vel<\/li>\n<li> Comprimento total 10 cm<\/li>\n<li> Comprimento inser\u00edvel 7,5 cm<\/li>\n<li> Vibrando Sim<\/li>\n<li> Modos de vibra\u00e7\u00e3o 8<\/li>\n<li> Resist\u00eancia \u00e0 \u00e1gua IPX4 \u00e0 prova de respingos<\/li>\n<li> Seguran\u00e7a corporal sim<\/li>\n<li> MaterialSilicone  Pl\u00e1stico ABS<\/li>\n<li> Recarreg\u00e1vel Sim<\/li>\n<li> Baterias 23A 12V<\/li>\n<li> Baterias inclu\u00eddas Sim<\/li>\n<li> Tempo de carregamento em minutos 120<\/li>\n<li> Tempo de opera\u00e7\u00e3o em minutos 60<\/li>\n<li> Controle remoto Sim<\/li>\n<li> Conecta-se com smartphone Sim<\/li>\n<\/ul>\n<p> ZALO \u00e9 uma marca de produtos \u00edntimos criada para o amor e a beleza, que demonstra o amor reverente \u00e0 vida e o grande esp\u00edrito feminista, inicia continuamente o valor do produto e a altura da marca e cria um gosto incomparavelmente luxuoso com concep\u00e7\u00e3o art\u00edstica est\u00e9tica, tecnologia profunda, materiais perfeitos e excelente usu\u00e1rio experi\u00eancia.<\/p>\n","protected":false},"excerpt":{"rendered":"<p>ZALO &#8211; ANEL VIBRANTE PARA CASAIS BAYEK PRETO<\/p>\n","protected":false},"featured_media":63738,"template":"","meta":{"_acf_changed":false},"product_brand":[],"product_cat":[17,59,60],"product_tag":[],"class_list":{"0":"post-42815","1":"product","2":"type-product","3":"status-publish","4":"has-post-thumbnail","6":"product_cat-brinquedos-de-bem-estar-sexual","7":"product_cat-para-casais","8":"product_cat-para-eles","9":"yith_product_brand-zalo","11":"first","12":"instock","13":"taxable","14":"shipping-taxable","15":"purchasable","16":"product-type-simple"},"acf":[],"yoast_head":"<!-- This site is optimized with the Yoast SEO plugin v27.4 - https:\/\/yoast.com\/product\/yoast-seo-wordpress\/ -->\n<title>ZALO - ANEL VIBRANTE PARA CASAIS BAYEK PRETO - Lovme<\/title>\n<meta name=\"robots\" content=\"index, follow, max-snippet:-1, max-image-preview:large, max-video-preview:-1\" \/>\n<link rel=\"canonical\" href=\"https:\/\/lovme.pt\/index.php\/produto\/zalo-anel-vibrante-para-casais-bayek-preto\/\" \/>\n<meta property=\"og:locale\" content=\"pt_PT\" \/>\n<meta property=\"og:type\" content=\"article\" \/>\n<meta property=\"og:title\" content=\"ZALO - ANEL VIBRANTE PARA CASAIS BAYEK PRETO - Lovme\" \/>\n<meta property=\"og:description\" content=\"ZALO - ANEL VIBRANTE PARA CASAIS BAYEK PRETO\" \/>\n<meta property=\"og:url\" content=\"https:\/\/lovme.pt\/index.php\/produto\/zalo-anel-vibrante-para-casais-bayek-preto\/\" \/>\n<meta property=\"og:site_name\" content=\"Lovme\" \/>\n<meta property=\"article:modified_time\" content=\"2026-05-13T16:20:05+00:00\" \/>\n<meta property=\"og:image\" content=\"https:\/\/erki24nd3ub.exactdn.com\/wp-content\/uploads\/dream\/img\/img_141123_df30e7265da3925b18a39499c43fdd7b_1.jpg?strip=all\" \/>\n\t<meta property=\"og:image:width\" content=\"800\" \/>\n\t<meta property=\"og:image:height\" content=\"800\" \/>\n\t<meta property=\"og:image:type\" content=\"image\/jpeg\" \/>\n<meta name=\"twitter:card\" content=\"summary_large_image\" \/>\n<meta name=\"twitter:label1\" content=\"Tempo estimado de leitura\" \/>\n\t<meta name=\"twitter:data1\" content=\"2 minutos\" \/>\n<script type=\"application\/ld+json\" class=\"yoast-schema-graph\">{\"@context\":\"https:\\\/\\\/schema.org\",\"@graph\":[{\"@type\":\"WebPage\",\"@id\":\"https:\\\/\\\/lovme.pt\\\/index.php\\\/produto\\\/zalo-anel-vibrante-para-casais-bayek-preto\\\/\",\"url\":\"https:\\\/\\\/lovme.pt\\\/index.php\\\/produto\\\/zalo-anel-vibrante-para-casais-bayek-preto\\\/\",\"name\":\"ZALO - ANEL VIBRANTE PARA CASAIS BAYEK PRETO - Lovme\",\"isPartOf\":{\"@id\":\"https:\\\/\\\/lovme.pt\\\/#website\"},\"primaryImageOfPage\":{\"@id\":\"https:\\\/\\\/lovme.pt\\\/index.php\\\/produto\\\/zalo-anel-vibrante-para-casais-bayek-preto\\\/#primaryimage\"},\"image\":{\"@id\":\"https:\\\/\\\/lovme.pt\\\/index.php\\\/produto\\\/zalo-anel-vibrante-para-casais-bayek-preto\\\/#primaryimage\"},\"thumbnailUrl\":\"https:\\\/\\\/erki24nd3ub.exactdn.com\\\/wp-content\\\/uploads\\\/dream\\\/img\\\/img_141123_df30e7265da3925b18a39499c43fdd7b_1.jpg?strip=all\",\"datePublished\":\"2025-09-30T10:11:16+00:00\",\"dateModified\":\"2026-05-13T16:20:05+00:00\",\"breadcrumb\":{\"@id\":\"https:\\\/\\\/lovme.pt\\\/index.php\\\/produto\\\/zalo-anel-vibrante-para-casais-bayek-preto\\\/#breadcrumb\"},\"inLanguage\":\"pt-PT\",\"potentialAction\":[{\"@type\":\"ReadAction\",\"target\":[\"https:\\\/\\\/lovme.pt\\\/index.php\\\/produto\\\/zalo-anel-vibrante-para-casais-bayek-preto\\\/\"]}]},{\"@type\":\"ImageObject\",\"inLanguage\":\"pt-PT\",\"@id\":\"https:\\\/\\\/lovme.pt\\\/index.php\\\/produto\\\/zalo-anel-vibrante-para-casais-bayek-preto\\\/#primaryimage\",\"url\":\"https:\\\/\\\/erki24nd3ub.exactdn.com\\\/wp-content\\\/uploads\\\/dream\\\/img\\\/img_141123_df30e7265da3925b18a39499c43fdd7b_1.jpg?strip=all\",\"contentUrl\":\"https:\\\/\\\/erki24nd3ub.exactdn.com\\\/wp-content\\\/uploads\\\/dream\\\/img\\\/img_141123_df30e7265da3925b18a39499c43fdd7b_1.jpg?strip=all\",\"width\":800,\"height\":800},{\"@type\":\"BreadcrumbList\",\"@id\":\"https:\\\/\\\/lovme.pt\\\/index.php\\\/produto\\\/zalo-anel-vibrante-para-casais-bayek-preto\\\/#breadcrumb\",\"itemListElement\":[{\"@type\":\"ListItem\",\"position\":1,\"name\":\"In\u00edcio\",\"item\":\"https:\\\/\\\/lovme.pt\\\/\"},{\"@type\":\"ListItem\",\"position\":2,\"name\":\"Loja\",\"item\":\"https:\\\/\\\/lovme.pt\\\/index.php\\\/loja\\\/\"},{\"@type\":\"ListItem\",\"position\":3,\"name\":\"ZALO &#8211; ANEL VIBRANTE PARA CASAIS BAYEK PRETO\"}]},{\"@type\":\"WebSite\",\"@id\":\"https:\\\/\\\/lovme.pt\\\/#website\",\"url\":\"https:\\\/\\\/lovme.pt\\\/\",\"name\":\"Lovme Loja Er\u00f3tica N\u00ba1 em Portugal\",\"description\":\"A melhor loja er\u00f3tica de Portugal.\",\"alternateName\":\"Loja Er\u00f3tica Lovme\",\"potentialAction\":[{\"@type\":\"SearchAction\",\"target\":{\"@type\":\"EntryPoint\",\"urlTemplate\":\"https:\\\/\\\/lovme.pt\\\/?s={search_term_string}\"},\"query-input\":{\"@type\":\"PropertyValueSpecification\",\"valueRequired\":true,\"valueName\":\"search_term_string\"}}],\"inLanguage\":\"pt-PT\"}]}<\/script>\n<!-- \/ Yoast SEO plugin. -->","yoast_head_json":{"title":"ZALO - ANEL VIBRANTE PARA CASAIS BAYEK PRETO - Lovme","robots":{"index":"index","follow":"follow","max-snippet":"max-snippet:-1","max-image-preview":"max-image-preview:large","max-video-preview":"max-video-preview:-1"},"canonical":"https:\/\/lovme.pt\/index.php\/produto\/zalo-anel-vibrante-para-casais-bayek-preto\/","og_locale":"pt_PT","og_type":"article","og_title":"ZALO - ANEL VIBRANTE PARA CASAIS BAYEK PRETO - Lovme","og_description":"ZALO - ANEL VIBRANTE PARA CASAIS BAYEK PRETO","og_url":"https:\/\/lovme.pt\/index.php\/produto\/zalo-anel-vibrante-para-casais-bayek-preto\/","og_site_name":"Lovme","article_modified_time":"2026-05-13T16:20:05+00:00","og_image":[{"width":800,"height":800,"url":"https:\/\/erki24nd3ub.exactdn.com\/wp-content\/uploads\/dream\/img\/img_141123_df30e7265da3925b18a39499c43fdd7b_1.jpg?strip=all","type":"image\/jpeg"}],"twitter_card":"summary_large_image","twitter_misc":{"Tempo estimado de leitura":"2 minutos"},"schema":{"@context":"https:\/\/schema.org","@graph":[{"@type":"WebPage","@id":"https:\/\/lovme.pt\/index.php\/produto\/zalo-anel-vibrante-para-casais-bayek-preto\/","url":"https:\/\/lovme.pt\/index.php\/produto\/zalo-anel-vibrante-para-casais-bayek-preto\/","name":"ZALO - ANEL VIBRANTE PARA CASAIS BAYEK PRETO - Lovme","isPartOf":{"@id":"https:\/\/lovme.pt\/#website"},"primaryImageOfPage":{"@id":"https:\/\/lovme.pt\/index.php\/produto\/zalo-anel-vibrante-para-casais-bayek-preto\/#primaryimage"},"image":{"@id":"https:\/\/lovme.pt\/index.php\/produto\/zalo-anel-vibrante-para-casais-bayek-preto\/#primaryimage"},"thumbnailUrl":"https:\/\/erki24nd3ub.exactdn.com\/wp-content\/uploads\/dream\/img\/img_141123_df30e7265da3925b18a39499c43fdd7b_1.jpg?strip=all","datePublished":"2025-09-30T10:11:16+00:00","dateModified":"2026-05-13T16:20:05+00:00","breadcrumb":{"@id":"https:\/\/lovme.pt\/index.php\/produto\/zalo-anel-vibrante-para-casais-bayek-preto\/#breadcrumb"},"inLanguage":"pt-PT","potentialAction":[{"@type":"ReadAction","target":["https:\/\/lovme.pt\/index.php\/produto\/zalo-anel-vibrante-para-casais-bayek-preto\/"]}]},{"@type":"ImageObject","inLanguage":"pt-PT","@id":"https:\/\/lovme.pt\/index.php\/produto\/zalo-anel-vibrante-para-casais-bayek-preto\/#primaryimage","url":"https:\/\/erki24nd3ub.exactdn.com\/wp-content\/uploads\/dream\/img\/img_141123_df30e7265da3925b18a39499c43fdd7b_1.jpg?strip=all","contentUrl":"https:\/\/erki24nd3ub.exactdn.com\/wp-content\/uploads\/dream\/img\/img_141123_df30e7265da3925b18a39499c43fdd7b_1.jpg?strip=all","width":800,"height":800},{"@type":"BreadcrumbList","@id":"https:\/\/lovme.pt\/index.php\/produto\/zalo-anel-vibrante-para-casais-bayek-preto\/#breadcrumb","itemListElement":[{"@type":"ListItem","position":1,"name":"In\u00edcio","item":"https:\/\/lovme.pt\/"},{"@type":"ListItem","position":2,"name":"Loja","item":"https:\/\/lovme.pt\/index.php\/loja\/"},{"@type":"ListItem","position":3,"name":"ZALO &#8211; ANEL VIBRANTE PARA CASAIS BAYEK PRETO"}]},{"@type":"WebSite","@id":"https:\/\/lovme.pt\/#website","url":"https:\/\/lovme.pt\/","name":"Lovme Loja Er\u00f3tica N\u00ba1 em Portugal","description":"A melhor loja er\u00f3tica de Portugal.","alternateName":"Loja Er\u00f3tica Lovme","potentialAction":[{"@type":"SearchAction","target":{"@type":"EntryPoint","urlTemplate":"https:\/\/lovme.pt\/?s={search_term_string}"},"query-input":{"@type":"PropertyValueSpecification","valueRequired":true,"valueName":"search_term_string"}}],"inLanguage":"pt-PT"}]}},"_links":{"self":[{"href":"https:\/\/lovme.pt\/index.php\/wp-json\/wp\/v2\/product\/42815","targetHints":{"allow":["GET"]}}],"collection":[{"href":"https:\/\/lovme.pt\/index.php\/wp-json\/wp\/v2\/product"}],"about":[{"href":"https:\/\/lovme.pt\/index.php\/wp-json\/wp\/v2\/types\/product"}],"wp:featuredmedia":[{"embeddable":true,"href":"https:\/\/lovme.pt\/index.php\/wp-json\/wp\/v2\/media\/63738"}],"wp:attachment":[{"href":"https:\/\/lovme.pt\/index.php\/wp-json\/wp\/v2\/media?parent=42815"}],"wp:term":[{"taxonomy":"product_brand","embeddable":true,"href":"https:\/\/lovme.pt\/index.php\/wp-json\/wp\/v2\/product_brand?post=42815"},{"taxonomy":"product_cat","embeddable":true,"href":"https:\/\/lovme.pt\/index.php\/wp-json\/wp\/v2\/product_cat?post=42815"},{"taxonomy":"product_tag","embeddable":true,"href":"https:\/\/lovme.pt\/index.php\/wp-json\/wp\/v2\/product_tag?post=42815"}],"curies":[{"name":"wp","href":"https:\/\/api.w.org\/{rel}","templated":true}]}}