{"id":42809,"date":"2025-09-30T09:39:38","date_gmt":"2025-09-30T09:39:38","guid":{"rendered":"https:\/\/lovme.pt\/?post_type=product&p=42809"},"modified":"2026-03-31T16:32:38","modified_gmt":"2026-03-31T16:32:38","slug":"zalo-hero-pulse-wave-massager-purple","status":"publish","type":"product","link":"https:\/\/lovme.pt\/index.php\/produto\/zalo-hero-pulse-wave-massager-purple\/","title":{"rendered":"ZALO &#8211; HERO PULSE WAVE MASSAGER PURPLE"},"content":{"rendered":"<p>Especialmente projetado para satisfazer e excitar a \u00e1rea sens\u00edvel do clit\u00f3ris, o HERO usa a tecnologia PulseWave propriet\u00e1ria da ZALO para alcan\u00e7ar uma largura de swing de at\u00e9 30 mm e uma frequ\u00eancia de swing de at\u00e9 75 vezes por segundo, evocando sensa\u00e7\u00f5es \u00fanicas projetadas para imitar um oral memor\u00e1vel sess\u00e3o de sexo.<\/p>\n<p>Sua forma elegante e compacta e motores potentes oferecem ergonomia e funcionalidade superiores para uma experi\u00eancia perfeita, trazendo a voc\u00ea um prazer clitoriano diferente de qualquer outro que voc\u00ea j\u00e1 experimentou antes.<\/p>\n<p>\u00a0<\/p>\n<p><strong>ESPECIFICA\u00c7\u00d5ES<\/strong><\/p>\n<ul>\n<li>Dimens\u00e3o do produto: 14,6 x 5,4 x 3,9 cm<\/li>\n<li>Comprimento total: 14,6 cm<\/li>\n<li>Vibrando: Sim<\/li>\n<li>Modos de vibra\u00e7\u00e3o: 4<\/li>\n<li>Resist\u00eancia \u00e0 \u00e1gua: \u00e0 prova de respingos<\/li>\n<li>Corpo seguro: Sim<\/li>\n<li>Material Silicone: Pl\u00e1stico ABS<\/li>\n<li>Recarreg\u00e1vel: Sim<\/li>\n<li>Baterias: \u00edon de l\u00edtio<\/li>\n<li>Pilhas inclusas: Sim<\/li>\n<li>Tempo de carregamento em minutos: 120<\/li>\n<li>Tempo de opera\u00e7\u00e3o em minutos: 90<\/li>\n<li>Especifica\u00e7\u00f5es completas do produto apenas vis\u00edveis quando logado com sucesso<\/li>\n<\/ul>\n<p>ZALO \u00e9 uma marca de produtos \u00edntimos criada para o amor e a beleza, que exibe o amor reverente pela vida e grande esp\u00edrito feminista, inicia continuamente o valor do produto e a altura da marca e cria um gosto de luxo incompar\u00e1vel com concep\u00e7\u00e3o art\u00edstica est\u00e9tica, tecnologia profunda, materiais perfeitos e excelente usu\u00e1rio experi\u00eancia.<\/p>\n","protected":false},"excerpt":{"rendered":"<p>ZALO &#8211; HERO PULSE WAVE MASSAGER PURPLE<\/p>\n","protected":false},"featured_media":55413,"template":"","meta":{"_acf_changed":false},"product_brand":[],"product_cat":[17,76],"product_tag":[],"class_list":{"0":"post-42809","1":"product","2":"type-product","3":"status-publish","4":"has-post-thumbnail","6":"product_cat-brinquedos-de-bem-estar-sexual","7":"product_cat-vibradores","8":"yith_product_brand-zalo","10":"first","11":"instock","12":"taxable","13":"shipping-taxable","14":"purchasable","15":"product-type-simple"},"acf":[],"yoast_head":"<!-- This site is optimized with the Yoast SEO plugin v27.4 - https:\/\/yoast.com\/product\/yoast-seo-wordpress\/ -->\n<title>ZALO - HERO PULSE WAVE MASSAGER PURPLE - Lovme<\/title>\n<meta name=\"robots\" content=\"index, follow, max-snippet:-1, max-image-preview:large, max-video-preview:-1\" \/>\n<link rel=\"canonical\" href=\"https:\/\/lovme.pt\/index.php\/produto\/zalo-hero-pulse-wave-massager-purple\/\" \/>\n<meta property=\"og:locale\" content=\"pt_PT\" \/>\n<meta property=\"og:type\" content=\"article\" \/>\n<meta property=\"og:title\" content=\"ZALO - HERO PULSE WAVE MASSAGER PURPLE - Lovme\" \/>\n<meta property=\"og:description\" content=\"ZALO - HERO PULSE WAVE MASSAGER PURPLE\" \/>\n<meta property=\"og:url\" content=\"https:\/\/lovme.pt\/index.php\/produto\/zalo-hero-pulse-wave-massager-purple\/\" \/>\n<meta property=\"og:site_name\" content=\"Lovme\" \/>\n<meta property=\"article:modified_time\" content=\"2026-03-31T16:32:38+00:00\" \/>\n<meta property=\"og:image\" content=\"https:\/\/erki24nd3ub.exactdn.com\/wp-content\/uploads\/dream\/img\/img_141063_e8f570b64b4da7b987137531268f026d_1.jpg?strip=all\" \/>\n\t<meta property=\"og:image:width\" content=\"800\" \/>\n\t<meta property=\"og:image:height\" content=\"800\" \/>\n\t<meta property=\"og:image:type\" content=\"image\/jpeg\" \/>\n<meta name=\"twitter:card\" content=\"summary_large_image\" \/>\n<meta name=\"twitter:label1\" content=\"Tempo estimado de leitura\" \/>\n\t<meta name=\"twitter:data1\" content=\"1 minuto\" \/>\n<script type=\"application\/ld+json\" class=\"yoast-schema-graph\">{\"@context\":\"https:\\\/\\\/schema.org\",\"@graph\":[{\"@type\":\"WebPage\",\"@id\":\"https:\\\/\\\/lovme.pt\\\/index.php\\\/produto\\\/zalo-hero-pulse-wave-massager-purple\\\/\",\"url\":\"https:\\\/\\\/lovme.pt\\\/index.php\\\/produto\\\/zalo-hero-pulse-wave-massager-purple\\\/\",\"name\":\"ZALO - HERO PULSE WAVE MASSAGER PURPLE - Lovme\",\"isPartOf\":{\"@id\":\"https:\\\/\\\/lovme.pt\\\/#website\"},\"primaryImageOfPage\":{\"@id\":\"https:\\\/\\\/lovme.pt\\\/index.php\\\/produto\\\/zalo-hero-pulse-wave-massager-purple\\\/#primaryimage\"},\"image\":{\"@id\":\"https:\\\/\\\/lovme.pt\\\/index.php\\\/produto\\\/zalo-hero-pulse-wave-massager-purple\\\/#primaryimage\"},\"thumbnailUrl\":\"https:\\\/\\\/erki24nd3ub.exactdn.com\\\/wp-content\\\/uploads\\\/dream\\\/img\\\/img_141063_e8f570b64b4da7b987137531268f026d_1.jpg?strip=all\",\"datePublished\":\"2025-09-30T09:39:38+00:00\",\"dateModified\":\"2026-03-31T16:32:38+00:00\",\"breadcrumb\":{\"@id\":\"https:\\\/\\\/lovme.pt\\\/index.php\\\/produto\\\/zalo-hero-pulse-wave-massager-purple\\\/#breadcrumb\"},\"inLanguage\":\"pt-PT\",\"potentialAction\":[{\"@type\":\"ReadAction\",\"target\":[\"https:\\\/\\\/lovme.pt\\\/index.php\\\/produto\\\/zalo-hero-pulse-wave-massager-purple\\\/\"]}]},{\"@type\":\"ImageObject\",\"inLanguage\":\"pt-PT\",\"@id\":\"https:\\\/\\\/lovme.pt\\\/index.php\\\/produto\\\/zalo-hero-pulse-wave-massager-purple\\\/#primaryimage\",\"url\":\"https:\\\/\\\/erki24nd3ub.exactdn.com\\\/wp-content\\\/uploads\\\/dream\\\/img\\\/img_141063_e8f570b64b4da7b987137531268f026d_1.jpg?strip=all\",\"contentUrl\":\"https:\\\/\\\/erki24nd3ub.exactdn.com\\\/wp-content\\\/uploads\\\/dream\\\/img\\\/img_141063_e8f570b64b4da7b987137531268f026d_1.jpg?strip=all\",\"width\":800,\"height\":800},{\"@type\":\"BreadcrumbList\",\"@id\":\"https:\\\/\\\/lovme.pt\\\/index.php\\\/produto\\\/zalo-hero-pulse-wave-massager-purple\\\/#breadcrumb\",\"itemListElement\":[{\"@type\":\"ListItem\",\"position\":1,\"name\":\"In\u00edcio\",\"item\":\"https:\\\/\\\/lovme.pt\\\/\"},{\"@type\":\"ListItem\",\"position\":2,\"name\":\"Loja\",\"item\":\"https:\\\/\\\/lovme.pt\\\/index.php\\\/loja\\\/\"},{\"@type\":\"ListItem\",\"position\":3,\"name\":\"ZALO &#8211; HERO PULSE WAVE MASSAGER PURPLE\"}]},{\"@type\":\"WebSite\",\"@id\":\"https:\\\/\\\/lovme.pt\\\/#website\",\"url\":\"https:\\\/\\\/lovme.pt\\\/\",\"name\":\"Lovme Loja Er\u00f3tica N\u00ba1 em Portugal\",\"description\":\"A melhor loja er\u00f3tica de Portugal.\",\"alternateName\":\"Loja Er\u00f3tica Lovme\",\"potentialAction\":[{\"@type\":\"SearchAction\",\"target\":{\"@type\":\"EntryPoint\",\"urlTemplate\":\"https:\\\/\\\/lovme.pt\\\/?s={search_term_string}\"},\"query-input\":{\"@type\":\"PropertyValueSpecification\",\"valueRequired\":true,\"valueName\":\"search_term_string\"}}],\"inLanguage\":\"pt-PT\"}]}<\/script>\n<!-- \/ Yoast SEO plugin. -->","yoast_head_json":{"title":"ZALO - HERO PULSE WAVE MASSAGER PURPLE - Lovme","robots":{"index":"index","follow":"follow","max-snippet":"max-snippet:-1","max-image-preview":"max-image-preview:large","max-video-preview":"max-video-preview:-1"},"canonical":"https:\/\/lovme.pt\/index.php\/produto\/zalo-hero-pulse-wave-massager-purple\/","og_locale":"pt_PT","og_type":"article","og_title":"ZALO - HERO PULSE WAVE MASSAGER PURPLE - Lovme","og_description":"ZALO - HERO PULSE WAVE MASSAGER PURPLE","og_url":"https:\/\/lovme.pt\/index.php\/produto\/zalo-hero-pulse-wave-massager-purple\/","og_site_name":"Lovme","article_modified_time":"2026-03-31T16:32:38+00:00","og_image":[{"width":800,"height":800,"url":"https:\/\/erki24nd3ub.exactdn.com\/wp-content\/uploads\/dream\/img\/img_141063_e8f570b64b4da7b987137531268f026d_1.jpg?strip=all","type":"image\/jpeg"}],"twitter_card":"summary_large_image","twitter_misc":{"Tempo estimado de leitura":"1 minuto"},"schema":{"@context":"https:\/\/schema.org","@graph":[{"@type":"WebPage","@id":"https:\/\/lovme.pt\/index.php\/produto\/zalo-hero-pulse-wave-massager-purple\/","url":"https:\/\/lovme.pt\/index.php\/produto\/zalo-hero-pulse-wave-massager-purple\/","name":"ZALO - HERO PULSE WAVE MASSAGER PURPLE - Lovme","isPartOf":{"@id":"https:\/\/lovme.pt\/#website"},"primaryImageOfPage":{"@id":"https:\/\/lovme.pt\/index.php\/produto\/zalo-hero-pulse-wave-massager-purple\/#primaryimage"},"image":{"@id":"https:\/\/lovme.pt\/index.php\/produto\/zalo-hero-pulse-wave-massager-purple\/#primaryimage"},"thumbnailUrl":"https:\/\/erki24nd3ub.exactdn.com\/wp-content\/uploads\/dream\/img\/img_141063_e8f570b64b4da7b987137531268f026d_1.jpg?strip=all","datePublished":"2025-09-30T09:39:38+00:00","dateModified":"2026-03-31T16:32:38+00:00","breadcrumb":{"@id":"https:\/\/lovme.pt\/index.php\/produto\/zalo-hero-pulse-wave-massager-purple\/#breadcrumb"},"inLanguage":"pt-PT","potentialAction":[{"@type":"ReadAction","target":["https:\/\/lovme.pt\/index.php\/produto\/zalo-hero-pulse-wave-massager-purple\/"]}]},{"@type":"ImageObject","inLanguage":"pt-PT","@id":"https:\/\/lovme.pt\/index.php\/produto\/zalo-hero-pulse-wave-massager-purple\/#primaryimage","url":"https:\/\/erki24nd3ub.exactdn.com\/wp-content\/uploads\/dream\/img\/img_141063_e8f570b64b4da7b987137531268f026d_1.jpg?strip=all","contentUrl":"https:\/\/erki24nd3ub.exactdn.com\/wp-content\/uploads\/dream\/img\/img_141063_e8f570b64b4da7b987137531268f026d_1.jpg?strip=all","width":800,"height":800},{"@type":"BreadcrumbList","@id":"https:\/\/lovme.pt\/index.php\/produto\/zalo-hero-pulse-wave-massager-purple\/#breadcrumb","itemListElement":[{"@type":"ListItem","position":1,"name":"In\u00edcio","item":"https:\/\/lovme.pt\/"},{"@type":"ListItem","position":2,"name":"Loja","item":"https:\/\/lovme.pt\/index.php\/loja\/"},{"@type":"ListItem","position":3,"name":"ZALO &#8211; HERO PULSE WAVE MASSAGER PURPLE"}]},{"@type":"WebSite","@id":"https:\/\/lovme.pt\/#website","url":"https:\/\/lovme.pt\/","name":"Lovme Loja Er\u00f3tica N\u00ba1 em Portugal","description":"A melhor loja er\u00f3tica de Portugal.","alternateName":"Loja Er\u00f3tica Lovme","potentialAction":[{"@type":"SearchAction","target":{"@type":"EntryPoint","urlTemplate":"https:\/\/lovme.pt\/?s={search_term_string}"},"query-input":{"@type":"PropertyValueSpecification","valueRequired":true,"valueName":"search_term_string"}}],"inLanguage":"pt-PT"}]}},"_links":{"self":[{"href":"https:\/\/lovme.pt\/index.php\/wp-json\/wp\/v2\/product\/42809","targetHints":{"allow":["GET"]}}],"collection":[{"href":"https:\/\/lovme.pt\/index.php\/wp-json\/wp\/v2\/product"}],"about":[{"href":"https:\/\/lovme.pt\/index.php\/wp-json\/wp\/v2\/types\/product"}],"wp:featuredmedia":[{"embeddable":true,"href":"https:\/\/lovme.pt\/index.php\/wp-json\/wp\/v2\/media\/55413"}],"wp:attachment":[{"href":"https:\/\/lovme.pt\/index.php\/wp-json\/wp\/v2\/media?parent=42809"}],"wp:term":[{"taxonomy":"product_brand","embeddable":true,"href":"https:\/\/lovme.pt\/index.php\/wp-json\/wp\/v2\/product_brand?post=42809"},{"taxonomy":"product_cat","embeddable":true,"href":"https:\/\/lovme.pt\/index.php\/wp-json\/wp\/v2\/product_cat?post=42809"},{"taxonomy":"product_tag","embeddable":true,"href":"https:\/\/lovme.pt\/index.php\/wp-json\/wp\/v2\/product_tag?post=42809"}],"curies":[{"name":"wp","href":"https:\/\/api.w.org\/{rel}","templated":true}]}}