{"id":42808,"date":"2025-09-30T09:39:37","date_gmt":"2025-09-30T09:39:37","guid":{"rendered":"https:\/\/lovme.pt\/?post_type=product&p=42808"},"modified":"2026-02-19T20:01:18","modified_gmt":"2026-02-19T20:01:18","slug":"zalo-king-thruster-verde","status":"publish","type":"product","link":"https:\/\/lovme.pt\/index.php\/produto\/zalo-king-thruster-verde\/","title":{"rendered":"ZALO &#8211; KING THRUSTER VERDE"},"content":{"rendered":"<p>KING aplica a tecnologia inovadora PowerThrust da pr\u00f3pria ZALO para integrar sistemas de motores de alto desempenho e estruturas de acionamento el\u00e9trico de precis\u00e3o. Ele quebra as limita\u00e7\u00f5es dos acionamentos eletromagn\u00e9ticos tradicionais e eleva a pot\u00eancia do motor a um novo n\u00edvel. Com uma frequ\u00eancia de impulso de at\u00e9 40 vezes\/segundo, King traz a voc\u00ea uma experi\u00eancia org\u00e1stica mais poderosa.<\/p>\n<p>&#8211; Tecnologia PowerThrust com alcance de at\u00e9 40 vezes a estimula\u00e7\u00e3o por segundo<br \/>&#8211; At\u00e9 15 mm de dist\u00e2ncia telesc\u00f3pica<br \/>&#8211; Motor de impulso e motor de vibra\u00e7\u00e3o controlados de forma independente para atender a v\u00e1rios requisitos<br \/>&#8211; Design de superf\u00edcie em forma de diamante na parte da cabe\u00e7a para estimula\u00e7\u00e3o extra<br \/>Silicone l\u00edquido de n\u00edvel alimentar Silken Dow Corning atendendo aos requisitos da FDA. Revestimento de superf\u00edcie exclusivo Softek.<br \/>&#8211; Embelezado com cristal Swarovski<br \/>&#8211; Controle remoto de aplicativos<br \/>&#8211; Recarreg\u00e1vel e \u00e0 prova d\u00e1gua<\/p>\n<p>\u00a0<\/p>\n<p><strong>ESPECIFICA\u00c7\u00d5ES<\/strong><\/p>\n<ul>\n<li>Dimens\u00e3o do produto: 302*58*61mm<\/li>\n<li>Peso do produto: 550g<\/li>\n<li>Dist\u00e2ncia de impulso: 15mm<\/li>\n<li>Tamanho da embalagem: 365*120*75mm<\/li>\n<li>Tens\u00e3o nominal: 11,1V<\/li>\n<li>Tempo de carregamento: 4 horas<\/li>\n<li>Modos de vibra\u00e7\u00e3o: 4<\/li>\n<li>Modos de estimula\u00e7\u00e3o: 4 modos de vibra\u00e7\u00e3o, 8 modos de impulso de energia<\/li>\n<li>Material: silicone l\u00edquido, ABS, cristal Swarovski<\/li>\n<li>RPM: 7000<\/li>\n<li>Tempo de execu\u00e7\u00e3o: 2 horas<\/li>\n<li>Capacidade da bateria: 1400mAh<\/li>\n<li>Corrente nominal: 1000ma<\/li>\n<li>N\u00edvel m\u00e1ximo de ru\u00eddo: 50db<\/li>\n<\/ul>\n","protected":false},"excerpt":{"rendered":"<p>ZALO &#8211; KING THRUSTER VERDE<\/p>\n","protected":false},"featured_media":55408,"template":"","meta":{"_acf_changed":false},"product_brand":[],"product_cat":[17,76],"product_tag":[],"class_list":{"0":"post-42808","1":"product","2":"type-product","3":"status-publish","4":"has-post-thumbnail","6":"product_cat-brinquedos-de-bem-estar-sexual","7":"product_cat-vibradores","8":"yith_product_brand-zalo","10":"first","11":"instock","12":"taxable","13":"shipping-taxable","14":"purchasable","15":"product-type-simple"},"acf":[],"yoast_head":"<!-- This site is optimized with the Yoast SEO plugin v27.4 - https:\/\/yoast.com\/product\/yoast-seo-wordpress\/ -->\n<title>ZALO - KING THRUSTER VERDE - Lovme<\/title>\n<meta name=\"robots\" content=\"index, follow, max-snippet:-1, max-image-preview:large, max-video-preview:-1\" \/>\n<link rel=\"canonical\" href=\"https:\/\/lovme.pt\/index.php\/produto\/zalo-king-thruster-verde\/\" \/>\n<meta property=\"og:locale\" content=\"pt_PT\" \/>\n<meta property=\"og:type\" content=\"article\" \/>\n<meta property=\"og:title\" content=\"ZALO - KING THRUSTER VERDE - Lovme\" \/>\n<meta property=\"og:description\" content=\"ZALO - KING THRUSTER VERDE\" \/>\n<meta property=\"og:url\" content=\"https:\/\/lovme.pt\/index.php\/produto\/zalo-king-thruster-verde\/\" \/>\n<meta property=\"og:site_name\" content=\"Lovme\" \/>\n<meta property=\"article:modified_time\" content=\"2026-02-19T20:01:18+00:00\" \/>\n<meta property=\"og:image\" content=\"https:\/\/erki24nd3ub.exactdn.com\/wp-content\/uploads\/dream\/img\/img_141053_992e8395b13803d9cc197e98dbbf3a4f_1.jpg?strip=all\" \/>\n\t<meta property=\"og:image:width\" content=\"800\" \/>\n\t<meta property=\"og:image:height\" content=\"800\" \/>\n\t<meta property=\"og:image:type\" content=\"image\/jpeg\" \/>\n<meta name=\"twitter:card\" content=\"summary_large_image\" \/>\n<meta name=\"twitter:label1\" content=\"Tempo estimado de leitura\" \/>\n\t<meta name=\"twitter:data1\" content=\"1 minuto\" \/>\n<script type=\"application\/ld+json\" class=\"yoast-schema-graph\">{\"@context\":\"https:\\\/\\\/schema.org\",\"@graph\":[{\"@type\":\"WebPage\",\"@id\":\"https:\\\/\\\/lovme.pt\\\/index.php\\\/produto\\\/zalo-king-thruster-verde\\\/\",\"url\":\"https:\\\/\\\/lovme.pt\\\/index.php\\\/produto\\\/zalo-king-thruster-verde\\\/\",\"name\":\"ZALO - KING THRUSTER VERDE - Lovme\",\"isPartOf\":{\"@id\":\"https:\\\/\\\/lovme.pt\\\/#website\"},\"primaryImageOfPage\":{\"@id\":\"https:\\\/\\\/lovme.pt\\\/index.php\\\/produto\\\/zalo-king-thruster-verde\\\/#primaryimage\"},\"image\":{\"@id\":\"https:\\\/\\\/lovme.pt\\\/index.php\\\/produto\\\/zalo-king-thruster-verde\\\/#primaryimage\"},\"thumbnailUrl\":\"https:\\\/\\\/erki24nd3ub.exactdn.com\\\/wp-content\\\/uploads\\\/dream\\\/img\\\/img_141053_992e8395b13803d9cc197e98dbbf3a4f_1.jpg?strip=all\",\"datePublished\":\"2025-09-30T09:39:37+00:00\",\"dateModified\":\"2026-02-19T20:01:18+00:00\",\"breadcrumb\":{\"@id\":\"https:\\\/\\\/lovme.pt\\\/index.php\\\/produto\\\/zalo-king-thruster-verde\\\/#breadcrumb\"},\"inLanguage\":\"pt-PT\",\"potentialAction\":[{\"@type\":\"ReadAction\",\"target\":[\"https:\\\/\\\/lovme.pt\\\/index.php\\\/produto\\\/zalo-king-thruster-verde\\\/\"]}]},{\"@type\":\"ImageObject\",\"inLanguage\":\"pt-PT\",\"@id\":\"https:\\\/\\\/lovme.pt\\\/index.php\\\/produto\\\/zalo-king-thruster-verde\\\/#primaryimage\",\"url\":\"https:\\\/\\\/erki24nd3ub.exactdn.com\\\/wp-content\\\/uploads\\\/dream\\\/img\\\/img_141053_992e8395b13803d9cc197e98dbbf3a4f_1.jpg?strip=all\",\"contentUrl\":\"https:\\\/\\\/erki24nd3ub.exactdn.com\\\/wp-content\\\/uploads\\\/dream\\\/img\\\/img_141053_992e8395b13803d9cc197e98dbbf3a4f_1.jpg?strip=all\",\"width\":800,\"height\":800},{\"@type\":\"BreadcrumbList\",\"@id\":\"https:\\\/\\\/lovme.pt\\\/index.php\\\/produto\\\/zalo-king-thruster-verde\\\/#breadcrumb\",\"itemListElement\":[{\"@type\":\"ListItem\",\"position\":1,\"name\":\"In\u00edcio\",\"item\":\"https:\\\/\\\/lovme.pt\\\/\"},{\"@type\":\"ListItem\",\"position\":2,\"name\":\"Loja\",\"item\":\"https:\\\/\\\/lovme.pt\\\/index.php\\\/loja\\\/\"},{\"@type\":\"ListItem\",\"position\":3,\"name\":\"ZALO &#8211; KING THRUSTER VERDE\"}]},{\"@type\":\"WebSite\",\"@id\":\"https:\\\/\\\/lovme.pt\\\/#website\",\"url\":\"https:\\\/\\\/lovme.pt\\\/\",\"name\":\"Lovme Loja Er\u00f3tica N\u00ba1 em Portugal\",\"description\":\"A melhor loja er\u00f3tica de Portugal.\",\"alternateName\":\"Loja Er\u00f3tica Lovme\",\"potentialAction\":[{\"@type\":\"SearchAction\",\"target\":{\"@type\":\"EntryPoint\",\"urlTemplate\":\"https:\\\/\\\/lovme.pt\\\/?s={search_term_string}\"},\"query-input\":{\"@type\":\"PropertyValueSpecification\",\"valueRequired\":true,\"valueName\":\"search_term_string\"}}],\"inLanguage\":\"pt-PT\"}]}<\/script>\n<!-- \/ Yoast SEO plugin. -->","yoast_head_json":{"title":"ZALO - KING THRUSTER VERDE - Lovme","robots":{"index":"index","follow":"follow","max-snippet":"max-snippet:-1","max-image-preview":"max-image-preview:large","max-video-preview":"max-video-preview:-1"},"canonical":"https:\/\/lovme.pt\/index.php\/produto\/zalo-king-thruster-verde\/","og_locale":"pt_PT","og_type":"article","og_title":"ZALO - KING THRUSTER VERDE - Lovme","og_description":"ZALO - KING THRUSTER VERDE","og_url":"https:\/\/lovme.pt\/index.php\/produto\/zalo-king-thruster-verde\/","og_site_name":"Lovme","article_modified_time":"2026-02-19T20:01:18+00:00","og_image":[{"width":800,"height":800,"url":"https:\/\/erki24nd3ub.exactdn.com\/wp-content\/uploads\/dream\/img\/img_141053_992e8395b13803d9cc197e98dbbf3a4f_1.jpg?strip=all","type":"image\/jpeg"}],"twitter_card":"summary_large_image","twitter_misc":{"Tempo estimado de leitura":"1 minuto"},"schema":{"@context":"https:\/\/schema.org","@graph":[{"@type":"WebPage","@id":"https:\/\/lovme.pt\/index.php\/produto\/zalo-king-thruster-verde\/","url":"https:\/\/lovme.pt\/index.php\/produto\/zalo-king-thruster-verde\/","name":"ZALO - KING THRUSTER VERDE - Lovme","isPartOf":{"@id":"https:\/\/lovme.pt\/#website"},"primaryImageOfPage":{"@id":"https:\/\/lovme.pt\/index.php\/produto\/zalo-king-thruster-verde\/#primaryimage"},"image":{"@id":"https:\/\/lovme.pt\/index.php\/produto\/zalo-king-thruster-verde\/#primaryimage"},"thumbnailUrl":"https:\/\/erki24nd3ub.exactdn.com\/wp-content\/uploads\/dream\/img\/img_141053_992e8395b13803d9cc197e98dbbf3a4f_1.jpg?strip=all","datePublished":"2025-09-30T09:39:37+00:00","dateModified":"2026-02-19T20:01:18+00:00","breadcrumb":{"@id":"https:\/\/lovme.pt\/index.php\/produto\/zalo-king-thruster-verde\/#breadcrumb"},"inLanguage":"pt-PT","potentialAction":[{"@type":"ReadAction","target":["https:\/\/lovme.pt\/index.php\/produto\/zalo-king-thruster-verde\/"]}]},{"@type":"ImageObject","inLanguage":"pt-PT","@id":"https:\/\/lovme.pt\/index.php\/produto\/zalo-king-thruster-verde\/#primaryimage","url":"https:\/\/erki24nd3ub.exactdn.com\/wp-content\/uploads\/dream\/img\/img_141053_992e8395b13803d9cc197e98dbbf3a4f_1.jpg?strip=all","contentUrl":"https:\/\/erki24nd3ub.exactdn.com\/wp-content\/uploads\/dream\/img\/img_141053_992e8395b13803d9cc197e98dbbf3a4f_1.jpg?strip=all","width":800,"height":800},{"@type":"BreadcrumbList","@id":"https:\/\/lovme.pt\/index.php\/produto\/zalo-king-thruster-verde\/#breadcrumb","itemListElement":[{"@type":"ListItem","position":1,"name":"In\u00edcio","item":"https:\/\/lovme.pt\/"},{"@type":"ListItem","position":2,"name":"Loja","item":"https:\/\/lovme.pt\/index.php\/loja\/"},{"@type":"ListItem","position":3,"name":"ZALO &#8211; KING THRUSTER VERDE"}]},{"@type":"WebSite","@id":"https:\/\/lovme.pt\/#website","url":"https:\/\/lovme.pt\/","name":"Lovme Loja Er\u00f3tica N\u00ba1 em Portugal","description":"A melhor loja er\u00f3tica de Portugal.","alternateName":"Loja Er\u00f3tica Lovme","potentialAction":[{"@type":"SearchAction","target":{"@type":"EntryPoint","urlTemplate":"https:\/\/lovme.pt\/?s={search_term_string}"},"query-input":{"@type":"PropertyValueSpecification","valueRequired":true,"valueName":"search_term_string"}}],"inLanguage":"pt-PT"}]}},"_links":{"self":[{"href":"https:\/\/lovme.pt\/index.php\/wp-json\/wp\/v2\/product\/42808","targetHints":{"allow":["GET"]}}],"collection":[{"href":"https:\/\/lovme.pt\/index.php\/wp-json\/wp\/v2\/product"}],"about":[{"href":"https:\/\/lovme.pt\/index.php\/wp-json\/wp\/v2\/types\/product"}],"wp:featuredmedia":[{"embeddable":true,"href":"https:\/\/lovme.pt\/index.php\/wp-json\/wp\/v2\/media\/55408"}],"wp:attachment":[{"href":"https:\/\/lovme.pt\/index.php\/wp-json\/wp\/v2\/media?parent=42808"}],"wp:term":[{"taxonomy":"product_brand","embeddable":true,"href":"https:\/\/lovme.pt\/index.php\/wp-json\/wp\/v2\/product_brand?post=42808"},{"taxonomy":"product_cat","embeddable":true,"href":"https:\/\/lovme.pt\/index.php\/wp-json\/wp\/v2\/product_cat?post=42808"},{"taxonomy":"product_tag","embeddable":true,"href":"https:\/\/lovme.pt\/index.php\/wp-json\/wp\/v2\/product_tag?post=42808"}],"curies":[{"name":"wp","href":"https:\/\/api.w.org\/{rel}","templated":true}]}}