{"id":42320,"date":"2026-01-19T16:04:44","date_gmt":"2026-01-19T16:04:44","guid":{"rendered":"https:\/\/lovme.pt\/?post_type=product&p=42320"},"modified":"2026-02-19T20:07:34","modified_gmt":"2026-02-19T20:07:34","slug":"blacksilver-massager-anal-com-controle-remoto-silicone-recarregvel-preto","status":"publish","type":"product","link":"https:\/\/lovme.pt\/index.php\/produto\/blacksilver-massager-anal-com-controle-remoto-silicone-recarregvel-preto\/","title":{"rendered":"BLACKSILVER &#8211; MASSAGER ANAL COM CONTROLE REMOTO SILICONE RECARREGVEL PRETO"},"content":{"rendered":"<p>O controle remoto BlackSilver\u2122 Anal Massage \u00e9 um revolucion\u00e1rio brinquedo de pr\u00f3stata com o qual voc\u00ea pode estimular seu parceiro enquanto o usa, seja mulher, homem ou outro, al\u00e9m disso, tamb\u00e9m estimular\u00e1 o p\u00eanis.<\/p>\n<p>O telecomando BlackSilver\u2122 Anal Massage n\u00e3o \u00e9 um brinquedo para praticar a m\u00edtica penetra\u00e7\u00e3o \u201cin-out\u201d, mas antes \u00e9 utilizado para realizar massagens vaginais, clitorianas, anais e pirenaicas enquanto \u00e9 colocado no p\u00e9nis. \u00c9 isso mesmo, com o seu p\u00eanis e o controle remoto BlackSilver\u2122 Anal Massage equipados voc\u00ea poder\u00e1 realizar massagens muito agrad\u00e1veis com as quais ser\u00e1 poss\u00edvel atingir n\u00edveis de cl\u00edmax que nem sempre s\u00e3o alcan\u00e7ados com a penetra\u00e7\u00e3o sem sela.<\/p>\n<p>Com os dois motores do controle remoto BlackSilver\u2122 Anal Massage, voc\u00ea experimentar\u00e1 10 modos de vibra\u00e7\u00e3o + 3 n\u00edveis silenciosos, mas poderosos, e com os movimentos certos, voc\u00ea alcan\u00e7ar\u00e1 o orgasmo.<\/p>\n<p>A divers\u00e3o n\u00e3o termina aqui. Brinque com o controle remoto inclu\u00eddo e aumente as possibilidades de um brinquedo muito especial!<\/p>\n<p>Voc\u00ea n\u00e3o precisa se preocupar com tamanhos, o controle remoto BlackSilver\u2122 Anal Massage \u00e9 totalmente ergon\u00f4mico e se adapta a qualquer tipo de p\u00eanis sem problemas.<\/p>\n<p>1 &#8211; MAIOR PODER PARA MAIOR PRAZER<\/p>\n<p>Dois motores vibrat\u00f3rios na base e na ponta para obter o dobro do prazer.<\/p>\n<p>2 &#8211; COM CONTROLE REMOTO<\/p>\n<p>Com controle de movimento e mais op\u00e7\u00f5es do que massageadores de pr\u00f3stata convencionais com controle remoto.<\/p>\n<p>3- TAMANHO M\u00c9DIO PARA TODOS OS N\u00cdVEIS DE AVENTURA<\/p>\n<ul>\n<li>O vibrador de pr\u00f3stata perfeito para a primeira vez ou para usar durante a rela\u00e7\u00e3o sexual.<\/li>\n<\/ul>\n<p>CARACTER\u00cdSTICAS T\u00c9CNICAS;<\/p>\n<ul>\n<li>Materiais: Silicone biocompat\u00edvel e detalhes em pl\u00e1stico ABS<\/li>\n<li>10 modos de vibra\u00e7\u00e3o + 3 n\u00edveis de intensidade<\/li>\n<li>Interface: interface de 1 bot\u00e3o, f\u00e1cil de usar<\/li>\n<li>Frequ\u00eancia: 80 Hz<\/li>\n<li>Bateria: \u00edon-l\u00edtio 1050 mAh 3,7 V<\/li>\n<li>Carga: 2,5 horas a 5,0 V 750 mA<\/li>\n<li>Tempo de uso: at\u00e9 3 horas<\/li>\n<\/ul>\n<p>Aproveite o seu brinquedo tanto quanto n\u00f3s gostamos de faz\u00ea-lo para voc\u00ea.<\/p>\n<p>Por que escolher o material BlackSilver\u2122?<\/p>\n<p>Todos os brinquedos BlackSilver\u2122 s\u00e3o feitos de silicone m\u00e9dico macio e sedoso, que \u00e9 extremamente escorregadio e absorve rapidamente o calor do corpo. O brinquedo pode ser facilmente limpo com \u00e1gua morna e um pouco de sab\u00e3o. Com um pouco de limpador desinfetante para brinquedos, voc\u00ea pode garantir uma higiene particularmente completa, de prefer\u00eancia com o spray desinfetante perfeitamente coordenado da Waterfeel ou Intimichic. Para o m\u00e1ximo prazer suave, use sempre o seu brinquedo com um dos lubrificantes \u00e0 base de \u00e1gua Waterfeel que combinam perfeitamente com o produto.<\/p>\n<p><span style=\"color: rgb(57, 57, 57);\">**Observa\u00e7\u00e3o; Este produto est\u00e1 proibido de ser vendido em qualquer canal de com\u00e9rcio eletr\u00f4nico. A venda \u00e9 autorizada para pontos f\u00edsicos.<\/span><\/p>\n","protected":false},"excerpt":{"rendered":"<p>BLACKSILVER &#8211; MASSAGER ANAL COM CONTROLE REMOTO SILICONE RECARREGVEL PRETO<\/p>\n","protected":false},"featured_media":106155,"template":"","meta":{"_acf_changed":false},"product_brand":[],"product_cat":[17,63,76],"product_tag":[],"class_list":{"0":"post-42320","1":"product","2":"type-product","3":"status-publish","4":"has-post-thumbnail","6":"product_cat-brinquedos-de-bem-estar-sexual","7":"product_cat-sexo-anal","8":"product_cat-vibradores","9":"yith_product_brand-blacksilver","11":"first","12":"instock","13":"taxable","14":"shipping-taxable","15":"purchasable","16":"product-type-simple"},"acf":[],"yoast_head":"<!-- This site is optimized with the Yoast SEO plugin v27.3 - https:\/\/yoast.com\/product\/yoast-seo-wordpress\/ -->\n<title>BLACKSILVER - MASSAGER ANAL COM CONTROLE REMOTO SILICONE RECARREGVEL PRETO - Lovme<\/title>\n<meta name=\"robots\" content=\"index, follow, max-snippet:-1, max-image-preview:large, max-video-preview:-1\" \/>\n<link rel=\"canonical\" href=\"https:\/\/lovme.pt\/index.php\/produto\/blacksilver-massager-anal-com-controle-remoto-silicone-recarregvel-preto\/\" \/>\n<meta property=\"og:locale\" content=\"pt_PT\" \/>\n<meta property=\"og:type\" content=\"article\" \/>\n<meta property=\"og:title\" content=\"BLACKSILVER - MASSAGER ANAL COM CONTROLE REMOTO SILICONE RECARREGVEL PRETO - Lovme\" \/>\n<meta property=\"og:description\" content=\"BLACKSILVER - MASSAGER ANAL COM CONTROLE REMOTO SILICONE RECARREGVEL PRETO\" \/>\n<meta property=\"og:url\" content=\"https:\/\/lovme.pt\/index.php\/produto\/blacksilver-massager-anal-com-controle-remoto-silicone-recarregvel-preto\/\" \/>\n<meta property=\"og:site_name\" content=\"Lovme\" \/>\n<meta property=\"article:modified_time\" content=\"2026-02-19T20:07:34+00:00\" \/>\n<meta property=\"og:image\" content=\"https:\/\/erki24nd3ub.exactdn.com\/wp-content\/uploads\/dream\/img\/img_144371_41c53c7b828eb16463a8848dd5e1179a_1.png?strip=all\" \/>\n\t<meta property=\"og:image:width\" content=\"800\" \/>\n\t<meta property=\"og:image:height\" content=\"800\" \/>\n\t<meta property=\"og:image:type\" content=\"image\/png\" \/>\n<meta name=\"twitter:card\" content=\"summary_large_image\" \/>\n<meta name=\"twitter:label1\" content=\"Tempo estimado de leitura\" \/>\n\t<meta name=\"twitter:data1\" content=\"2 minutos\" \/>\n<script type=\"application\/ld+json\" class=\"yoast-schema-graph\">{\"@context\":\"https:\\\/\\\/schema.org\",\"@graph\":[{\"@type\":\"WebPage\",\"@id\":\"https:\\\/\\\/lovme.pt\\\/index.php\\\/produto\\\/blacksilver-massager-anal-com-controle-remoto-silicone-recarregvel-preto\\\/\",\"url\":\"https:\\\/\\\/lovme.pt\\\/index.php\\\/produto\\\/blacksilver-massager-anal-com-controle-remoto-silicone-recarregvel-preto\\\/\",\"name\":\"BLACKSILVER - MASSAGER ANAL COM CONTROLE REMOTO SILICONE RECARREGVEL PRETO - Lovme\",\"isPartOf\":{\"@id\":\"https:\\\/\\\/lovme.pt\\\/#website\"},\"primaryImageOfPage\":{\"@id\":\"https:\\\/\\\/lovme.pt\\\/index.php\\\/produto\\\/blacksilver-massager-anal-com-controle-remoto-silicone-recarregvel-preto\\\/#primaryimage\"},\"image\":{\"@id\":\"https:\\\/\\\/lovme.pt\\\/index.php\\\/produto\\\/blacksilver-massager-anal-com-controle-remoto-silicone-recarregvel-preto\\\/#primaryimage\"},\"thumbnailUrl\":\"https:\\\/\\\/erki24nd3ub.exactdn.com\\\/wp-content\\\/uploads\\\/dream\\\/img\\\/img_144371_41c53c7b828eb16463a8848dd5e1179a_1.png?strip=all\",\"datePublished\":\"2026-01-19T16:04:44+00:00\",\"dateModified\":\"2026-02-19T20:07:34+00:00\",\"breadcrumb\":{\"@id\":\"https:\\\/\\\/lovme.pt\\\/index.php\\\/produto\\\/blacksilver-massager-anal-com-controle-remoto-silicone-recarregvel-preto\\\/#breadcrumb\"},\"inLanguage\":\"pt-PT\",\"potentialAction\":[{\"@type\":\"ReadAction\",\"target\":[\"https:\\\/\\\/lovme.pt\\\/index.php\\\/produto\\\/blacksilver-massager-anal-com-controle-remoto-silicone-recarregvel-preto\\\/\"]}]},{\"@type\":\"ImageObject\",\"inLanguage\":\"pt-PT\",\"@id\":\"https:\\\/\\\/lovme.pt\\\/index.php\\\/produto\\\/blacksilver-massager-anal-com-controle-remoto-silicone-recarregvel-preto\\\/#primaryimage\",\"url\":\"https:\\\/\\\/erki24nd3ub.exactdn.com\\\/wp-content\\\/uploads\\\/dream\\\/img\\\/img_144371_41c53c7b828eb16463a8848dd5e1179a_1.png?strip=all\",\"contentUrl\":\"https:\\\/\\\/erki24nd3ub.exactdn.com\\\/wp-content\\\/uploads\\\/dream\\\/img\\\/img_144371_41c53c7b828eb16463a8848dd5e1179a_1.png?strip=all\",\"width\":800,\"height\":800},{\"@type\":\"BreadcrumbList\",\"@id\":\"https:\\\/\\\/lovme.pt\\\/index.php\\\/produto\\\/blacksilver-massager-anal-com-controle-remoto-silicone-recarregvel-preto\\\/#breadcrumb\",\"itemListElement\":[{\"@type\":\"ListItem\",\"position\":1,\"name\":\"In\u00edcio\",\"item\":\"https:\\\/\\\/lovme.pt\\\/\"},{\"@type\":\"ListItem\",\"position\":2,\"name\":\"Loja\",\"item\":\"https:\\\/\\\/lovme.pt\\\/index.php\\\/loja\\\/\"},{\"@type\":\"ListItem\",\"position\":3,\"name\":\"BLACKSILVER &#8211; MASSAGER ANAL COM CONTROLE REMOTO SILICONE RECARREGVEL PRETO\"}]},{\"@type\":\"WebSite\",\"@id\":\"https:\\\/\\\/lovme.pt\\\/#website\",\"url\":\"https:\\\/\\\/lovme.pt\\\/\",\"name\":\"Lovme Loja Er\u00f3tica N\u00ba1 em Portugal\",\"description\":\"A melhor loja er\u00f3tica de Portugal.\",\"alternateName\":\"Loja Er\u00f3tica Lovme\",\"potentialAction\":[{\"@type\":\"SearchAction\",\"target\":{\"@type\":\"EntryPoint\",\"urlTemplate\":\"https:\\\/\\\/lovme.pt\\\/?s={search_term_string}\"},\"query-input\":{\"@type\":\"PropertyValueSpecification\",\"valueRequired\":true,\"valueName\":\"search_term_string\"}}],\"inLanguage\":\"pt-PT\"}]}<\/script>\n<!-- \/ Yoast SEO plugin. -->","yoast_head_json":{"title":"BLACKSILVER - MASSAGER ANAL COM CONTROLE REMOTO SILICONE RECARREGVEL PRETO - Lovme","robots":{"index":"index","follow":"follow","max-snippet":"max-snippet:-1","max-image-preview":"max-image-preview:large","max-video-preview":"max-video-preview:-1"},"canonical":"https:\/\/lovme.pt\/index.php\/produto\/blacksilver-massager-anal-com-controle-remoto-silicone-recarregvel-preto\/","og_locale":"pt_PT","og_type":"article","og_title":"BLACKSILVER - MASSAGER ANAL COM CONTROLE REMOTO SILICONE RECARREGVEL PRETO - Lovme","og_description":"BLACKSILVER - MASSAGER ANAL COM CONTROLE REMOTO SILICONE RECARREGVEL PRETO","og_url":"https:\/\/lovme.pt\/index.php\/produto\/blacksilver-massager-anal-com-controle-remoto-silicone-recarregvel-preto\/","og_site_name":"Lovme","article_modified_time":"2026-02-19T20:07:34+00:00","og_image":[{"width":800,"height":800,"url":"https:\/\/erki24nd3ub.exactdn.com\/wp-content\/uploads\/dream\/img\/img_144371_41c53c7b828eb16463a8848dd5e1179a_1.png?strip=all","type":"image\/png"}],"twitter_card":"summary_large_image","twitter_misc":{"Tempo estimado de leitura":"2 minutos"},"schema":{"@context":"https:\/\/schema.org","@graph":[{"@type":"WebPage","@id":"https:\/\/lovme.pt\/index.php\/produto\/blacksilver-massager-anal-com-controle-remoto-silicone-recarregvel-preto\/","url":"https:\/\/lovme.pt\/index.php\/produto\/blacksilver-massager-anal-com-controle-remoto-silicone-recarregvel-preto\/","name":"BLACKSILVER - MASSAGER ANAL COM CONTROLE REMOTO SILICONE RECARREGVEL PRETO - Lovme","isPartOf":{"@id":"https:\/\/lovme.pt\/#website"},"primaryImageOfPage":{"@id":"https:\/\/lovme.pt\/index.php\/produto\/blacksilver-massager-anal-com-controle-remoto-silicone-recarregvel-preto\/#primaryimage"},"image":{"@id":"https:\/\/lovme.pt\/index.php\/produto\/blacksilver-massager-anal-com-controle-remoto-silicone-recarregvel-preto\/#primaryimage"},"thumbnailUrl":"https:\/\/erki24nd3ub.exactdn.com\/wp-content\/uploads\/dream\/img\/img_144371_41c53c7b828eb16463a8848dd5e1179a_1.png?strip=all","datePublished":"2026-01-19T16:04:44+00:00","dateModified":"2026-02-19T20:07:34+00:00","breadcrumb":{"@id":"https:\/\/lovme.pt\/index.php\/produto\/blacksilver-massager-anal-com-controle-remoto-silicone-recarregvel-preto\/#breadcrumb"},"inLanguage":"pt-PT","potentialAction":[{"@type":"ReadAction","target":["https:\/\/lovme.pt\/index.php\/produto\/blacksilver-massager-anal-com-controle-remoto-silicone-recarregvel-preto\/"]}]},{"@type":"ImageObject","inLanguage":"pt-PT","@id":"https:\/\/lovme.pt\/index.php\/produto\/blacksilver-massager-anal-com-controle-remoto-silicone-recarregvel-preto\/#primaryimage","url":"https:\/\/erki24nd3ub.exactdn.com\/wp-content\/uploads\/dream\/img\/img_144371_41c53c7b828eb16463a8848dd5e1179a_1.png?strip=all","contentUrl":"https:\/\/erki24nd3ub.exactdn.com\/wp-content\/uploads\/dream\/img\/img_144371_41c53c7b828eb16463a8848dd5e1179a_1.png?strip=all","width":800,"height":800},{"@type":"BreadcrumbList","@id":"https:\/\/lovme.pt\/index.php\/produto\/blacksilver-massager-anal-com-controle-remoto-silicone-recarregvel-preto\/#breadcrumb","itemListElement":[{"@type":"ListItem","position":1,"name":"In\u00edcio","item":"https:\/\/lovme.pt\/"},{"@type":"ListItem","position":2,"name":"Loja","item":"https:\/\/lovme.pt\/index.php\/loja\/"},{"@type":"ListItem","position":3,"name":"BLACKSILVER &#8211; MASSAGER ANAL COM CONTROLE REMOTO SILICONE RECARREGVEL PRETO"}]},{"@type":"WebSite","@id":"https:\/\/lovme.pt\/#website","url":"https:\/\/lovme.pt\/","name":"Lovme Loja Er\u00f3tica N\u00ba1 em Portugal","description":"A melhor loja er\u00f3tica de Portugal.","alternateName":"Loja Er\u00f3tica Lovme","potentialAction":[{"@type":"SearchAction","target":{"@type":"EntryPoint","urlTemplate":"https:\/\/lovme.pt\/?s={search_term_string}"},"query-input":{"@type":"PropertyValueSpecification","valueRequired":true,"valueName":"search_term_string"}}],"inLanguage":"pt-PT"}]}},"_links":{"self":[{"href":"https:\/\/lovme.pt\/index.php\/wp-json\/wp\/v2\/product\/42320","targetHints":{"allow":["GET"]}}],"collection":[{"href":"https:\/\/lovme.pt\/index.php\/wp-json\/wp\/v2\/product"}],"about":[{"href":"https:\/\/lovme.pt\/index.php\/wp-json\/wp\/v2\/types\/product"}],"wp:featuredmedia":[{"embeddable":true,"href":"https:\/\/lovme.pt\/index.php\/wp-json\/wp\/v2\/media\/106155"}],"wp:attachment":[{"href":"https:\/\/lovme.pt\/index.php\/wp-json\/wp\/v2\/media?parent=42320"}],"wp:term":[{"taxonomy":"product_brand","embeddable":true,"href":"https:\/\/lovme.pt\/index.php\/wp-json\/wp\/v2\/product_brand?post=42320"},{"taxonomy":"product_cat","embeddable":true,"href":"https:\/\/lovme.pt\/index.php\/wp-json\/wp\/v2\/product_cat?post=42320"},{"taxonomy":"product_tag","embeddable":true,"href":"https:\/\/lovme.pt\/index.php\/wp-json\/wp\/v2\/product_tag?post=42320"}],"curies":[{"name":"wp","href":"https:\/\/api.w.org\/{rel}","templated":true}]}}