{"id":42194,"date":"2025-09-30T20:43:37","date_gmt":"2025-09-30T20:43:37","guid":{"rendered":"https:\/\/lovme.pt\/?post_type=product&p=42194"},"modified":"2026-05-13T16:13:48","modified_gmt":"2026-05-13T16:13:48","slug":"intense-bomba-vaginal-manual-com-dois-copos-intercambiaveis","status":"publish","type":"product","link":"https:\/\/lovme.pt\/index.php\/produto\/intense-bomba-vaginal-manual-com-dois-copos-intercambiaveis\/","title":{"rendered":"INTENSE &#8211; BOMBA VAGINAL MANUAL COM DOIS COPOS INTERCAMBI\u00c1VEIS"},"content":{"rendered":"<p>Use esta bomba para aumentar o fluxo sangu\u00edneo nas \u00e1reas mais sens\u00edveis. Basta ajustar o cilindro para obter uma veda\u00e7\u00e3o firme ao redor da \u00e1rea vaginal. Ser\u00e1 necess\u00e1rio um alto n\u00edvel de press\u00e3o para obter uma boa veda\u00e7\u00e3o. Tamb\u00e9m recomendamos um lubrificante \u00e0 base de \u00e1gua Waterfeel para ajudar a criar a veda\u00e7\u00e3o necess\u00e1ria e o bombeamento bem-sucedido. F\u00e1cil de colocar o cilindro sobre a zona er\u00f3gena desejada e ent\u00e3o apertar a bomba para extrair sangue para a \u00e1rea. Voc\u00ea sentir\u00e1 suc\u00e7\u00e3o \u00e0 medida que seu clit\u00f3ris aumenta temporariamente de tamanho e sensibilidade. Voc\u00ea pode liberar a press\u00e3o no cilindro pressionando a v\u00e1lvula de libera\u00e7\u00e3o f\u00e1cil no bulbo.<\/p>\n<p>O conjunto vem com 2 copos intercambi\u00e1veis, 1 mangueira e 1 bomba de press\u00e3o.<\/p>\n<ul>\n<li>Di\u00e2metro do produto 8,5 cm<\/li>\n<li>Di\u00e2metro interno 6,0 cm<\/li>\n<li>Sem ftalatos Sim<\/li>\n<\/ul>\n","protected":false},"excerpt":{"rendered":"<p>INTENSE &#8211; BOMBA MANUAL PUSSY BOMBA DE V\u00c1CUO<\/p>\n","protected":false},"featured_media":71990,"template":"","meta":{"_acf_changed":false},"product_brand":[],"product_cat":[17,61],"product_tag":[],"class_list":{"0":"post-42194","1":"product","2":"type-product","3":"status-publish","4":"has-post-thumbnail","6":"product_cat-brinquedos-de-bem-estar-sexual","7":"product_cat-para-elas","8":"yith_product_brand-intense","9":"yith_product_brand-intenseintense-toysintense-pump","10":"yith_product_brand-intenseintense-toys","12":"first","13":"instock","14":"taxable","15":"shipping-taxable","16":"purchasable","17":"product-type-simple"},"acf":[],"yoast_head":"<!-- This site is optimized with the Yoast SEO plugin v27.4 - https:\/\/yoast.com\/product\/yoast-seo-wordpress\/ -->\n<title>INTENSE - BOMBA VAGINAL MANUAL COM DOIS COPOS INTERCAMBI\u00c1VEIS - Lovme<\/title>\n<meta name=\"robots\" content=\"index, follow, max-snippet:-1, max-image-preview:large, max-video-preview:-1\" \/>\n<link rel=\"canonical\" href=\"https:\/\/lovme.pt\/index.php\/produto\/intense-bomba-vaginal-manual-com-dois-copos-intercambiaveis\/\" \/>\n<meta property=\"og:locale\" content=\"pt_PT\" \/>\n<meta property=\"og:type\" content=\"article\" \/>\n<meta property=\"og:title\" content=\"INTENSE - BOMBA VAGINAL MANUAL COM DOIS COPOS INTERCAMBI\u00c1VEIS - Lovme\" \/>\n<meta property=\"og:description\" content=\"INTENSE - BOMBA MANUAL PUSSY BOMBA DE V\u00c1CUO\" \/>\n<meta property=\"og:url\" content=\"https:\/\/lovme.pt\/index.php\/produto\/intense-bomba-vaginal-manual-com-dois-copos-intercambiaveis\/\" \/>\n<meta property=\"og:site_name\" content=\"Lovme\" \/>\n<meta property=\"article:modified_time\" content=\"2026-05-13T16:13:48+00:00\" \/>\n<meta property=\"og:image\" content=\"https:\/\/erki24nd3ub.exactdn.com\/wp-content\/uploads\/dream\/img\/img_137831_6d188b553a953dbf44c001601031abb7_1.png?strip=all\" \/>\n\t<meta property=\"og:image:width\" content=\"800\" \/>\n\t<meta property=\"og:image:height\" content=\"800\" \/>\n\t<meta property=\"og:image:type\" content=\"image\/png\" \/>\n<meta name=\"twitter:card\" content=\"summary_large_image\" \/>\n<meta name=\"twitter:label1\" content=\"Tempo estimado de leitura\" \/>\n\t<meta name=\"twitter:data1\" content=\"1 minuto\" \/>\n<script type=\"application\/ld+json\" class=\"yoast-schema-graph\">{\"@context\":\"https:\\\/\\\/schema.org\",\"@graph\":[{\"@type\":\"WebPage\",\"@id\":\"https:\\\/\\\/lovme.pt\\\/index.php\\\/produto\\\/intense-bomba-vaginal-manual-com-dois-copos-intercambiaveis\\\/\",\"url\":\"https:\\\/\\\/lovme.pt\\\/index.php\\\/produto\\\/intense-bomba-vaginal-manual-com-dois-copos-intercambiaveis\\\/\",\"name\":\"INTENSE - BOMBA VAGINAL MANUAL COM DOIS COPOS INTERCAMBI\u00c1VEIS - Lovme\",\"isPartOf\":{\"@id\":\"https:\\\/\\\/lovme.pt\\\/#website\"},\"primaryImageOfPage\":{\"@id\":\"https:\\\/\\\/lovme.pt\\\/index.php\\\/produto\\\/intense-bomba-vaginal-manual-com-dois-copos-intercambiaveis\\\/#primaryimage\"},\"image\":{\"@id\":\"https:\\\/\\\/lovme.pt\\\/index.php\\\/produto\\\/intense-bomba-vaginal-manual-com-dois-copos-intercambiaveis\\\/#primaryimage\"},\"thumbnailUrl\":\"https:\\\/\\\/erki24nd3ub.exactdn.com\\\/wp-content\\\/uploads\\\/dream\\\/img\\\/img_137831_6d188b553a953dbf44c001601031abb7_1.png?strip=all\",\"datePublished\":\"2025-09-30T20:43:37+00:00\",\"dateModified\":\"2026-05-13T16:13:48+00:00\",\"breadcrumb\":{\"@id\":\"https:\\\/\\\/lovme.pt\\\/index.php\\\/produto\\\/intense-bomba-vaginal-manual-com-dois-copos-intercambiaveis\\\/#breadcrumb\"},\"inLanguage\":\"pt-PT\",\"potentialAction\":[{\"@type\":\"ReadAction\",\"target\":[\"https:\\\/\\\/lovme.pt\\\/index.php\\\/produto\\\/intense-bomba-vaginal-manual-com-dois-copos-intercambiaveis\\\/\"]}]},{\"@type\":\"ImageObject\",\"inLanguage\":\"pt-PT\",\"@id\":\"https:\\\/\\\/lovme.pt\\\/index.php\\\/produto\\\/intense-bomba-vaginal-manual-com-dois-copos-intercambiaveis\\\/#primaryimage\",\"url\":\"https:\\\/\\\/erki24nd3ub.exactdn.com\\\/wp-content\\\/uploads\\\/dream\\\/img\\\/img_137831_6d188b553a953dbf44c001601031abb7_1.png?strip=all\",\"contentUrl\":\"https:\\\/\\\/erki24nd3ub.exactdn.com\\\/wp-content\\\/uploads\\\/dream\\\/img\\\/img_137831_6d188b553a953dbf44c001601031abb7_1.png?strip=all\",\"width\":800,\"height\":800},{\"@type\":\"BreadcrumbList\",\"@id\":\"https:\\\/\\\/lovme.pt\\\/index.php\\\/produto\\\/intense-bomba-vaginal-manual-com-dois-copos-intercambiaveis\\\/#breadcrumb\",\"itemListElement\":[{\"@type\":\"ListItem\",\"position\":1,\"name\":\"In\u00edcio\",\"item\":\"https:\\\/\\\/lovme.pt\\\/\"},{\"@type\":\"ListItem\",\"position\":2,\"name\":\"Loja\",\"item\":\"https:\\\/\\\/lovme.pt\\\/index.php\\\/loja\\\/\"},{\"@type\":\"ListItem\",\"position\":3,\"name\":\"INTENSE &#8211; BOMBA VAGINAL MANUAL COM DOIS COPOS INTERCAMBI\u00c1VEIS\"}]},{\"@type\":\"WebSite\",\"@id\":\"https:\\\/\\\/lovme.pt\\\/#website\",\"url\":\"https:\\\/\\\/lovme.pt\\\/\",\"name\":\"Lovme Loja Er\u00f3tica N\u00ba1 em Portugal\",\"description\":\"A melhor loja er\u00f3tica de Portugal.\",\"alternateName\":\"Loja Er\u00f3tica Lovme\",\"potentialAction\":[{\"@type\":\"SearchAction\",\"target\":{\"@type\":\"EntryPoint\",\"urlTemplate\":\"https:\\\/\\\/lovme.pt\\\/?s={search_term_string}\"},\"query-input\":{\"@type\":\"PropertyValueSpecification\",\"valueRequired\":true,\"valueName\":\"search_term_string\"}}],\"inLanguage\":\"pt-PT\"}]}<\/script>\n<!-- \/ Yoast SEO plugin. -->","yoast_head_json":{"title":"INTENSE - BOMBA VAGINAL MANUAL COM DOIS COPOS INTERCAMBI\u00c1VEIS - Lovme","robots":{"index":"index","follow":"follow","max-snippet":"max-snippet:-1","max-image-preview":"max-image-preview:large","max-video-preview":"max-video-preview:-1"},"canonical":"https:\/\/lovme.pt\/index.php\/produto\/intense-bomba-vaginal-manual-com-dois-copos-intercambiaveis\/","og_locale":"pt_PT","og_type":"article","og_title":"INTENSE - BOMBA VAGINAL MANUAL COM DOIS COPOS INTERCAMBI\u00c1VEIS - Lovme","og_description":"INTENSE - BOMBA MANUAL PUSSY BOMBA DE V\u00c1CUO","og_url":"https:\/\/lovme.pt\/index.php\/produto\/intense-bomba-vaginal-manual-com-dois-copos-intercambiaveis\/","og_site_name":"Lovme","article_modified_time":"2026-05-13T16:13:48+00:00","og_image":[{"width":800,"height":800,"url":"https:\/\/erki24nd3ub.exactdn.com\/wp-content\/uploads\/dream\/img\/img_137831_6d188b553a953dbf44c001601031abb7_1.png?strip=all","type":"image\/png"}],"twitter_card":"summary_large_image","twitter_misc":{"Tempo estimado de leitura":"1 minuto"},"schema":{"@context":"https:\/\/schema.org","@graph":[{"@type":"WebPage","@id":"https:\/\/lovme.pt\/index.php\/produto\/intense-bomba-vaginal-manual-com-dois-copos-intercambiaveis\/","url":"https:\/\/lovme.pt\/index.php\/produto\/intense-bomba-vaginal-manual-com-dois-copos-intercambiaveis\/","name":"INTENSE - BOMBA VAGINAL MANUAL COM DOIS COPOS INTERCAMBI\u00c1VEIS - Lovme","isPartOf":{"@id":"https:\/\/lovme.pt\/#website"},"primaryImageOfPage":{"@id":"https:\/\/lovme.pt\/index.php\/produto\/intense-bomba-vaginal-manual-com-dois-copos-intercambiaveis\/#primaryimage"},"image":{"@id":"https:\/\/lovme.pt\/index.php\/produto\/intense-bomba-vaginal-manual-com-dois-copos-intercambiaveis\/#primaryimage"},"thumbnailUrl":"https:\/\/erki24nd3ub.exactdn.com\/wp-content\/uploads\/dream\/img\/img_137831_6d188b553a953dbf44c001601031abb7_1.png?strip=all","datePublished":"2025-09-30T20:43:37+00:00","dateModified":"2026-05-13T16:13:48+00:00","breadcrumb":{"@id":"https:\/\/lovme.pt\/index.php\/produto\/intense-bomba-vaginal-manual-com-dois-copos-intercambiaveis\/#breadcrumb"},"inLanguage":"pt-PT","potentialAction":[{"@type":"ReadAction","target":["https:\/\/lovme.pt\/index.php\/produto\/intense-bomba-vaginal-manual-com-dois-copos-intercambiaveis\/"]}]},{"@type":"ImageObject","inLanguage":"pt-PT","@id":"https:\/\/lovme.pt\/index.php\/produto\/intense-bomba-vaginal-manual-com-dois-copos-intercambiaveis\/#primaryimage","url":"https:\/\/erki24nd3ub.exactdn.com\/wp-content\/uploads\/dream\/img\/img_137831_6d188b553a953dbf44c001601031abb7_1.png?strip=all","contentUrl":"https:\/\/erki24nd3ub.exactdn.com\/wp-content\/uploads\/dream\/img\/img_137831_6d188b553a953dbf44c001601031abb7_1.png?strip=all","width":800,"height":800},{"@type":"BreadcrumbList","@id":"https:\/\/lovme.pt\/index.php\/produto\/intense-bomba-vaginal-manual-com-dois-copos-intercambiaveis\/#breadcrumb","itemListElement":[{"@type":"ListItem","position":1,"name":"In\u00edcio","item":"https:\/\/lovme.pt\/"},{"@type":"ListItem","position":2,"name":"Loja","item":"https:\/\/lovme.pt\/index.php\/loja\/"},{"@type":"ListItem","position":3,"name":"INTENSE &#8211; BOMBA VAGINAL MANUAL COM DOIS COPOS INTERCAMBI\u00c1VEIS"}]},{"@type":"WebSite","@id":"https:\/\/lovme.pt\/#website","url":"https:\/\/lovme.pt\/","name":"Lovme Loja Er\u00f3tica N\u00ba1 em Portugal","description":"A melhor loja er\u00f3tica de Portugal.","alternateName":"Loja Er\u00f3tica Lovme","potentialAction":[{"@type":"SearchAction","target":{"@type":"EntryPoint","urlTemplate":"https:\/\/lovme.pt\/?s={search_term_string}"},"query-input":{"@type":"PropertyValueSpecification","valueRequired":true,"valueName":"search_term_string"}}],"inLanguage":"pt-PT"}]}},"_links":{"self":[{"href":"https:\/\/lovme.pt\/index.php\/wp-json\/wp\/v2\/product\/42194","targetHints":{"allow":["GET"]}}],"collection":[{"href":"https:\/\/lovme.pt\/index.php\/wp-json\/wp\/v2\/product"}],"about":[{"href":"https:\/\/lovme.pt\/index.php\/wp-json\/wp\/v2\/types\/product"}],"wp:featuredmedia":[{"embeddable":true,"href":"https:\/\/lovme.pt\/index.php\/wp-json\/wp\/v2\/media\/71990"}],"wp:attachment":[{"href":"https:\/\/lovme.pt\/index.php\/wp-json\/wp\/v2\/media?parent=42194"}],"wp:term":[{"taxonomy":"product_brand","embeddable":true,"href":"https:\/\/lovme.pt\/index.php\/wp-json\/wp\/v2\/product_brand?post=42194"},{"taxonomy":"product_cat","embeddable":true,"href":"https:\/\/lovme.pt\/index.php\/wp-json\/wp\/v2\/product_cat?post=42194"},{"taxonomy":"product_tag","embeddable":true,"href":"https:\/\/lovme.pt\/index.php\/wp-json\/wp\/v2\/product_tag?post=42194"}],"curies":[{"name":"wp","href":"https:\/\/api.w.org\/{rel}","templated":true}]}}