{"id":42188,"date":"2025-09-30T20:22:03","date_gmt":"2025-09-30T20:22:03","guid":{"rendered":"https:\/\/lovme.pt\/?post_type=product&p=42188"},"modified":"2026-02-19T20:07:50","modified_gmt":"2026-02-19T20:07:50","slug":"intense-bomba-automtica","status":"publish","type":"product","link":"https:\/\/lovme.pt\/index.php\/produto\/intense-bomba-automtica\/","title":{"rendered":"INTENSE &#8211; BOMBA AUTOMTICA"},"content":{"rendered":"<p>Tire o aumento do p\u00e9nis da era cibern\u00e9tica com a nossa bomba de ere\u00e7\u00e3o autom\u00e1tica mais avan\u00e7ada j\u00e1 criada! Depois de apenas algumas vezes, voc\u00ea descobrir\u00e1 ere\u00e7\u00f5es espessas e latejantes que duram e duram.<\/p>\n<p>Desenvolvida como uma alternativa n\u00e3o cir\u00fargica segura e acess\u00edvel a procedimentos m\u00e9dicos e p\u00edlulas caras, esta bomba peniana port\u00e1til \u00e9 a maneira mais f\u00e1cil de aumentar instantaneamente seu p\u00eanis sem quaisquer efeitos colaterais.<\/p>\n<p>Basta inserir seu p\u00eanis no cilindro, pressionar o bot\u00e3o e ver seu p\u00eanis ganhar for\u00e7a com muito prazer! O bocal el\u00e1stico forma uma veda\u00e7\u00e3o perfeitamente apertada contra a sua pele e cria um v\u00e1cuo poderoso dentro da c\u00e2mara, for\u00e7ando o seu p\u00e9nis a expandir-se rapidamente em comprimento e circunfer\u00eancia.<\/p>\n<p>O cilindro transparente permite ver como o seu membro fica maior e mais gordo com o aumento autom\u00e1tico da press\u00e3o. Ao atingir o ponto desejado, pressione o bot\u00e3o para que essa press\u00e3o desapare\u00e7a.<br \/>Quando terminar, basta retirar o cilindro da mangueira e limp\u00e1-lo com gel limpador de brinquedos Waterfeel ou esterilizador Stertoy.<\/p>\n<p>Todas as Intense Pumps est\u00e3o aqui para impressionar com uma fant\u00e1stica gama de dispositivos para aumentar o p\u00e9nis!<\/p>\n<p>Intense Pump ajuda a conseguir uma ere\u00e7\u00e3o mais facilmente atrav\u00e9s de um sistema de v\u00e1cuo que faz com que o sangue se concentre no p\u00eanis quando este ainda est\u00e1 fl\u00e1cido. A ere\u00e7\u00e3o \u00e9 conseguida e mantida por meio de uma veda\u00e7\u00e3o confort\u00e1vel e herm\u00e9tica na base do corpo, logo na jun\u00e7\u00e3o do p\u00eanis com o p\u00fabis, gra\u00e7as \u00e0 qual o sangue fica retido no tronco. Gra\u00e7as \u00e0 manga, a veda\u00e7\u00e3o \u00e9 firme, confort\u00e1vel e estanque sem apertar.<\/p>\n<p>O Intense Pump oferece resultados instant\u00e2neos!<\/p>\n<p>Especifica\u00e7\u00f5es t\u00e9cnicas do Pump Addicted RX11;<\/p>\n<ul>\n<li>Funciona com pilhas AAA n\u00e3o inclu\u00eddas<\/li>\n<li>Comprimento inser\u00edvel: 17cm<\/li>\n<li>Di\u00e2metro interno total: 6,5 cm<\/li>\n<li>Material; abd\u00f4men + silicone<\/li>\n<li>\u00c0 prova d\u00e1gua<\/li>\n<li>Livre de Falatos<\/li>\n<\/ul>\n","protected":false},"excerpt":{"rendered":"<p>INTENSE &#8211; BOMBA AUTOMTICA<\/p>\n","protected":false},"featured_media":67856,"template":"","meta":{"_acf_changed":false},"product_brand":[],"product_cat":[17,60],"product_tag":[],"class_list":{"0":"post-42188","1":"product","2":"type-product","3":"status-publish","4":"has-post-thumbnail","6":"product_cat-brinquedos-de-bem-estar-sexual","7":"product_cat-para-eles","8":"yith_product_brand-intense","9":"yith_product_brand-intenseintense-toysintense-pump","10":"yith_product_brand-intenseintense-toys","12":"first","13":"instock","14":"taxable","15":"shipping-taxable","16":"purchasable","17":"product-type-simple"},"acf":[],"yoast_head":"<!-- This site is optimized with the Yoast SEO plugin v27.4 - https:\/\/yoast.com\/product\/yoast-seo-wordpress\/ -->\n<title>INTENSE - BOMBA AUTOMTICA - Lovme<\/title>\n<meta name=\"robots\" content=\"index, follow, max-snippet:-1, max-image-preview:large, max-video-preview:-1\" \/>\n<link rel=\"canonical\" href=\"https:\/\/lovme.pt\/index.php\/produto\/intense-bomba-automtica\/\" \/>\n<meta property=\"og:locale\" content=\"pt_PT\" \/>\n<meta property=\"og:type\" content=\"article\" \/>\n<meta property=\"og:title\" content=\"INTENSE - BOMBA AUTOMTICA - Lovme\" \/>\n<meta property=\"og:description\" content=\"INTENSE - BOMBA AUTOMTICA\" \/>\n<meta property=\"og:url\" content=\"https:\/\/lovme.pt\/index.php\/produto\/intense-bomba-automtica\/\" \/>\n<meta property=\"og:site_name\" content=\"Lovme\" \/>\n<meta property=\"article:modified_time\" content=\"2026-02-19T20:07:50+00:00\" \/>\n<meta property=\"og:image\" content=\"https:\/\/erki24nd3ub.exactdn.com\/wp-content\/uploads\/dream\/img\/img_137814_4f419a4e9f6c7f636c10b220ee78e620_1.png?strip=all\" \/>\n\t<meta property=\"og:image:width\" content=\"800\" \/>\n\t<meta property=\"og:image:height\" content=\"800\" \/>\n\t<meta property=\"og:image:type\" content=\"image\/png\" \/>\n<meta name=\"twitter:card\" content=\"summary_large_image\" \/>\n<meta name=\"twitter:label1\" content=\"Tempo estimado de leitura\" \/>\n\t<meta name=\"twitter:data1\" content=\"2 minutos\" \/>\n<script type=\"application\/ld+json\" class=\"yoast-schema-graph\">{\"@context\":\"https:\\\/\\\/schema.org\",\"@graph\":[{\"@type\":\"WebPage\",\"@id\":\"https:\\\/\\\/lovme.pt\\\/index.php\\\/produto\\\/intense-bomba-automtica\\\/\",\"url\":\"https:\\\/\\\/lovme.pt\\\/index.php\\\/produto\\\/intense-bomba-automtica\\\/\",\"name\":\"INTENSE - BOMBA AUTOMTICA - Lovme\",\"isPartOf\":{\"@id\":\"https:\\\/\\\/lovme.pt\\\/#website\"},\"primaryImageOfPage\":{\"@id\":\"https:\\\/\\\/lovme.pt\\\/index.php\\\/produto\\\/intense-bomba-automtica\\\/#primaryimage\"},\"image\":{\"@id\":\"https:\\\/\\\/lovme.pt\\\/index.php\\\/produto\\\/intense-bomba-automtica\\\/#primaryimage\"},\"thumbnailUrl\":\"https:\\\/\\\/erki24nd3ub.exactdn.com\\\/wp-content\\\/uploads\\\/dream\\\/img\\\/img_137814_4f419a4e9f6c7f636c10b220ee78e620_1.png?strip=all\",\"datePublished\":\"2025-09-30T20:22:03+00:00\",\"dateModified\":\"2026-02-19T20:07:50+00:00\",\"breadcrumb\":{\"@id\":\"https:\\\/\\\/lovme.pt\\\/index.php\\\/produto\\\/intense-bomba-automtica\\\/#breadcrumb\"},\"inLanguage\":\"pt-PT\",\"potentialAction\":[{\"@type\":\"ReadAction\",\"target\":[\"https:\\\/\\\/lovme.pt\\\/index.php\\\/produto\\\/intense-bomba-automtica\\\/\"]}]},{\"@type\":\"ImageObject\",\"inLanguage\":\"pt-PT\",\"@id\":\"https:\\\/\\\/lovme.pt\\\/index.php\\\/produto\\\/intense-bomba-automtica\\\/#primaryimage\",\"url\":\"https:\\\/\\\/erki24nd3ub.exactdn.com\\\/wp-content\\\/uploads\\\/dream\\\/img\\\/img_137814_4f419a4e9f6c7f636c10b220ee78e620_1.png?strip=all\",\"contentUrl\":\"https:\\\/\\\/erki24nd3ub.exactdn.com\\\/wp-content\\\/uploads\\\/dream\\\/img\\\/img_137814_4f419a4e9f6c7f636c10b220ee78e620_1.png?strip=all\",\"width\":800,\"height\":800},{\"@type\":\"BreadcrumbList\",\"@id\":\"https:\\\/\\\/lovme.pt\\\/index.php\\\/produto\\\/intense-bomba-automtica\\\/#breadcrumb\",\"itemListElement\":[{\"@type\":\"ListItem\",\"position\":1,\"name\":\"In\u00edcio\",\"item\":\"https:\\\/\\\/lovme.pt\\\/\"},{\"@type\":\"ListItem\",\"position\":2,\"name\":\"Loja\",\"item\":\"https:\\\/\\\/lovme.pt\\\/index.php\\\/loja\\\/\"},{\"@type\":\"ListItem\",\"position\":3,\"name\":\"INTENSE &#8211; BOMBA AUTOMTICA\"}]},{\"@type\":\"WebSite\",\"@id\":\"https:\\\/\\\/lovme.pt\\\/#website\",\"url\":\"https:\\\/\\\/lovme.pt\\\/\",\"name\":\"Lovme Loja Er\u00f3tica N\u00ba1 em Portugal\",\"description\":\"A melhor loja er\u00f3tica de Portugal.\",\"alternateName\":\"Loja Er\u00f3tica Lovme\",\"potentialAction\":[{\"@type\":\"SearchAction\",\"target\":{\"@type\":\"EntryPoint\",\"urlTemplate\":\"https:\\\/\\\/lovme.pt\\\/?s={search_term_string}\"},\"query-input\":{\"@type\":\"PropertyValueSpecification\",\"valueRequired\":true,\"valueName\":\"search_term_string\"}}],\"inLanguage\":\"pt-PT\"}]}<\/script>\n<!-- \/ Yoast SEO plugin. -->","yoast_head_json":{"title":"INTENSE - BOMBA AUTOMTICA - Lovme","robots":{"index":"index","follow":"follow","max-snippet":"max-snippet:-1","max-image-preview":"max-image-preview:large","max-video-preview":"max-video-preview:-1"},"canonical":"https:\/\/lovme.pt\/index.php\/produto\/intense-bomba-automtica\/","og_locale":"pt_PT","og_type":"article","og_title":"INTENSE - BOMBA AUTOMTICA - Lovme","og_description":"INTENSE - BOMBA AUTOMTICA","og_url":"https:\/\/lovme.pt\/index.php\/produto\/intense-bomba-automtica\/","og_site_name":"Lovme","article_modified_time":"2026-02-19T20:07:50+00:00","og_image":[{"width":800,"height":800,"url":"https:\/\/erki24nd3ub.exactdn.com\/wp-content\/uploads\/dream\/img\/img_137814_4f419a4e9f6c7f636c10b220ee78e620_1.png?strip=all","type":"image\/png"}],"twitter_card":"summary_large_image","twitter_misc":{"Tempo estimado de leitura":"2 minutos"},"schema":{"@context":"https:\/\/schema.org","@graph":[{"@type":"WebPage","@id":"https:\/\/lovme.pt\/index.php\/produto\/intense-bomba-automtica\/","url":"https:\/\/lovme.pt\/index.php\/produto\/intense-bomba-automtica\/","name":"INTENSE - BOMBA AUTOMTICA - Lovme","isPartOf":{"@id":"https:\/\/lovme.pt\/#website"},"primaryImageOfPage":{"@id":"https:\/\/lovme.pt\/index.php\/produto\/intense-bomba-automtica\/#primaryimage"},"image":{"@id":"https:\/\/lovme.pt\/index.php\/produto\/intense-bomba-automtica\/#primaryimage"},"thumbnailUrl":"https:\/\/erki24nd3ub.exactdn.com\/wp-content\/uploads\/dream\/img\/img_137814_4f419a4e9f6c7f636c10b220ee78e620_1.png?strip=all","datePublished":"2025-09-30T20:22:03+00:00","dateModified":"2026-02-19T20:07:50+00:00","breadcrumb":{"@id":"https:\/\/lovme.pt\/index.php\/produto\/intense-bomba-automtica\/#breadcrumb"},"inLanguage":"pt-PT","potentialAction":[{"@type":"ReadAction","target":["https:\/\/lovme.pt\/index.php\/produto\/intense-bomba-automtica\/"]}]},{"@type":"ImageObject","inLanguage":"pt-PT","@id":"https:\/\/lovme.pt\/index.php\/produto\/intense-bomba-automtica\/#primaryimage","url":"https:\/\/erki24nd3ub.exactdn.com\/wp-content\/uploads\/dream\/img\/img_137814_4f419a4e9f6c7f636c10b220ee78e620_1.png?strip=all","contentUrl":"https:\/\/erki24nd3ub.exactdn.com\/wp-content\/uploads\/dream\/img\/img_137814_4f419a4e9f6c7f636c10b220ee78e620_1.png?strip=all","width":800,"height":800},{"@type":"BreadcrumbList","@id":"https:\/\/lovme.pt\/index.php\/produto\/intense-bomba-automtica\/#breadcrumb","itemListElement":[{"@type":"ListItem","position":1,"name":"In\u00edcio","item":"https:\/\/lovme.pt\/"},{"@type":"ListItem","position":2,"name":"Loja","item":"https:\/\/lovme.pt\/index.php\/loja\/"},{"@type":"ListItem","position":3,"name":"INTENSE &#8211; BOMBA AUTOMTICA"}]},{"@type":"WebSite","@id":"https:\/\/lovme.pt\/#website","url":"https:\/\/lovme.pt\/","name":"Lovme Loja Er\u00f3tica N\u00ba1 em Portugal","description":"A melhor loja er\u00f3tica de Portugal.","alternateName":"Loja Er\u00f3tica Lovme","potentialAction":[{"@type":"SearchAction","target":{"@type":"EntryPoint","urlTemplate":"https:\/\/lovme.pt\/?s={search_term_string}"},"query-input":{"@type":"PropertyValueSpecification","valueRequired":true,"valueName":"search_term_string"}}],"inLanguage":"pt-PT"}]}},"_links":{"self":[{"href":"https:\/\/lovme.pt\/index.php\/wp-json\/wp\/v2\/product\/42188","targetHints":{"allow":["GET"]}}],"collection":[{"href":"https:\/\/lovme.pt\/index.php\/wp-json\/wp\/v2\/product"}],"about":[{"href":"https:\/\/lovme.pt\/index.php\/wp-json\/wp\/v2\/types\/product"}],"wp:featuredmedia":[{"embeddable":true,"href":"https:\/\/lovme.pt\/index.php\/wp-json\/wp\/v2\/media\/67856"}],"wp:attachment":[{"href":"https:\/\/lovme.pt\/index.php\/wp-json\/wp\/v2\/media?parent=42188"}],"wp:term":[{"taxonomy":"product_brand","embeddable":true,"href":"https:\/\/lovme.pt\/index.php\/wp-json\/wp\/v2\/product_brand?post=42188"},{"taxonomy":"product_cat","embeddable":true,"href":"https:\/\/lovme.pt\/index.php\/wp-json\/wp\/v2\/product_cat?post=42188"},{"taxonomy":"product_tag","embeddable":true,"href":"https:\/\/lovme.pt\/index.php\/wp-json\/wp\/v2\/product_tag?post=42188"}],"curies":[{"name":"wp","href":"https:\/\/api.w.org\/{rel}","templated":true}]}}