{"id":41727,"date":"2025-09-30T20:43:23","date_gmt":"2025-09-30T20:43:23","guid":{"rendered":"https:\/\/lovme.pt\/?post_type=product&p=41727"},"modified":"2026-02-19T20:08:46","modified_gmt":"2026-02-19T20:08:46","slug":"fun-factory-vibrador-clitorico-volta-g5-gasolina","status":"publish","type":"product","link":"https:\/\/lovme.pt\/index.php\/produto\/fun-factory-vibrador-clitorico-volta-g5-gasolina\/","title":{"rendered":"FUN FACTORY &#8211; VIBRADOR CLIT\u00d3RICO VOLTA G5 GASOLINA"},"content":{"rendered":"<p><strong>Vibrador Externo VOLTA: Aprovado pelo Clit\u00f3ris.<\/strong><\/p>\n<p> Energize a sua vida sexual com este vibrador din\u00e2mico! As pontas do VOLTA vibram contra o clit\u00f3ris e os l\u00e1bios com cada ru\u00eddo do seu motor profundo e poderoso. O seu movimento r\u00edtmico estimula o fluxo sangu\u00edneo e aumenta a sensibilidade, tornando a vibra\u00e7\u00e3o mais divertida do que nunca!<\/p>\n<p> &#8211; Fun\u00e7\u00e3o de bloqueio para facilitar a viagem<br \/> &#8211; Interface de bot\u00e3o intuitiva<br \/> &#8211; Luzes indicadoras de carga<br \/> &#8211; Aviso de bateria fraca<br \/> &#8211; N\u00e3o poroso e hipoalerg\u00eanico<br \/> &#8211; 45 minutos de jogo na velocidade mais alta<br \/> &#8211; Carga inicial de 4 a 6 horas<br \/> &#8211; Projetado e feito \u00e0 m\u00e3o na Alemanha<br \/> &#8211; Recarreg\u00e1vel &#8211; Ame a Terra.<br \/> &#8211; Materiais seguros para o corpo &#8211; Ame a si mesmo.<br \/> &#8211; \u00c0 prova d\u00e1gua &#8211; Molhe-se.<\/p>\n<p> Esteja voc\u00ea se provocando com o mais leve toque das pontas do VOLTA ou recostado e deixando a configura\u00e7\u00e3o mais alta surpreend\u00ea-lo, essa vibra\u00e7\u00e3o oferece o poder e a versatilidade que voc\u00ea deseja.<\/p>\n<p> <strong>APENAS AS DICAS<\/strong><br \/> Deixe as pontas din\u00e2micas se pronunciarem contra o clit\u00f3ris para uma sensa\u00e7\u00e3o incrivelmente poderosa.<\/p>\n<p> <strong>DIVIS\u00c3O DE POT\u00caNCIA<\/strong><br \/> Cubra seus pontos de acesso com vibra\u00e7\u00e3o! Coloque uma ponta contra o clit\u00f3ris e outra contra a abertura vaginal.<\/p>\n<p> <strong>COMPARTILHE A VIBRA\u00c7\u00c3O<\/strong><br \/> Coloque uma ponta em cada lado do eixo e use o VOLTA como acariciador &#8211; incr\u00edvel para BJs!<\/p>\n<p> <strong>MOVIMENTO + VIBRA\u00c7\u00c3O = OMG<\/strong><br \/> O movimento das pontas din\u00e2micas do VOLTA amplifica sua vibra\u00e7\u00e3o, aumenta sua excita\u00e7\u00e3o e aumenta a sensibilidade, permitindo que voc\u00ea sinta mais do que nunca. Explore uma variedade de sensa\u00e7\u00f5es, desde a percuss\u00e3o selvagem das pontas m\u00f3veis contra seus pontos quentes at\u00e9 a vibra\u00e7\u00e3o cl\u00e1ssica quando voc\u00ea pressiona o VOLTA contra seu corpo. Voc\u00ea pode at\u00e9 aquecer com um leve toque e depois aumentar a vibra\u00e7\u00e3o e a press\u00e3o quando quiser come\u00e7ar a trabalhar. Recomendamos que voc\u00ea tente posicionar as pontas em lugares diferentes &#8211; em cada lado do clit\u00f3ris, contra o capuz, com uma ponta contra a abertura vaginal, ao redor dos l\u00e1bios e encontre sua forma favorita de vibrar com o VOLTA.<\/p>\n<p> <strong>POT\u00caNCIA COMPACTA<\/strong><br \/> Com toda a for\u00e7a de um brinquedo muito maior em um pacote leve e ergon\u00f4mico, o VOLTA \u00e9 perfeito para pessoas que desejam adicionar muita pot\u00eancia ao sexo de seu parceiro. Ama sua varinha, mas n\u00e3o quer retir\u00e1-la no primeiro encontro? O VOLTA leve e silencioso desliza facilmente entre seus corpos e proporciona a forte vibra\u00e7\u00e3o que voc\u00ea precisa, sem interromper seu fluxo.<\/p>\n<p> <strong>DIVERS\u00c3O DE CORPO INTEIRO<\/strong><br \/> Sentindo-se generoso? Compartilhe a divers\u00e3o! O VOLTA \u00e9 um \u00f3timo complemento para boquetes, estimula\u00e7\u00e3o de mamilos e muito mais. Dica profissional: usando um pouco de lubrificante \u00e0 base de \u00e1gua, coloque as pontas de cada lado do eixo e use o Volta como acariciador.<\/p>\n<p> <strong>VIBRA\u00c7\u00c3O DE RONRONAMENTO<\/strong><br \/> Perseguindo um orgasmo que come\u00e7a profundamente no seu corpo e faz voc\u00ea ver estrelas? N\u00e3o procure mais. O potente motor do VOLTA oferece a vibra\u00e7\u00e3o estrondosa e grave que nossos clientes adoram.<\/p>\n<p> <strong>FORMA ERGON\u00d4MICA<\/strong><br \/> A al\u00e7a do VOLTA facilita segurar seu brinquedo exatamente onde voc\u00ea deseja, mesmo quando suas m\u00e3os est\u00e3o cobertas de lubrificante. O posicionamento dos bot\u00f5es elevados torna simples e intuitivo experimentar uma nova velocidade ou padr\u00e3o de vibra\u00e7\u00e3o sem interromper a a\u00e7\u00e3o. O melhor de tudo \u00e9 que o VOLTA foi moldado para ser incr\u00edvel em seu clit\u00f3ris e l\u00e1bios, n\u00e3o importa o \u00e2ngulo que voc\u00ea tente.<\/p>\n<p> 18,9 cm e \u00d8 4,7 cm; 193g<\/p>\n","protected":false},"excerpt":{"rendered":"<p>FUN FACTORY &#8211; VIBRADOR CLIT\u00d3RICO VOLTA G5 GASOLINA<\/p>\n","protected":false},"featured_media":71929,"template":"","meta":{"_acf_changed":false},"product_brand":[],"product_cat":[17,61,76],"product_tag":[],"class_list":{"0":"post-41727","1":"product","2":"type-product","3":"status-publish","4":"has-post-thumbnail","6":"product_cat-brinquedos-de-bem-estar-sexual","7":"product_cat-para-elas","8":"product_cat-vibradores","9":"yith_product_brand-fun-factory","11":"first","12":"instock","13":"taxable","14":"shipping-taxable","15":"purchasable","16":"product-type-simple"},"acf":[],"yoast_head":"<!-- This site is optimized with the Yoast SEO plugin v27.4 - https:\/\/yoast.com\/product\/yoast-seo-wordpress\/ -->\n<title>FUN FACTORY - VIBRADOR CLIT\u00d3RICO VOLTA G5 GASOLINA - Lovme<\/title>\n<meta name=\"robots\" content=\"index, follow, max-snippet:-1, max-image-preview:large, max-video-preview:-1\" \/>\n<link rel=\"canonical\" href=\"https:\/\/lovme.pt\/index.php\/produto\/fun-factory-vibrador-clitorico-volta-g5-gasolina\/\" \/>\n<meta property=\"og:locale\" content=\"pt_PT\" \/>\n<meta property=\"og:type\" content=\"article\" \/>\n<meta property=\"og:title\" content=\"FUN FACTORY - VIBRADOR CLIT\u00d3RICO VOLTA G5 GASOLINA - Lovme\" \/>\n<meta property=\"og:description\" content=\"FUN FACTORY - VIBRADOR CLIT\u00d3RICO VOLTA G5 GASOLINA\" \/>\n<meta property=\"og:url\" content=\"https:\/\/lovme.pt\/index.php\/produto\/fun-factory-vibrador-clitorico-volta-g5-gasolina\/\" \/>\n<meta property=\"og:site_name\" content=\"Lovme\" \/>\n<meta property=\"article:modified_time\" content=\"2026-02-19T20:08:46+00:00\" \/>\n<meta property=\"og:image\" content=\"https:\/\/erki24nd3ub.exactdn.com\/wp-content\/uploads\/dream\/img\/img_139572_81e1229e73783fcef1d9de5501b862e6_1.jpg?strip=all\" \/>\n\t<meta property=\"og:image:width\" content=\"800\" \/>\n\t<meta property=\"og:image:height\" content=\"800\" \/>\n\t<meta property=\"og:image:type\" content=\"image\/jpeg\" \/>\n<meta name=\"twitter:card\" content=\"summary_large_image\" \/>\n<meta name=\"twitter:label1\" content=\"Tempo estimado de leitura\" \/>\n\t<meta name=\"twitter:data1\" content=\"3 minutos\" \/>\n<script type=\"application\/ld+json\" class=\"yoast-schema-graph\">{\"@context\":\"https:\\\/\\\/schema.org\",\"@graph\":[{\"@type\":\"WebPage\",\"@id\":\"https:\\\/\\\/lovme.pt\\\/index.php\\\/produto\\\/fun-factory-vibrador-clitorico-volta-g5-gasolina\\\/\",\"url\":\"https:\\\/\\\/lovme.pt\\\/index.php\\\/produto\\\/fun-factory-vibrador-clitorico-volta-g5-gasolina\\\/\",\"name\":\"FUN FACTORY - VIBRADOR CLIT\u00d3RICO VOLTA G5 GASOLINA - Lovme\",\"isPartOf\":{\"@id\":\"https:\\\/\\\/lovme.pt\\\/#website\"},\"primaryImageOfPage\":{\"@id\":\"https:\\\/\\\/lovme.pt\\\/index.php\\\/produto\\\/fun-factory-vibrador-clitorico-volta-g5-gasolina\\\/#primaryimage\"},\"image\":{\"@id\":\"https:\\\/\\\/lovme.pt\\\/index.php\\\/produto\\\/fun-factory-vibrador-clitorico-volta-g5-gasolina\\\/#primaryimage\"},\"thumbnailUrl\":\"https:\\\/\\\/erki24nd3ub.exactdn.com\\\/wp-content\\\/uploads\\\/dream\\\/img\\\/img_139572_81e1229e73783fcef1d9de5501b862e6_1.jpg?strip=all\",\"datePublished\":\"2025-09-30T20:43:23+00:00\",\"dateModified\":\"2026-02-19T20:08:46+00:00\",\"breadcrumb\":{\"@id\":\"https:\\\/\\\/lovme.pt\\\/index.php\\\/produto\\\/fun-factory-vibrador-clitorico-volta-g5-gasolina\\\/#breadcrumb\"},\"inLanguage\":\"pt-PT\",\"potentialAction\":[{\"@type\":\"ReadAction\",\"target\":[\"https:\\\/\\\/lovme.pt\\\/index.php\\\/produto\\\/fun-factory-vibrador-clitorico-volta-g5-gasolina\\\/\"]}]},{\"@type\":\"ImageObject\",\"inLanguage\":\"pt-PT\",\"@id\":\"https:\\\/\\\/lovme.pt\\\/index.php\\\/produto\\\/fun-factory-vibrador-clitorico-volta-g5-gasolina\\\/#primaryimage\",\"url\":\"https:\\\/\\\/erki24nd3ub.exactdn.com\\\/wp-content\\\/uploads\\\/dream\\\/img\\\/img_139572_81e1229e73783fcef1d9de5501b862e6_1.jpg?strip=all\",\"contentUrl\":\"https:\\\/\\\/erki24nd3ub.exactdn.com\\\/wp-content\\\/uploads\\\/dream\\\/img\\\/img_139572_81e1229e73783fcef1d9de5501b862e6_1.jpg?strip=all\",\"width\":800,\"height\":800},{\"@type\":\"BreadcrumbList\",\"@id\":\"https:\\\/\\\/lovme.pt\\\/index.php\\\/produto\\\/fun-factory-vibrador-clitorico-volta-g5-gasolina\\\/#breadcrumb\",\"itemListElement\":[{\"@type\":\"ListItem\",\"position\":1,\"name\":\"In\u00edcio\",\"item\":\"https:\\\/\\\/lovme.pt\\\/\"},{\"@type\":\"ListItem\",\"position\":2,\"name\":\"Loja\",\"item\":\"https:\\\/\\\/lovme.pt\\\/index.php\\\/loja\\\/\"},{\"@type\":\"ListItem\",\"position\":3,\"name\":\"FUN FACTORY &#8211; VIBRADOR CLIT\u00d3RICO VOLTA G5 GASOLINA\"}]},{\"@type\":\"WebSite\",\"@id\":\"https:\\\/\\\/lovme.pt\\\/#website\",\"url\":\"https:\\\/\\\/lovme.pt\\\/\",\"name\":\"Lovme Loja Er\u00f3tica N\u00ba1 em Portugal\",\"description\":\"A melhor loja er\u00f3tica de Portugal.\",\"alternateName\":\"Loja Er\u00f3tica Lovme\",\"potentialAction\":[{\"@type\":\"SearchAction\",\"target\":{\"@type\":\"EntryPoint\",\"urlTemplate\":\"https:\\\/\\\/lovme.pt\\\/?s={search_term_string}\"},\"query-input\":{\"@type\":\"PropertyValueSpecification\",\"valueRequired\":true,\"valueName\":\"search_term_string\"}}],\"inLanguage\":\"pt-PT\"}]}<\/script>\n<!-- \/ Yoast SEO plugin. -->","yoast_head_json":{"title":"FUN FACTORY - VIBRADOR CLIT\u00d3RICO VOLTA G5 GASOLINA - Lovme","robots":{"index":"index","follow":"follow","max-snippet":"max-snippet:-1","max-image-preview":"max-image-preview:large","max-video-preview":"max-video-preview:-1"},"canonical":"https:\/\/lovme.pt\/index.php\/produto\/fun-factory-vibrador-clitorico-volta-g5-gasolina\/","og_locale":"pt_PT","og_type":"article","og_title":"FUN FACTORY - VIBRADOR CLIT\u00d3RICO VOLTA G5 GASOLINA - Lovme","og_description":"FUN FACTORY - VIBRADOR CLIT\u00d3RICO VOLTA G5 GASOLINA","og_url":"https:\/\/lovme.pt\/index.php\/produto\/fun-factory-vibrador-clitorico-volta-g5-gasolina\/","og_site_name":"Lovme","article_modified_time":"2026-02-19T20:08:46+00:00","og_image":[{"width":800,"height":800,"url":"https:\/\/erki24nd3ub.exactdn.com\/wp-content\/uploads\/dream\/img\/img_139572_81e1229e73783fcef1d9de5501b862e6_1.jpg?strip=all","type":"image\/jpeg"}],"twitter_card":"summary_large_image","twitter_misc":{"Tempo estimado de leitura":"3 minutos"},"schema":{"@context":"https:\/\/schema.org","@graph":[{"@type":"WebPage","@id":"https:\/\/lovme.pt\/index.php\/produto\/fun-factory-vibrador-clitorico-volta-g5-gasolina\/","url":"https:\/\/lovme.pt\/index.php\/produto\/fun-factory-vibrador-clitorico-volta-g5-gasolina\/","name":"FUN FACTORY - VIBRADOR CLIT\u00d3RICO VOLTA G5 GASOLINA - Lovme","isPartOf":{"@id":"https:\/\/lovme.pt\/#website"},"primaryImageOfPage":{"@id":"https:\/\/lovme.pt\/index.php\/produto\/fun-factory-vibrador-clitorico-volta-g5-gasolina\/#primaryimage"},"image":{"@id":"https:\/\/lovme.pt\/index.php\/produto\/fun-factory-vibrador-clitorico-volta-g5-gasolina\/#primaryimage"},"thumbnailUrl":"https:\/\/erki24nd3ub.exactdn.com\/wp-content\/uploads\/dream\/img\/img_139572_81e1229e73783fcef1d9de5501b862e6_1.jpg?strip=all","datePublished":"2025-09-30T20:43:23+00:00","dateModified":"2026-02-19T20:08:46+00:00","breadcrumb":{"@id":"https:\/\/lovme.pt\/index.php\/produto\/fun-factory-vibrador-clitorico-volta-g5-gasolina\/#breadcrumb"},"inLanguage":"pt-PT","potentialAction":[{"@type":"ReadAction","target":["https:\/\/lovme.pt\/index.php\/produto\/fun-factory-vibrador-clitorico-volta-g5-gasolina\/"]}]},{"@type":"ImageObject","inLanguage":"pt-PT","@id":"https:\/\/lovme.pt\/index.php\/produto\/fun-factory-vibrador-clitorico-volta-g5-gasolina\/#primaryimage","url":"https:\/\/erki24nd3ub.exactdn.com\/wp-content\/uploads\/dream\/img\/img_139572_81e1229e73783fcef1d9de5501b862e6_1.jpg?strip=all","contentUrl":"https:\/\/erki24nd3ub.exactdn.com\/wp-content\/uploads\/dream\/img\/img_139572_81e1229e73783fcef1d9de5501b862e6_1.jpg?strip=all","width":800,"height":800},{"@type":"BreadcrumbList","@id":"https:\/\/lovme.pt\/index.php\/produto\/fun-factory-vibrador-clitorico-volta-g5-gasolina\/#breadcrumb","itemListElement":[{"@type":"ListItem","position":1,"name":"In\u00edcio","item":"https:\/\/lovme.pt\/"},{"@type":"ListItem","position":2,"name":"Loja","item":"https:\/\/lovme.pt\/index.php\/loja\/"},{"@type":"ListItem","position":3,"name":"FUN FACTORY &#8211; VIBRADOR CLIT\u00d3RICO VOLTA G5 GASOLINA"}]},{"@type":"WebSite","@id":"https:\/\/lovme.pt\/#website","url":"https:\/\/lovme.pt\/","name":"Lovme Loja Er\u00f3tica N\u00ba1 em Portugal","description":"A melhor loja er\u00f3tica de Portugal.","alternateName":"Loja Er\u00f3tica Lovme","potentialAction":[{"@type":"SearchAction","target":{"@type":"EntryPoint","urlTemplate":"https:\/\/lovme.pt\/?s={search_term_string}"},"query-input":{"@type":"PropertyValueSpecification","valueRequired":true,"valueName":"search_term_string"}}],"inLanguage":"pt-PT"}]}},"_links":{"self":[{"href":"https:\/\/lovme.pt\/index.php\/wp-json\/wp\/v2\/product\/41727","targetHints":{"allow":["GET"]}}],"collection":[{"href":"https:\/\/lovme.pt\/index.php\/wp-json\/wp\/v2\/product"}],"about":[{"href":"https:\/\/lovme.pt\/index.php\/wp-json\/wp\/v2\/types\/product"}],"wp:featuredmedia":[{"embeddable":true,"href":"https:\/\/lovme.pt\/index.php\/wp-json\/wp\/v2\/media\/71929"}],"wp:attachment":[{"href":"https:\/\/lovme.pt\/index.php\/wp-json\/wp\/v2\/media?parent=41727"}],"wp:term":[{"taxonomy":"product_brand","embeddable":true,"href":"https:\/\/lovme.pt\/index.php\/wp-json\/wp\/v2\/product_brand?post=41727"},{"taxonomy":"product_cat","embeddable":true,"href":"https:\/\/lovme.pt\/index.php\/wp-json\/wp\/v2\/product_cat?post=41727"},{"taxonomy":"product_tag","embeddable":true,"href":"https:\/\/lovme.pt\/index.php\/wp-json\/wp\/v2\/product_tag?post=41727"}],"curies":[{"name":"wp","href":"https:\/\/api.w.org\/{rel}","templated":true}]}}