{"id":41378,"date":"2025-09-30T10:10:51","date_gmt":"2025-09-30T10:10:51","guid":{"rendered":"https:\/\/lovme.pt\/?post_type=product&p=41378"},"modified":"2026-02-19T20:06:51","modified_gmt":"2026-02-19T20:06:51","slug":"fantasy-x-tensions-pipedreams-sleeve-2286-cm-762-cm-plug-brown","status":"publish","type":"product","link":"https:\/\/lovme.pt\/index.php\/produto\/fantasy-x-tensions-pipedreams-sleeve-2286-cm-762-cm-plug-brown\/","title":{"rendered":"FANTASY X- TENSIONS &#8211; PIPEDREAMS SLEEVE 22,86 CM + 7,62 CM PLUG BROWN"},"content":{"rendered":"<p>Transforme instant\u00e1neamente su pene en una m\u00e1quina de placer con Fantasy X-Tensions Elite! Hecho de silicona de \u00e9lite ultra-higi\u00e9nica, esta manga de mejora de rendimiento se adapta a un guante y se siente como una segunda piel, dando a los usuarios una longitud adicional, una mayor circunferencia y la m\u00e1xima confianza. Satisface a su pareja y evite las decepciones vergonzosas de Midway con su nuevo arma secreta! Perfecto para personas con ED y Ansiedad de rendimiento, los potenciadores de \u00e9lite de Fantasy X-Tensions ofrecer\u00e1n resultados que ambos socios apreciar\u00e1n.<\/p>\n<p>Tu fantas\u00eda X-Tension Elite es s\u00faper elegante para acomodar la mayor\u00eda de los tama\u00f1os y lo suficientemente ajustado como para ayudarte a durar m\u00e1s. Su pareja disfrutar\u00e1 de una penetraci\u00f3n m\u00e1s profunda con el extensor extra\u00edble en la punta, mientras que la manga ultracrealista lo hace un 66% m\u00e1s grueso. La correa de bola flexible se envuelve firmemente alrededor de su saco para un ajuste c\u00f3modo y seguro que conduce a un acabado m\u00e1s largo y m\u00e1s satisfactorio. Este podr\u00eda ser t\u00fa!<\/p>\n<ul>\n<li>7.6 cm Extensor extra\u00edble<\/li>\n<li>suma hasta 66% de circunferencia<\/li>\n<li>Silicona de \u00e9lite de alta calidad<\/li>\n<li>Texturas y detalles realistas<\/li>\n<li>Recorte para un ajuste perfecto<\/li>\n<li>estiras para adaptarse a la mayor\u00eda de los tama\u00f1os<\/li>\n<li>Perfecto para personas con ed<\/li>\n<\/ul>\n<p>ver en los \u00faltimos 20 a\u00f1os, Pipedream Products ha creado y desarrollado algunos de los productos novedosos m\u00e1s vendidos del mundo. Entre estos productos se encuentran juguetes y vibraciones realistas, pero tambi\u00e9n una amplia gama de gags, lociones, equipo fetiche y regalos.<\/p>\n","protected":false},"excerpt":{"rendered":"<p>FANTASY X- TENSIONS &#8211; PIPEDREAMS SLEEVE 9 INCH + 3 INCH PLUG BROWN<\/p>\n","protected":false},"featured_media":63645,"template":"","meta":{"_acf_changed":false},"product_brand":[],"product_cat":[17,60],"product_tag":[],"class_list":{"0":"post-41378","1":"product","2":"type-product","3":"status-publish","4":"has-post-thumbnail","6":"product_cat-brinquedos-de-bem-estar-sexual","7":"product_cat-para-eles","8":"yith_product_brand-pipedreamsfantasy-x-tensions","9":"yith_product_brand-pipedreams","11":"first","12":"instock","13":"taxable","14":"shipping-taxable","15":"purchasable","16":"product-type-simple"},"acf":[],"yoast_head":"<!-- This site is optimized with the Yoast SEO plugin v27.4 - https:\/\/yoast.com\/product\/yoast-seo-wordpress\/ -->\n<title>FANTASY X- TENSIONS - PIPEDREAMS SLEEVE 22,86 CM + 7,62 CM PLUG BROWN - Lovme<\/title>\n<meta name=\"robots\" content=\"index, follow, max-snippet:-1, max-image-preview:large, max-video-preview:-1\" \/>\n<link rel=\"canonical\" href=\"https:\/\/lovme.pt\/index.php\/produto\/fantasy-x-tensions-pipedreams-sleeve-2286-cm-762-cm-plug-brown\/\" \/>\n<meta property=\"og:locale\" content=\"pt_PT\" \/>\n<meta property=\"og:type\" content=\"article\" \/>\n<meta property=\"og:title\" content=\"FANTASY X- TENSIONS - PIPEDREAMS SLEEVE 22,86 CM + 7,62 CM PLUG BROWN - Lovme\" \/>\n<meta property=\"og:description\" content=\"FANTASY X- TENSIONS - PIPEDREAMS SLEEVE 9 INCH + 3 INCH PLUG BROWN\" \/>\n<meta property=\"og:url\" content=\"https:\/\/lovme.pt\/index.php\/produto\/fantasy-x-tensions-pipedreams-sleeve-2286-cm-762-cm-plug-brown\/\" \/>\n<meta property=\"og:site_name\" content=\"Lovme\" \/>\n<meta property=\"article:modified_time\" content=\"2026-02-19T20:06:51+00:00\" \/>\n<meta property=\"og:image\" content=\"https:\/\/erki24nd3ub.exactdn.com\/wp-content\/uploads\/dream\/img\/img_134613_89c777f36ccf86520eebbf7eb7f8ab80_1.jpg?strip=all\" \/>\n\t<meta property=\"og:image:width\" content=\"800\" \/>\n\t<meta property=\"og:image:height\" content=\"800\" \/>\n\t<meta property=\"og:image:type\" content=\"image\/jpeg\" \/>\n<meta name=\"twitter:card\" content=\"summary_large_image\" \/>\n<meta name=\"twitter:label1\" content=\"Tempo estimado de leitura\" \/>\n\t<meta name=\"twitter:data1\" content=\"1 minuto\" \/>\n<script type=\"application\/ld+json\" class=\"yoast-schema-graph\">{\"@context\":\"https:\\\/\\\/schema.org\",\"@graph\":[{\"@type\":\"WebPage\",\"@id\":\"https:\\\/\\\/lovme.pt\\\/index.php\\\/produto\\\/fantasy-x-tensions-pipedreams-sleeve-2286-cm-762-cm-plug-brown\\\/\",\"url\":\"https:\\\/\\\/lovme.pt\\\/index.php\\\/produto\\\/fantasy-x-tensions-pipedreams-sleeve-2286-cm-762-cm-plug-brown\\\/\",\"name\":\"FANTASY X- TENSIONS - PIPEDREAMS SLEEVE 22,86 CM + 7,62 CM PLUG BROWN - Lovme\",\"isPartOf\":{\"@id\":\"https:\\\/\\\/lovme.pt\\\/#website\"},\"primaryImageOfPage\":{\"@id\":\"https:\\\/\\\/lovme.pt\\\/index.php\\\/produto\\\/fantasy-x-tensions-pipedreams-sleeve-2286-cm-762-cm-plug-brown\\\/#primaryimage\"},\"image\":{\"@id\":\"https:\\\/\\\/lovme.pt\\\/index.php\\\/produto\\\/fantasy-x-tensions-pipedreams-sleeve-2286-cm-762-cm-plug-brown\\\/#primaryimage\"},\"thumbnailUrl\":\"https:\\\/\\\/erki24nd3ub.exactdn.com\\\/wp-content\\\/uploads\\\/dream\\\/img\\\/img_134613_89c777f36ccf86520eebbf7eb7f8ab80_1.jpg?strip=all\",\"datePublished\":\"2025-09-30T10:10:51+00:00\",\"dateModified\":\"2026-02-19T20:06:51+00:00\",\"breadcrumb\":{\"@id\":\"https:\\\/\\\/lovme.pt\\\/index.php\\\/produto\\\/fantasy-x-tensions-pipedreams-sleeve-2286-cm-762-cm-plug-brown\\\/#breadcrumb\"},\"inLanguage\":\"pt-PT\",\"potentialAction\":[{\"@type\":\"ReadAction\",\"target\":[\"https:\\\/\\\/lovme.pt\\\/index.php\\\/produto\\\/fantasy-x-tensions-pipedreams-sleeve-2286-cm-762-cm-plug-brown\\\/\"]}]},{\"@type\":\"ImageObject\",\"inLanguage\":\"pt-PT\",\"@id\":\"https:\\\/\\\/lovme.pt\\\/index.php\\\/produto\\\/fantasy-x-tensions-pipedreams-sleeve-2286-cm-762-cm-plug-brown\\\/#primaryimage\",\"url\":\"https:\\\/\\\/erki24nd3ub.exactdn.com\\\/wp-content\\\/uploads\\\/dream\\\/img\\\/img_134613_89c777f36ccf86520eebbf7eb7f8ab80_1.jpg?strip=all\",\"contentUrl\":\"https:\\\/\\\/erki24nd3ub.exactdn.com\\\/wp-content\\\/uploads\\\/dream\\\/img\\\/img_134613_89c777f36ccf86520eebbf7eb7f8ab80_1.jpg?strip=all\",\"width\":800,\"height\":800},{\"@type\":\"BreadcrumbList\",\"@id\":\"https:\\\/\\\/lovme.pt\\\/index.php\\\/produto\\\/fantasy-x-tensions-pipedreams-sleeve-2286-cm-762-cm-plug-brown\\\/#breadcrumb\",\"itemListElement\":[{\"@type\":\"ListItem\",\"position\":1,\"name\":\"In\u00edcio\",\"item\":\"https:\\\/\\\/lovme.pt\\\/\"},{\"@type\":\"ListItem\",\"position\":2,\"name\":\"Loja\",\"item\":\"https:\\\/\\\/lovme.pt\\\/index.php\\\/loja\\\/\"},{\"@type\":\"ListItem\",\"position\":3,\"name\":\"FANTASY X- TENSIONS &#8211; PIPEDREAMS SLEEVE 22,86 CM + 7,62 CM PLUG BROWN\"}]},{\"@type\":\"WebSite\",\"@id\":\"https:\\\/\\\/lovme.pt\\\/#website\",\"url\":\"https:\\\/\\\/lovme.pt\\\/\",\"name\":\"Lovme Loja Er\u00f3tica N\u00ba1 em Portugal\",\"description\":\"A melhor loja er\u00f3tica de Portugal.\",\"alternateName\":\"Loja Er\u00f3tica Lovme\",\"potentialAction\":[{\"@type\":\"SearchAction\",\"target\":{\"@type\":\"EntryPoint\",\"urlTemplate\":\"https:\\\/\\\/lovme.pt\\\/?s={search_term_string}\"},\"query-input\":{\"@type\":\"PropertyValueSpecification\",\"valueRequired\":true,\"valueName\":\"search_term_string\"}}],\"inLanguage\":\"pt-PT\"}]}<\/script>\n<!-- \/ Yoast SEO plugin. -->","yoast_head_json":{"title":"FANTASY X- TENSIONS - PIPEDREAMS SLEEVE 22,86 CM + 7,62 CM PLUG BROWN - Lovme","robots":{"index":"index","follow":"follow","max-snippet":"max-snippet:-1","max-image-preview":"max-image-preview:large","max-video-preview":"max-video-preview:-1"},"canonical":"https:\/\/lovme.pt\/index.php\/produto\/fantasy-x-tensions-pipedreams-sleeve-2286-cm-762-cm-plug-brown\/","og_locale":"pt_PT","og_type":"article","og_title":"FANTASY X- TENSIONS - PIPEDREAMS SLEEVE 22,86 CM + 7,62 CM PLUG BROWN - Lovme","og_description":"FANTASY X- TENSIONS - PIPEDREAMS SLEEVE 9 INCH + 3 INCH PLUG BROWN","og_url":"https:\/\/lovme.pt\/index.php\/produto\/fantasy-x-tensions-pipedreams-sleeve-2286-cm-762-cm-plug-brown\/","og_site_name":"Lovme","article_modified_time":"2026-02-19T20:06:51+00:00","og_image":[{"width":800,"height":800,"url":"https:\/\/erki24nd3ub.exactdn.com\/wp-content\/uploads\/dream\/img\/img_134613_89c777f36ccf86520eebbf7eb7f8ab80_1.jpg?strip=all","type":"image\/jpeg"}],"twitter_card":"summary_large_image","twitter_misc":{"Tempo estimado de leitura":"1 minuto"},"schema":{"@context":"https:\/\/schema.org","@graph":[{"@type":"WebPage","@id":"https:\/\/lovme.pt\/index.php\/produto\/fantasy-x-tensions-pipedreams-sleeve-2286-cm-762-cm-plug-brown\/","url":"https:\/\/lovme.pt\/index.php\/produto\/fantasy-x-tensions-pipedreams-sleeve-2286-cm-762-cm-plug-brown\/","name":"FANTASY X- TENSIONS - PIPEDREAMS SLEEVE 22,86 CM + 7,62 CM PLUG BROWN - Lovme","isPartOf":{"@id":"https:\/\/lovme.pt\/#website"},"primaryImageOfPage":{"@id":"https:\/\/lovme.pt\/index.php\/produto\/fantasy-x-tensions-pipedreams-sleeve-2286-cm-762-cm-plug-brown\/#primaryimage"},"image":{"@id":"https:\/\/lovme.pt\/index.php\/produto\/fantasy-x-tensions-pipedreams-sleeve-2286-cm-762-cm-plug-brown\/#primaryimage"},"thumbnailUrl":"https:\/\/erki24nd3ub.exactdn.com\/wp-content\/uploads\/dream\/img\/img_134613_89c777f36ccf86520eebbf7eb7f8ab80_1.jpg?strip=all","datePublished":"2025-09-30T10:10:51+00:00","dateModified":"2026-02-19T20:06:51+00:00","breadcrumb":{"@id":"https:\/\/lovme.pt\/index.php\/produto\/fantasy-x-tensions-pipedreams-sleeve-2286-cm-762-cm-plug-brown\/#breadcrumb"},"inLanguage":"pt-PT","potentialAction":[{"@type":"ReadAction","target":["https:\/\/lovme.pt\/index.php\/produto\/fantasy-x-tensions-pipedreams-sleeve-2286-cm-762-cm-plug-brown\/"]}]},{"@type":"ImageObject","inLanguage":"pt-PT","@id":"https:\/\/lovme.pt\/index.php\/produto\/fantasy-x-tensions-pipedreams-sleeve-2286-cm-762-cm-plug-brown\/#primaryimage","url":"https:\/\/erki24nd3ub.exactdn.com\/wp-content\/uploads\/dream\/img\/img_134613_89c777f36ccf86520eebbf7eb7f8ab80_1.jpg?strip=all","contentUrl":"https:\/\/erki24nd3ub.exactdn.com\/wp-content\/uploads\/dream\/img\/img_134613_89c777f36ccf86520eebbf7eb7f8ab80_1.jpg?strip=all","width":800,"height":800},{"@type":"BreadcrumbList","@id":"https:\/\/lovme.pt\/index.php\/produto\/fantasy-x-tensions-pipedreams-sleeve-2286-cm-762-cm-plug-brown\/#breadcrumb","itemListElement":[{"@type":"ListItem","position":1,"name":"In\u00edcio","item":"https:\/\/lovme.pt\/"},{"@type":"ListItem","position":2,"name":"Loja","item":"https:\/\/lovme.pt\/index.php\/loja\/"},{"@type":"ListItem","position":3,"name":"FANTASY X- TENSIONS &#8211; PIPEDREAMS SLEEVE 22,86 CM + 7,62 CM PLUG BROWN"}]},{"@type":"WebSite","@id":"https:\/\/lovme.pt\/#website","url":"https:\/\/lovme.pt\/","name":"Lovme Loja Er\u00f3tica N\u00ba1 em Portugal","description":"A melhor loja er\u00f3tica de Portugal.","alternateName":"Loja Er\u00f3tica Lovme","potentialAction":[{"@type":"SearchAction","target":{"@type":"EntryPoint","urlTemplate":"https:\/\/lovme.pt\/?s={search_term_string}"},"query-input":{"@type":"PropertyValueSpecification","valueRequired":true,"valueName":"search_term_string"}}],"inLanguage":"pt-PT"}]}},"_links":{"self":[{"href":"https:\/\/lovme.pt\/index.php\/wp-json\/wp\/v2\/product\/41378","targetHints":{"allow":["GET"]}}],"collection":[{"href":"https:\/\/lovme.pt\/index.php\/wp-json\/wp\/v2\/product"}],"about":[{"href":"https:\/\/lovme.pt\/index.php\/wp-json\/wp\/v2\/types\/product"}],"wp:featuredmedia":[{"embeddable":true,"href":"https:\/\/lovme.pt\/index.php\/wp-json\/wp\/v2\/media\/63645"}],"wp:attachment":[{"href":"https:\/\/lovme.pt\/index.php\/wp-json\/wp\/v2\/media?parent=41378"}],"wp:term":[{"taxonomy":"product_brand","embeddable":true,"href":"https:\/\/lovme.pt\/index.php\/wp-json\/wp\/v2\/product_brand?post=41378"},{"taxonomy":"product_cat","embeddable":true,"href":"https:\/\/lovme.pt\/index.php\/wp-json\/wp\/v2\/product_cat?post=41378"},{"taxonomy":"product_tag","embeddable":true,"href":"https:\/\/lovme.pt\/index.php\/wp-json\/wp\/v2\/product_tag?post=41378"}],"curies":[{"name":"wp","href":"https:\/\/api.w.org\/{rel}","templated":true}]}}