{"id":39409,"date":"2025-09-30T20:40:36","date_gmt":"2025-09-30T20:40:36","guid":{"rendered":"https:\/\/lovme.pt\/?post_type=product&#038;p=39409"},"modified":"2026-02-19T20:23:18","modified_gmt":"2026-02-19T20:23:18","slug":"satisfyer-estimulador-de-pulso-de-ar-pro-2-violeta","status":"publish","type":"product","link":"https:\/\/lovme.pt\/index.php\/produto\/satisfyer-estimulador-de-pulso-de-ar-pro-2-violeta\/","title":{"rendered":"SATISFYER PRO 2 ESTIMULADOR &#8211; VIOLETA"},"content":{"rendered":"<p>Nosso cl\u00e1ssico e elegante Pro 2 estreia nossa tecnologia propriet\u00e1ria Air-Pulse, destinada a excitar seu clit\u00f3ris em pura felicidade. Apresentando um motor silencioso e uma cabe\u00e7a de silicone macia, o Pro 2 cria o clima para atingir o pico do seu desejo.<\/p>\n<p> <strong>Informa\u00e7\u00f5es sobre o produto &#8220;Satisfyer PRO 2&#8221;<\/strong><\/p>\n<ul>\n<li> Estimula o clit\u00f3ris usando ondas de press\u00e3o intensas sem contato direto<\/li>\n<li> Feito de silicone de grau m\u00e9dico supermacio, adequado para o corpo, suave ao toque e extremamente higi\u00eanico<\/li>\n<li> Gra\u00e7as ao seu acabamento \u00e0 prova d\u00e1gua (IPX7), este brinquedo pode ser usado com seguran\u00e7a na \u00e1gua e \u00e9 f\u00e1cil de limpar<\/li>\n<li> 2 motores control\u00e1veis separadamente<\/li>\n<li> 11 intensidades de ondas de press\u00e3o<\/li>\n<li> Silicone amigo do corpo<\/li>\n<li> 15 anos de garantia<\/li>\n<li> Modo sussurro<\/li>\n<li> Bateria recarreg\u00e1vel de \u00edons de l\u00edtio<\/li>\n<li> \u00c0 prova d\u00e1gua (IPX7)<\/li>\n<li> Cabo de carregamento USB magn\u00e9tico inclu\u00eddo<\/li>\n<li> F\u00e1cil de limpar<\/li>\n<\/ul>\n<p> <strong>O Satisfyer Pro 2: vibrador de ondas de press\u00e3o com orgasmos garantidos<\/strong><\/p>\n<p> O Satisfyer Pro 2 est\u00e1 equipado com a nossa inovadora tecnologia Satisfyer Airpulse, excitando o seu clit\u00f3ris com ondas de press\u00e3o suaves ou intensas. J\u00e1 vendemos milh\u00f5es deles porque as pessoas adoram as pulsa\u00e7\u00f5es emocionantes. Este best-seller lhe dar\u00e1 orgasmos t\u00e3o explosivos que voc\u00ea n\u00e3o conseguir\u00e1 se fartar. Nunca foi t\u00e3o f\u00e1cil manter o equil\u00edbrio do seu bem-estar sexual.<\/p>\n<p> <strong>Quais s\u00e3o algumas das outras grandes vantagens do Satisfyer Pro 2?<\/strong><\/p>\n<p> Juntamente com destaques nunca antes vistos, a pr\u00f3xima gera\u00e7\u00e3o do Satisfyer Pro 2 possui um design de bot\u00e3o otimizado que permite clicar em 11 n\u00edveis emocionantes de ondas de press\u00e3o. Tamb\u00e9m \u00e9 \u00e0 prova d\u2019\u00e1gua e pode ser usado discretamente na banheira ou entre os len\u00e7\u00f3is gra\u00e7as ao seu motor silencioso. Um pr\u00e1tico carregador USB carrega facilmente a bateria, mantendo o seu Satisfyer Pro 2 pronto para a pr\u00f3xima sess\u00e3o. Para uma experi\u00eancia ainda mais deslumbrante, pode usar lubrificante \u00e0 base de \u00e1gua  os lubrificantes da Satisfyer especialmente formulados para este produto ir\u00e3o aumentar a divers\u00e3o.<\/p>\n<p> A cabe\u00e7a macia feita de silicone higi\u00eanico \u00e9 maior e mais larga, por isso envolve ainda melhor o clit\u00f3ris, proporcionando sensa\u00e7\u00f5es \u00fanicas. Tamb\u00e9m \u00e9 f\u00e1cil de limpar com \u00e1gua e sab\u00e3o ou com um limpador esterilizado desenvolvido para dispositivos de bem-estar sexual. Temos tanta certeza da qualidade dos nossos prazeres que oferecemos uma garantia de 15 anos. O que mais o impede de dar uma volta com este brinquedo incrivelmente emocionante?<\/p>\n","protected":false},"excerpt":{"rendered":"<p>SATISFYER &#8211; ESTIMULADOR DE PULSO DE AR PRO 2 VIOLETA<\/p>\n","protected":false},"featured_media":71355,"template":"","meta":{"_acf_changed":false},"product_brand":[],"product_cat":[17,61,64],"product_tag":[],"class_list":{"0":"post-39409","1":"product","2":"type-product","3":"status-publish","4":"has-post-thumbnail","6":"product_cat-brinquedos-de-bem-estar-sexual","7":"product_cat-para-elas","8":"product_cat-sugadores","9":"yith_product_brand-satisfyer","10":"yith_product_brand-satisfyer-satisfyer-air-pulse","12":"first","13":"instock","14":"taxable","15":"shipping-taxable","16":"purchasable","17":"product-type-variable","18":"has-default-attributes"},"acf":[],"yoast_head":"<!-- This site is optimized with the Yoast SEO plugin v27.4 - https:\/\/yoast.com\/product\/yoast-seo-wordpress\/ -->\n<title>SATISFYER PRO 2 ESTIMULADOR - VIOLETA - Lovme<\/title>\n<meta name=\"robots\" content=\"index, follow, max-snippet:-1, max-image-preview:large, max-video-preview:-1\" \/>\n<link rel=\"canonical\" href=\"https:\/\/lovme.pt\/index.php\/produto\/satisfyer-estimulador-de-pulso-de-ar-pro-2-violeta\/\" \/>\n<meta property=\"og:locale\" content=\"pt_PT\" \/>\n<meta property=\"og:type\" content=\"article\" \/>\n<meta property=\"og:title\" content=\"SATISFYER PRO 2 ESTIMULADOR - VIOLETA - Lovme\" \/>\n<meta property=\"og:description\" content=\"SATISFYER - ESTIMULADOR DE PULSO DE AR PRO 2 VIOLETA\" \/>\n<meta property=\"og:url\" content=\"https:\/\/lovme.pt\/index.php\/produto\/satisfyer-estimulador-de-pulso-de-ar-pro-2-violeta\/\" \/>\n<meta property=\"og:site_name\" content=\"Lovme\" \/>\n<meta property=\"article:modified_time\" content=\"2026-02-19T20:23:18+00:00\" \/>\n<meta property=\"og:image\" content=\"https:\/\/erki24nd3ub.exactdn.com\/wp-content\/uploads\/dream\/img\/img_123997_4dbf434834d30cd63062bb9ef985c8e0_1.png?strip=all\" \/>\n\t<meta property=\"og:image:width\" content=\"645\" \/>\n\t<meta property=\"og:image:height\" content=\"648\" \/>\n\t<meta property=\"og:image:type\" content=\"image\/png\" \/>\n<meta name=\"twitter:card\" content=\"summary_large_image\" \/>\n<meta name=\"twitter:label1\" content=\"Tempo estimado de leitura\" \/>\n\t<meta name=\"twitter:data1\" content=\"2 minutos\" \/>\n<script type=\"application\/ld+json\" class=\"yoast-schema-graph\">{\"@context\":\"https:\\\/\\\/schema.org\",\"@graph\":[{\"@type\":\"WebPage\",\"@id\":\"https:\\\/\\\/lovme.pt\\\/index.php\\\/produto\\\/satisfyer-estimulador-de-pulso-de-ar-pro-2-violeta\\\/\",\"url\":\"https:\\\/\\\/lovme.pt\\\/index.php\\\/produto\\\/satisfyer-estimulador-de-pulso-de-ar-pro-2-violeta\\\/\",\"name\":\"SATISFYER PRO 2 ESTIMULADOR - VIOLETA - Lovme\",\"isPartOf\":{\"@id\":\"https:\\\/\\\/lovme.pt\\\/#website\"},\"primaryImageOfPage\":{\"@id\":\"https:\\\/\\\/lovme.pt\\\/index.php\\\/produto\\\/satisfyer-estimulador-de-pulso-de-ar-pro-2-violeta\\\/#primaryimage\"},\"image\":{\"@id\":\"https:\\\/\\\/lovme.pt\\\/index.php\\\/produto\\\/satisfyer-estimulador-de-pulso-de-ar-pro-2-violeta\\\/#primaryimage\"},\"thumbnailUrl\":\"https:\\\/\\\/erki24nd3ub.exactdn.com\\\/wp-content\\\/uploads\\\/dream\\\/img\\\/img_123997_4dbf434834d30cd63062bb9ef985c8e0_1.png?strip=all\",\"datePublished\":\"2025-09-30T20:40:36+00:00\",\"dateModified\":\"2026-02-19T20:23:18+00:00\",\"breadcrumb\":{\"@id\":\"https:\\\/\\\/lovme.pt\\\/index.php\\\/produto\\\/satisfyer-estimulador-de-pulso-de-ar-pro-2-violeta\\\/#breadcrumb\"},\"inLanguage\":\"pt-PT\",\"potentialAction\":[{\"@type\":\"ReadAction\",\"target\":[\"https:\\\/\\\/lovme.pt\\\/index.php\\\/produto\\\/satisfyer-estimulador-de-pulso-de-ar-pro-2-violeta\\\/\"]}]},{\"@type\":\"ImageObject\",\"inLanguage\":\"pt-PT\",\"@id\":\"https:\\\/\\\/lovme.pt\\\/index.php\\\/produto\\\/satisfyer-estimulador-de-pulso-de-ar-pro-2-violeta\\\/#primaryimage\",\"url\":\"https:\\\/\\\/erki24nd3ub.exactdn.com\\\/wp-content\\\/uploads\\\/dream\\\/img\\\/img_123997_4dbf434834d30cd63062bb9ef985c8e0_1.png?strip=all\",\"contentUrl\":\"https:\\\/\\\/erki24nd3ub.exactdn.com\\\/wp-content\\\/uploads\\\/dream\\\/img\\\/img_123997_4dbf434834d30cd63062bb9ef985c8e0_1.png?strip=all\",\"width\":645,\"height\":648},{\"@type\":\"BreadcrumbList\",\"@id\":\"https:\\\/\\\/lovme.pt\\\/index.php\\\/produto\\\/satisfyer-estimulador-de-pulso-de-ar-pro-2-violeta\\\/#breadcrumb\",\"itemListElement\":[{\"@type\":\"ListItem\",\"position\":1,\"name\":\"In\u00edcio\",\"item\":\"https:\\\/\\\/lovme.pt\\\/\"},{\"@type\":\"ListItem\",\"position\":2,\"name\":\"Loja\",\"item\":\"https:\\\/\\\/lovme.pt\\\/index.php\\\/loja\\\/\"},{\"@type\":\"ListItem\",\"position\":3,\"name\":\"SATISFYER PRO 2 ESTIMULADOR &#8211; VIOLETA\"}]},{\"@type\":\"WebSite\",\"@id\":\"https:\\\/\\\/lovme.pt\\\/#website\",\"url\":\"https:\\\/\\\/lovme.pt\\\/\",\"name\":\"Lovme Loja Er\u00f3tica N\u00ba1 em Portugal\",\"description\":\"A melhor loja er\u00f3tica de Portugal.\",\"alternateName\":\"Loja Er\u00f3tica Lovme\",\"potentialAction\":[{\"@type\":\"SearchAction\",\"target\":{\"@type\":\"EntryPoint\",\"urlTemplate\":\"https:\\\/\\\/lovme.pt\\\/?s={search_term_string}\"},\"query-input\":{\"@type\":\"PropertyValueSpecification\",\"valueRequired\":true,\"valueName\":\"search_term_string\"}}],\"inLanguage\":\"pt-PT\"}]}<\/script>\n<!-- \/ Yoast SEO plugin. -->","yoast_head_json":{"title":"SATISFYER PRO 2 ESTIMULADOR - VIOLETA - Lovme","robots":{"index":"index","follow":"follow","max-snippet":"max-snippet:-1","max-image-preview":"max-image-preview:large","max-video-preview":"max-video-preview:-1"},"canonical":"https:\/\/lovme.pt\/index.php\/produto\/satisfyer-estimulador-de-pulso-de-ar-pro-2-violeta\/","og_locale":"pt_PT","og_type":"article","og_title":"SATISFYER PRO 2 ESTIMULADOR - VIOLETA - Lovme","og_description":"SATISFYER - ESTIMULADOR DE PULSO DE AR PRO 2 VIOLETA","og_url":"https:\/\/lovme.pt\/index.php\/produto\/satisfyer-estimulador-de-pulso-de-ar-pro-2-violeta\/","og_site_name":"Lovme","article_modified_time":"2026-02-19T20:23:18+00:00","og_image":[{"width":645,"height":648,"url":"https:\/\/erki24nd3ub.exactdn.com\/wp-content\/uploads\/dream\/img\/img_123997_4dbf434834d30cd63062bb9ef985c8e0_1.png?strip=all","type":"image\/png"}],"twitter_card":"summary_large_image","twitter_misc":{"Tempo estimado de leitura":"2 minutos"},"schema":{"@context":"https:\/\/schema.org","@graph":[{"@type":"WebPage","@id":"https:\/\/lovme.pt\/index.php\/produto\/satisfyer-estimulador-de-pulso-de-ar-pro-2-violeta\/","url":"https:\/\/lovme.pt\/index.php\/produto\/satisfyer-estimulador-de-pulso-de-ar-pro-2-violeta\/","name":"SATISFYER PRO 2 ESTIMULADOR - VIOLETA - Lovme","isPartOf":{"@id":"https:\/\/lovme.pt\/#website"},"primaryImageOfPage":{"@id":"https:\/\/lovme.pt\/index.php\/produto\/satisfyer-estimulador-de-pulso-de-ar-pro-2-violeta\/#primaryimage"},"image":{"@id":"https:\/\/lovme.pt\/index.php\/produto\/satisfyer-estimulador-de-pulso-de-ar-pro-2-violeta\/#primaryimage"},"thumbnailUrl":"https:\/\/erki24nd3ub.exactdn.com\/wp-content\/uploads\/dream\/img\/img_123997_4dbf434834d30cd63062bb9ef985c8e0_1.png?strip=all","datePublished":"2025-09-30T20:40:36+00:00","dateModified":"2026-02-19T20:23:18+00:00","breadcrumb":{"@id":"https:\/\/lovme.pt\/index.php\/produto\/satisfyer-estimulador-de-pulso-de-ar-pro-2-violeta\/#breadcrumb"},"inLanguage":"pt-PT","potentialAction":[{"@type":"ReadAction","target":["https:\/\/lovme.pt\/index.php\/produto\/satisfyer-estimulador-de-pulso-de-ar-pro-2-violeta\/"]}]},{"@type":"ImageObject","inLanguage":"pt-PT","@id":"https:\/\/lovme.pt\/index.php\/produto\/satisfyer-estimulador-de-pulso-de-ar-pro-2-violeta\/#primaryimage","url":"https:\/\/erki24nd3ub.exactdn.com\/wp-content\/uploads\/dream\/img\/img_123997_4dbf434834d30cd63062bb9ef985c8e0_1.png?strip=all","contentUrl":"https:\/\/erki24nd3ub.exactdn.com\/wp-content\/uploads\/dream\/img\/img_123997_4dbf434834d30cd63062bb9ef985c8e0_1.png?strip=all","width":645,"height":648},{"@type":"BreadcrumbList","@id":"https:\/\/lovme.pt\/index.php\/produto\/satisfyer-estimulador-de-pulso-de-ar-pro-2-violeta\/#breadcrumb","itemListElement":[{"@type":"ListItem","position":1,"name":"In\u00edcio","item":"https:\/\/lovme.pt\/"},{"@type":"ListItem","position":2,"name":"Loja","item":"https:\/\/lovme.pt\/index.php\/loja\/"},{"@type":"ListItem","position":3,"name":"SATISFYER PRO 2 ESTIMULADOR &#8211; VIOLETA"}]},{"@type":"WebSite","@id":"https:\/\/lovme.pt\/#website","url":"https:\/\/lovme.pt\/","name":"Lovme Loja Er\u00f3tica N\u00ba1 em Portugal","description":"A melhor loja er\u00f3tica de Portugal.","alternateName":"Loja Er\u00f3tica Lovme","potentialAction":[{"@type":"SearchAction","target":{"@type":"EntryPoint","urlTemplate":"https:\/\/lovme.pt\/?s={search_term_string}"},"query-input":{"@type":"PropertyValueSpecification","valueRequired":true,"valueName":"search_term_string"}}],"inLanguage":"pt-PT"}]}},"_links":{"self":[{"href":"https:\/\/lovme.pt\/index.php\/wp-json\/wp\/v2\/product\/39409","targetHints":{"allow":["GET"]}}],"collection":[{"href":"https:\/\/lovme.pt\/index.php\/wp-json\/wp\/v2\/product"}],"about":[{"href":"https:\/\/lovme.pt\/index.php\/wp-json\/wp\/v2\/types\/product"}],"wp:featuredmedia":[{"embeddable":true,"href":"https:\/\/lovme.pt\/index.php\/wp-json\/wp\/v2\/media\/71355"}],"wp:attachment":[{"href":"https:\/\/lovme.pt\/index.php\/wp-json\/wp\/v2\/media?parent=39409"}],"wp:term":[{"taxonomy":"product_brand","embeddable":true,"href":"https:\/\/lovme.pt\/index.php\/wp-json\/wp\/v2\/product_brand?post=39409"},{"taxonomy":"product_cat","embeddable":true,"href":"https:\/\/lovme.pt\/index.php\/wp-json\/wp\/v2\/product_cat?post=39409"},{"taxonomy":"product_tag","embeddable":true,"href":"https:\/\/lovme.pt\/index.php\/wp-json\/wp\/v2\/product_tag?post=39409"}],"curies":[{"name":"wp","href":"https:\/\/api.w.org\/{rel}","templated":true}]}}