{"id":38910,"date":"2025-09-30T22:19:21","date_gmt":"2025-09-30T22:19:21","guid":{"rendered":"https:\/\/lovme.pt\/?post_type=product&#038;p=38910"},"modified":"2026-02-25T08:13:16","modified_gmt":"2026-02-25T08:13:16","slug":"secretplay-oleo-corporal-pretty-but-wild-glow-50-ml","status":"publish","type":"product","link":"https:\/\/lovme.pt\/index.php\/produto\/secretplay-oleo-corporal-pretty-but-wild-glow-50-ml\/","title":{"rendered":"SECRETPLAY &#8211; \u00d3LEO CORPORAL PRETTY BUT WILD GLOW 50 ML"},"content":{"rendered":"<p><strong>O GLOW BODY OIL<\/strong> da cole\u00e7\u00e3o <strong>PRETTY BUT WILD<\/strong> \u00e9 um \u00f3leo corporal iluminador feito com ingredientes ativos de origem vegetal que adiciona um efeito brilhante e um leve brilho dourado \u00e0 pele, deixando-a luminosa e hidratada.<\/p>\n<ul>\n<li> Capacidade: 50ml.<\/li>\n<\/ul>\n<p> Como usar:<\/p>\n<p> Aplique uma pequena quantidade na palma da m\u00e3o e espalhe pelo corpo com movimentos circulares at\u00e9 completa absor\u00e7\u00e3o. Pronta para brilhar! Recomendado para todos os tipos de pele.<\/p>\n<p> Caracter\u00edsticas e propriedades:<\/p>\n<ul>\n<li> Mant\u00e9m a pele mais flex\u00edvel e bonita gra\u00e7as ao seu alto teor de vitamina E.<\/li>\n<li> \u00c9 facilmente absorvido gra\u00e7as \u00e0 sua textura oleosa.<\/li>\n<li> Hidrata intensamente a pele, deixando-a mais flex\u00edvel, macia e revitalizada.<\/li>\n<li> Possui propriedades anticelulite, atuando na redu\u00e7\u00e3o e preven\u00e7\u00e3o da celulite gra\u00e7as \u00e0 a\u00e7\u00e3o de queima de gordura da cafe\u00edna presente no guaran\u00e1 e \u00e0 poderosa combina\u00e7\u00e3o de \u00f3leos anticelulite como alecrim, fucus, hera e laranja amarga, que juntos previnem o aparecimento de celulite e varizes.<\/li>\n<li> A trufa nutre a pele e suas part\u00edculas biol\u00f3gicas estimulam a atra\u00e7\u00e3o sexual de forma natural.<\/li>\n<li> Os brilhos perolados iluminam a pele com um tom dourado e um acabamento sutilmente cintilante.<\/li>\n<li> Possui um aroma doce de caramelo que \u00e9 pura depend\u00eancia.<\/li>\n<li> Com seu aroma doce, cria uma atmosfera sensual e relaxante no banheiro.<\/li>\n<li> Feito com ingredientes ativos de origem vegetal.<\/li>\n<\/ul>\n<p> Recursos naturais:<\/p>\n<ul>\n<li> Vitamina E: previne danos \u00e0 pele causados por radicais livres, reduz a pr\u00e9-oxida\u00e7\u00e3o dos lip\u00eddios cut\u00e2neos (diminuindo rugas), aumenta a capacidade de reten\u00e7\u00e3o de umidade da epiderme, melhora o relevo e a sensa\u00e7\u00e3o da superf\u00edcie da pele, conferindo-lhe mais maciez e elasticidade. De grande import\u00e2ncia para a pele, devido \u00e0 sua atividade antioxidante e antirradical, atua como um protetor solar biol\u00f3gico que potencializa a prote\u00e7\u00e3o cut\u00e2nea contra processos oxidativos.<\/li>\n<li> Trufa: hidratante, nutritiva, antirrugas, hipoalerg\u00eanica, protetora contra radia\u00e7\u00e3o UV.<\/li>\n<li> \u00d3leo anticelulite: extrato oleoso de plantas como Fucus, Hera, Guaran\u00e1, Laranja Amarga e Alecrim, que possuem in\u00fameras propriedades anticelulite, anti-inflamat\u00f3rias e estimulantes da circula\u00e7\u00e3o.<\/li>\n<li> Fucus: estimula a circula\u00e7\u00e3o e elimina toxinas, descongestionante e antiedema (previne celulite).<\/li>\n<li> Hera: ativa a circula\u00e7\u00e3o sangu\u00ednea, previne e trata varizes.<\/li>\n<li> Guaran\u00e1: a\u00e7\u00e3o anticelulite e redu\u00e7\u00e3o do ac\u00famulo de lip\u00eddios, efeito lipol\u00edtico &quot;queima de gordura&quot;.<\/li>\n<li> Laranja amarga: melhora a circula\u00e7\u00e3o, reduz o edema e o incha\u00e7o das pernas.<\/li>\n<li> Alecrim: anti-inflamat\u00f3rio.<\/li>\n<\/ul>\n<p> Ingredientes:<\/p>\n<p> Olivato de etilhexila hidrogenado, \u00f3leo de semente de Simmondsia chinensis (jojoba), \u00f3leo de semente de Helianthus annuus (girassol), insaponific\u00e1veis de azeite hidrogenado, copol\u00edmero de \u00f3leo de r\u00edcino hidrogenado\/\u00e1cido seb\u00e1cico, mica, acetato de tocoferila, di\u00f3xido de tit\u00e2nio, extrato da casca de Citrus aurantium amara (laranja amarga), extrato de Fucus vesiculosus, extrato da folha de Hedera helix (hera), extrato da semente de Paullinia cupana, extrato da folha de Rosmarinus officinalis (alecrim), extrato de Tuber melanosporum, perfume, CI 77491, tetrametil acetiloctahidronaftalenos, salicilato de benzila, acetato de linalila, benzoato de benzila, vanilina, cumarina, alfa-isometil ionona<\/p>\n<p> Precau\u00e7\u00f5es:<\/p>\n<ul>\n<li> Produto cosm\u00e9tico apenas para uso externo.<\/li>\n<li> N\u00e3o utilize em caso de hipersensibilidade ou alergia a qualquer um dos ingredientes.<\/li>\n<li> Em caso de irrita\u00e7\u00e3o, suspenda o uso.<\/li>\n<li> N\u00e3o aplicar na \u00e1rea dos olhos ou em feridas.<\/li>\n<li> N\u00e3o coma.<\/li>\n<li> Mantenha fora do alcance de crian\u00e7as.<\/li>\n<li> Conservar em local fresco e seco, ao abrigo da luz solar.<\/li>\n<\/ul>\n<p> A palavra <strong>PRETTY<\/strong> n\u00e3o se refere apenas ao aspecto f\u00edsico, mas tamb\u00e9m ao ato de se tratar com carinho, enquanto <strong>WILD<\/strong> incentiva todas as mulheres a se conscientizarem mais de seus pr\u00f3prios valores. Todos os produtos desta cole\u00e7\u00e3o possuem benef\u00edcios \u00fanicos que ajudar\u00e3o a aumentar sua autoconfian\u00e7a, prazer, sensualidade e bem-estar.<\/p>\n","protected":false},"excerpt":{"rendered":"<p>EMBALAGEM DISPON\u00cdVEL EM: \/en\/es\/fr\/nl\/de\/it\/pt\/<\/p>\n","protected":false},"featured_media":76810,"template":"","meta":{"_acf_changed":false},"product_brand":[],"product_cat":[49,51],"product_tag":[],"class_list":{"0":"post-38910","1":"product","2":"type-product","3":"status-publish","4":"has-post-thumbnail","6":"product_cat-cosmeticos","7":"product_cat-oleos-de-massagem","8":"yith_product_brand-secretplaysecretplay-cosmetic","10":"first","11":"instock","12":"taxable","13":"shipping-taxable","14":"purchasable","15":"product-type-simple"},"acf":[],"yoast_head":"<!-- This site is optimized with the Yoast SEO plugin v27.4 - https:\/\/yoast.com\/product\/yoast-seo-wordpress\/ -->\n<title>SECRETPLAY - \u00d3LEO CORPORAL PRETTY BUT WILD GLOW 50 ML - Lovme<\/title>\n<meta name=\"robots\" content=\"index, follow, max-snippet:-1, max-image-preview:large, max-video-preview:-1\" \/>\n<link rel=\"canonical\" href=\"https:\/\/lovme.pt\/index.php\/produto\/secretplay-oleo-corporal-pretty-but-wild-glow-50-ml\/\" \/>\n<meta property=\"og:locale\" content=\"pt_PT\" \/>\n<meta property=\"og:type\" content=\"article\" \/>\n<meta property=\"og:title\" content=\"SECRETPLAY - \u00d3LEO CORPORAL PRETTY BUT WILD GLOW 50 ML - Lovme\" \/>\n<meta property=\"og:description\" content=\"EMBALAGEM DISPON\u00cdVEL EM: \/en\/es\/fr\/nl\/de\/it\/pt\/\" \/>\n<meta property=\"og:url\" content=\"https:\/\/lovme.pt\/index.php\/produto\/secretplay-oleo-corporal-pretty-but-wild-glow-50-ml\/\" \/>\n<meta property=\"og:site_name\" content=\"Lovme\" \/>\n<meta property=\"article:modified_time\" content=\"2026-02-25T08:13:16+00:00\" \/>\n<meta property=\"og:image\" content=\"https:\/\/erki24nd3ub.exactdn.com\/wp-content\/uploads\/dream\/img\/img_122090_4c4165cdfb80ae4c2200cec1bc6b87d2_1.jpg?strip=all\" \/>\n\t<meta property=\"og:image:width\" content=\"800\" \/>\n\t<meta property=\"og:image:height\" content=\"800\" \/>\n\t<meta property=\"og:image:type\" content=\"image\/jpeg\" \/>\n<meta name=\"twitter:card\" content=\"summary_large_image\" \/>\n<meta name=\"twitter:label1\" content=\"Tempo estimado de leitura\" \/>\n\t<meta name=\"twitter:data1\" content=\"3 minutos\" \/>\n<script type=\"application\/ld+json\" class=\"yoast-schema-graph\">{\"@context\":\"https:\\\/\\\/schema.org\",\"@graph\":[{\"@type\":\"WebPage\",\"@id\":\"https:\\\/\\\/lovme.pt\\\/index.php\\\/produto\\\/secretplay-oleo-corporal-pretty-but-wild-glow-50-ml\\\/\",\"url\":\"https:\\\/\\\/lovme.pt\\\/index.php\\\/produto\\\/secretplay-oleo-corporal-pretty-but-wild-glow-50-ml\\\/\",\"name\":\"SECRETPLAY - \u00d3LEO CORPORAL PRETTY BUT WILD GLOW 50 ML - Lovme\",\"isPartOf\":{\"@id\":\"https:\\\/\\\/lovme.pt\\\/#website\"},\"primaryImageOfPage\":{\"@id\":\"https:\\\/\\\/lovme.pt\\\/index.php\\\/produto\\\/secretplay-oleo-corporal-pretty-but-wild-glow-50-ml\\\/#primaryimage\"},\"image\":{\"@id\":\"https:\\\/\\\/lovme.pt\\\/index.php\\\/produto\\\/secretplay-oleo-corporal-pretty-but-wild-glow-50-ml\\\/#primaryimage\"},\"thumbnailUrl\":\"https:\\\/\\\/erki24nd3ub.exactdn.com\\\/wp-content\\\/uploads\\\/dream\\\/img\\\/img_122090_4c4165cdfb80ae4c2200cec1bc6b87d2_1.jpg?strip=all\",\"datePublished\":\"2025-09-30T22:19:21+00:00\",\"dateModified\":\"2026-02-25T08:13:16+00:00\",\"breadcrumb\":{\"@id\":\"https:\\\/\\\/lovme.pt\\\/index.php\\\/produto\\\/secretplay-oleo-corporal-pretty-but-wild-glow-50-ml\\\/#breadcrumb\"},\"inLanguage\":\"pt-PT\",\"potentialAction\":[{\"@type\":\"ReadAction\",\"target\":[\"https:\\\/\\\/lovme.pt\\\/index.php\\\/produto\\\/secretplay-oleo-corporal-pretty-but-wild-glow-50-ml\\\/\"]}]},{\"@type\":\"ImageObject\",\"inLanguage\":\"pt-PT\",\"@id\":\"https:\\\/\\\/lovme.pt\\\/index.php\\\/produto\\\/secretplay-oleo-corporal-pretty-but-wild-glow-50-ml\\\/#primaryimage\",\"url\":\"https:\\\/\\\/erki24nd3ub.exactdn.com\\\/wp-content\\\/uploads\\\/dream\\\/img\\\/img_122090_4c4165cdfb80ae4c2200cec1bc6b87d2_1.jpg?strip=all\",\"contentUrl\":\"https:\\\/\\\/erki24nd3ub.exactdn.com\\\/wp-content\\\/uploads\\\/dream\\\/img\\\/img_122090_4c4165cdfb80ae4c2200cec1bc6b87d2_1.jpg?strip=all\",\"width\":800,\"height\":800},{\"@type\":\"BreadcrumbList\",\"@id\":\"https:\\\/\\\/lovme.pt\\\/index.php\\\/produto\\\/secretplay-oleo-corporal-pretty-but-wild-glow-50-ml\\\/#breadcrumb\",\"itemListElement\":[{\"@type\":\"ListItem\",\"position\":1,\"name\":\"In\u00edcio\",\"item\":\"https:\\\/\\\/lovme.pt\\\/\"},{\"@type\":\"ListItem\",\"position\":2,\"name\":\"Loja\",\"item\":\"https:\\\/\\\/lovme.pt\\\/index.php\\\/loja\\\/\"},{\"@type\":\"ListItem\",\"position\":3,\"name\":\"SECRETPLAY &#8211; \u00d3LEO CORPORAL PRETTY BUT WILD GLOW 50 ML\"}]},{\"@type\":\"WebSite\",\"@id\":\"https:\\\/\\\/lovme.pt\\\/#website\",\"url\":\"https:\\\/\\\/lovme.pt\\\/\",\"name\":\"Lovme Loja Er\u00f3tica N\u00ba1 em Portugal\",\"description\":\"A melhor loja er\u00f3tica de Portugal.\",\"alternateName\":\"Loja Er\u00f3tica Lovme\",\"potentialAction\":[{\"@type\":\"SearchAction\",\"target\":{\"@type\":\"EntryPoint\",\"urlTemplate\":\"https:\\\/\\\/lovme.pt\\\/?s={search_term_string}\"},\"query-input\":{\"@type\":\"PropertyValueSpecification\",\"valueRequired\":true,\"valueName\":\"search_term_string\"}}],\"inLanguage\":\"pt-PT\"}]}<\/script>\n<!-- \/ Yoast SEO plugin. -->","yoast_head_json":{"title":"SECRETPLAY - \u00d3LEO CORPORAL PRETTY BUT WILD GLOW 50 ML - Lovme","robots":{"index":"index","follow":"follow","max-snippet":"max-snippet:-1","max-image-preview":"max-image-preview:large","max-video-preview":"max-video-preview:-1"},"canonical":"https:\/\/lovme.pt\/index.php\/produto\/secretplay-oleo-corporal-pretty-but-wild-glow-50-ml\/","og_locale":"pt_PT","og_type":"article","og_title":"SECRETPLAY - \u00d3LEO CORPORAL PRETTY BUT WILD GLOW 50 ML - Lovme","og_description":"EMBALAGEM DISPON\u00cdVEL EM: \/en\/es\/fr\/nl\/de\/it\/pt\/","og_url":"https:\/\/lovme.pt\/index.php\/produto\/secretplay-oleo-corporal-pretty-but-wild-glow-50-ml\/","og_site_name":"Lovme","article_modified_time":"2026-02-25T08:13:16+00:00","og_image":[{"width":800,"height":800,"url":"https:\/\/erki24nd3ub.exactdn.com\/wp-content\/uploads\/dream\/img\/img_122090_4c4165cdfb80ae4c2200cec1bc6b87d2_1.jpg?strip=all","type":"image\/jpeg"}],"twitter_card":"summary_large_image","twitter_misc":{"Tempo estimado de leitura":"3 minutos"},"schema":{"@context":"https:\/\/schema.org","@graph":[{"@type":"WebPage","@id":"https:\/\/lovme.pt\/index.php\/produto\/secretplay-oleo-corporal-pretty-but-wild-glow-50-ml\/","url":"https:\/\/lovme.pt\/index.php\/produto\/secretplay-oleo-corporal-pretty-but-wild-glow-50-ml\/","name":"SECRETPLAY - \u00d3LEO CORPORAL PRETTY BUT WILD GLOW 50 ML - Lovme","isPartOf":{"@id":"https:\/\/lovme.pt\/#website"},"primaryImageOfPage":{"@id":"https:\/\/lovme.pt\/index.php\/produto\/secretplay-oleo-corporal-pretty-but-wild-glow-50-ml\/#primaryimage"},"image":{"@id":"https:\/\/lovme.pt\/index.php\/produto\/secretplay-oleo-corporal-pretty-but-wild-glow-50-ml\/#primaryimage"},"thumbnailUrl":"https:\/\/erki24nd3ub.exactdn.com\/wp-content\/uploads\/dream\/img\/img_122090_4c4165cdfb80ae4c2200cec1bc6b87d2_1.jpg?strip=all","datePublished":"2025-09-30T22:19:21+00:00","dateModified":"2026-02-25T08:13:16+00:00","breadcrumb":{"@id":"https:\/\/lovme.pt\/index.php\/produto\/secretplay-oleo-corporal-pretty-but-wild-glow-50-ml\/#breadcrumb"},"inLanguage":"pt-PT","potentialAction":[{"@type":"ReadAction","target":["https:\/\/lovme.pt\/index.php\/produto\/secretplay-oleo-corporal-pretty-but-wild-glow-50-ml\/"]}]},{"@type":"ImageObject","inLanguage":"pt-PT","@id":"https:\/\/lovme.pt\/index.php\/produto\/secretplay-oleo-corporal-pretty-but-wild-glow-50-ml\/#primaryimage","url":"https:\/\/erki24nd3ub.exactdn.com\/wp-content\/uploads\/dream\/img\/img_122090_4c4165cdfb80ae4c2200cec1bc6b87d2_1.jpg?strip=all","contentUrl":"https:\/\/erki24nd3ub.exactdn.com\/wp-content\/uploads\/dream\/img\/img_122090_4c4165cdfb80ae4c2200cec1bc6b87d2_1.jpg?strip=all","width":800,"height":800},{"@type":"BreadcrumbList","@id":"https:\/\/lovme.pt\/index.php\/produto\/secretplay-oleo-corporal-pretty-but-wild-glow-50-ml\/#breadcrumb","itemListElement":[{"@type":"ListItem","position":1,"name":"In\u00edcio","item":"https:\/\/lovme.pt\/"},{"@type":"ListItem","position":2,"name":"Loja","item":"https:\/\/lovme.pt\/index.php\/loja\/"},{"@type":"ListItem","position":3,"name":"SECRETPLAY &#8211; \u00d3LEO CORPORAL PRETTY BUT WILD GLOW 50 ML"}]},{"@type":"WebSite","@id":"https:\/\/lovme.pt\/#website","url":"https:\/\/lovme.pt\/","name":"Lovme Loja Er\u00f3tica N\u00ba1 em Portugal","description":"A melhor loja er\u00f3tica de Portugal.","alternateName":"Loja Er\u00f3tica Lovme","potentialAction":[{"@type":"SearchAction","target":{"@type":"EntryPoint","urlTemplate":"https:\/\/lovme.pt\/?s={search_term_string}"},"query-input":{"@type":"PropertyValueSpecification","valueRequired":true,"valueName":"search_term_string"}}],"inLanguage":"pt-PT"}]}},"_links":{"self":[{"href":"https:\/\/lovme.pt\/index.php\/wp-json\/wp\/v2\/product\/38910","targetHints":{"allow":["GET"]}}],"collection":[{"href":"https:\/\/lovme.pt\/index.php\/wp-json\/wp\/v2\/product"}],"about":[{"href":"https:\/\/lovme.pt\/index.php\/wp-json\/wp\/v2\/types\/product"}],"wp:featuredmedia":[{"embeddable":true,"href":"https:\/\/lovme.pt\/index.php\/wp-json\/wp\/v2\/media\/76810"}],"wp:attachment":[{"href":"https:\/\/lovme.pt\/index.php\/wp-json\/wp\/v2\/media?parent=38910"}],"wp:term":[{"taxonomy":"product_brand","embeddable":true,"href":"https:\/\/lovme.pt\/index.php\/wp-json\/wp\/v2\/product_brand?post=38910"},{"taxonomy":"product_cat","embeddable":true,"href":"https:\/\/lovme.pt\/index.php\/wp-json\/wp\/v2\/product_cat?post=38910"},{"taxonomy":"product_tag","embeddable":true,"href":"https:\/\/lovme.pt\/index.php\/wp-json\/wp\/v2\/product_tag?post=38910"}],"curies":[{"name":"wp","href":"https:\/\/api.w.org\/{rel}","templated":true}]}}