{"id":38838,"date":"2025-09-30T09:50:02","date_gmt":"2025-09-30T09:50:02","guid":{"rendered":"https:\/\/lovme.pt\/?post_type=product&#038;p=38838"},"modified":"2026-02-25T08:12:37","modified_gmt":"2026-02-25T08:12:37","slug":"black-hole-gel-a-base-de-agua-extra-dilatacao-6-ml-dose-unica","status":"publish","type":"product","link":"https:\/\/lovme.pt\/index.php\/produto\/black-hole-gel-a-base-de-agua-extra-dilatacao-6-ml-dose-unica\/","title":{"rendered":"BLACK HOLE &#8211; GEL \u00c0 BASE DE \u00c1GUA EXTRA DILATA\u00c7\u00c3O 6 ML DOSE \u00daNICA"},"content":{"rendered":"<p>Black Hole, sem d\u00favida a melhor op\u00e7\u00e3o, dilatador e relaxante, \u00e9 especialmente desenvolvido para a pr\u00e1tica do sexo anal, sendo o lubrificante dilatador por excel\u00eancia. \u00c9 um lubrificante anal de alt\u00edssima qualidade, recomendado tanto para quem deseja iniciar na pr\u00e1tica do sexo anal quanto para usu\u00e1rios experientes. Muitos casais t\u00eam curiosidade, mas muitos n\u00e3o se atrevem a experiment\u00e1-lo&#8230; A ideia de que pode causar dor os faz deixar de lado muitas vezes a sua praticidade, sendo uma das mais prazerosas.<\/p>\n<p> O Black Hole Anal Relax foi especialmente desenvolvido para o prazer anal. Gra\u00e7as ao seu leve efeito anestesiante, o esf\u00edncter relaxa eficazmente, garantindo uma penetra\u00e7\u00e3o indolor e sem perda de sensibilidade. Basta massagear suavemente o \u00e2nus, deixar agir por um breve per\u00edodo e come\u00e7ar sua relaxante aventura anal.<\/p>\n<p> A composi\u00e7\u00e3o especial do lubrificante, isenta de gordura e sol\u00favel em \u00e1gua, permite uma f\u00e1cil lavagem com \u00e1gua, n\u00e3o cont\u00e9m corantes e n\u00e3o deixa res\u00edduos, mesmo em momentos de paix\u00e3o. Com uma consist\u00eancia sedosa e suave que proporciona conforto \u00e0 pele e com cobertura ideal, o Black Hole Anal Realax \u00e9 ideal para uma rela\u00e7\u00e3o sexual satisfat\u00f3ria e sem preocupa\u00e7\u00f5es. Qualidade fabricada na Europa!<\/p>\n<p> Caracter\u00edsticas:<\/p>\n<ul>\n<li> Alto poder relaxante e dilatador<\/li>\n<li> Lubrificante \u00e0 base de \u00e1gua<\/li>\n<li> Especial para dilata\u00e7\u00f5es fortes (ex.: fisting)<\/li>\n<li> Compat\u00edvel com preservativos<\/li>\n<li> Incolor, inodoro e ins\u00edpido<\/li>\n<li> N\u00e3o gorduroso<\/li>\n<li> Formato: 6 ml<\/li>\n<\/ul>\n<p> RELAXAMENTO ANAL DE BURACO NEGRO<\/p>\n<p> Fabricamos com base na experi\u00eancia e na import\u00e2ncia de experimentar coisas novas e expandir seus horizontes sexuais. O eterno tabu do sexo anal agora \u00e9 socialmente aceit\u00e1vel e praticado como normal por milh\u00f5es de pessoas. Este lubrificante levemente anest\u00e9sico foi desenvolvido para facilitar o in\u00edcio da rela\u00e7\u00e3o sexual anal. <\/p>\n<p>\n","protected":false},"excerpt":{"rendered":"<p>BLACK HOLE &#8211; GEL \u00c0 BASE DE \u00c1GUA EXTRA DILATA\u00c7\u00c3O 6 ML DOSE \u00daNICA<\/p>\n","protected":false},"featured_media":57632,"template":"","meta":{"_acf_changed":false},"product_brand":[],"product_cat":[49,53],"product_tag":[],"class_list":{"0":"post-38838","1":"product","2":"type-product","3":"status-publish","4":"has-post-thumbnail","6":"product_cat-cosmeticos","7":"product_cat-lubrificantes-intimos","8":"yith_product_brand-black-hole","10":"first","11":"instock","12":"taxable","13":"shipping-taxable","14":"purchasable","15":"product-type-simple"},"acf":[],"yoast_head":"<!-- This site is optimized with the Yoast SEO plugin v27.4 - https:\/\/yoast.com\/product\/yoast-seo-wordpress\/ -->\n<title>BLACK HOLE - GEL \u00c0 BASE DE \u00c1GUA EXTRA DILATA\u00c7\u00c3O 6 ML DOSE \u00daNICA - Lovme<\/title>\n<meta name=\"robots\" content=\"index, follow, max-snippet:-1, max-image-preview:large, max-video-preview:-1\" \/>\n<link rel=\"canonical\" href=\"https:\/\/lovme.pt\/index.php\/produto\/black-hole-gel-a-base-de-agua-extra-dilatacao-6-ml-dose-unica\/\" \/>\n<meta property=\"og:locale\" content=\"pt_PT\" \/>\n<meta property=\"og:type\" content=\"article\" \/>\n<meta property=\"og:title\" content=\"BLACK HOLE - GEL \u00c0 BASE DE \u00c1GUA EXTRA DILATA\u00c7\u00c3O 6 ML DOSE \u00daNICA - Lovme\" \/>\n<meta property=\"og:description\" content=\"BLACK HOLE - GEL \u00c0 BASE DE \u00c1GUA EXTRA DILATA\u00c7\u00c3O 6 ML DOSE \u00daNICA\" \/>\n<meta property=\"og:url\" content=\"https:\/\/lovme.pt\/index.php\/produto\/black-hole-gel-a-base-de-agua-extra-dilatacao-6-ml-dose-unica\/\" \/>\n<meta property=\"og:site_name\" content=\"Lovme\" \/>\n<meta property=\"article:modified_time\" content=\"2026-02-25T08:12:37+00:00\" \/>\n<meta property=\"og:image\" content=\"https:\/\/erki24nd3ub.exactdn.com\/wp-content\/uploads\/dream\/img\/img_154541_f0552bb950369f4a0257881ccc29b149_1.png?strip=all\" \/>\n\t<meta property=\"og:image:width\" content=\"800\" \/>\n\t<meta property=\"og:image:height\" content=\"800\" \/>\n\t<meta property=\"og:image:type\" content=\"image\/png\" \/>\n<meta name=\"twitter:card\" content=\"summary_large_image\" \/>\n<meta name=\"twitter:label1\" content=\"Tempo estimado de leitura\" \/>\n\t<meta name=\"twitter:data1\" content=\"2 minutos\" \/>\n<script type=\"application\/ld+json\" class=\"yoast-schema-graph\">{\"@context\":\"https:\\\/\\\/schema.org\",\"@graph\":[{\"@type\":\"WebPage\",\"@id\":\"https:\\\/\\\/lovme.pt\\\/index.php\\\/produto\\\/black-hole-gel-a-base-de-agua-extra-dilatacao-6-ml-dose-unica\\\/\",\"url\":\"https:\\\/\\\/lovme.pt\\\/index.php\\\/produto\\\/black-hole-gel-a-base-de-agua-extra-dilatacao-6-ml-dose-unica\\\/\",\"name\":\"BLACK HOLE - GEL \u00c0 BASE DE \u00c1GUA EXTRA DILATA\u00c7\u00c3O 6 ML DOSE \u00daNICA - Lovme\",\"isPartOf\":{\"@id\":\"https:\\\/\\\/lovme.pt\\\/#website\"},\"primaryImageOfPage\":{\"@id\":\"https:\\\/\\\/lovme.pt\\\/index.php\\\/produto\\\/black-hole-gel-a-base-de-agua-extra-dilatacao-6-ml-dose-unica\\\/#primaryimage\"},\"image\":{\"@id\":\"https:\\\/\\\/lovme.pt\\\/index.php\\\/produto\\\/black-hole-gel-a-base-de-agua-extra-dilatacao-6-ml-dose-unica\\\/#primaryimage\"},\"thumbnailUrl\":\"https:\\\/\\\/erki24nd3ub.exactdn.com\\\/wp-content\\\/uploads\\\/dream\\\/img\\\/img_154541_f0552bb950369f4a0257881ccc29b149_1.png?strip=all\",\"datePublished\":\"2025-09-30T09:50:02+00:00\",\"dateModified\":\"2026-02-25T08:12:37+00:00\",\"breadcrumb\":{\"@id\":\"https:\\\/\\\/lovme.pt\\\/index.php\\\/produto\\\/black-hole-gel-a-base-de-agua-extra-dilatacao-6-ml-dose-unica\\\/#breadcrumb\"},\"inLanguage\":\"pt-PT\",\"potentialAction\":[{\"@type\":\"ReadAction\",\"target\":[\"https:\\\/\\\/lovme.pt\\\/index.php\\\/produto\\\/black-hole-gel-a-base-de-agua-extra-dilatacao-6-ml-dose-unica\\\/\"]}]},{\"@type\":\"ImageObject\",\"inLanguage\":\"pt-PT\",\"@id\":\"https:\\\/\\\/lovme.pt\\\/index.php\\\/produto\\\/black-hole-gel-a-base-de-agua-extra-dilatacao-6-ml-dose-unica\\\/#primaryimage\",\"url\":\"https:\\\/\\\/erki24nd3ub.exactdn.com\\\/wp-content\\\/uploads\\\/dream\\\/img\\\/img_154541_f0552bb950369f4a0257881ccc29b149_1.png?strip=all\",\"contentUrl\":\"https:\\\/\\\/erki24nd3ub.exactdn.com\\\/wp-content\\\/uploads\\\/dream\\\/img\\\/img_154541_f0552bb950369f4a0257881ccc29b149_1.png?strip=all\",\"width\":800,\"height\":800},{\"@type\":\"BreadcrumbList\",\"@id\":\"https:\\\/\\\/lovme.pt\\\/index.php\\\/produto\\\/black-hole-gel-a-base-de-agua-extra-dilatacao-6-ml-dose-unica\\\/#breadcrumb\",\"itemListElement\":[{\"@type\":\"ListItem\",\"position\":1,\"name\":\"In\u00edcio\",\"item\":\"https:\\\/\\\/lovme.pt\\\/\"},{\"@type\":\"ListItem\",\"position\":2,\"name\":\"Loja\",\"item\":\"https:\\\/\\\/lovme.pt\\\/index.php\\\/loja\\\/\"},{\"@type\":\"ListItem\",\"position\":3,\"name\":\"BLACK HOLE &#8211; GEL \u00c0 BASE DE \u00c1GUA EXTRA DILATA\u00c7\u00c3O 6 ML DOSE \u00daNICA\"}]},{\"@type\":\"WebSite\",\"@id\":\"https:\\\/\\\/lovme.pt\\\/#website\",\"url\":\"https:\\\/\\\/lovme.pt\\\/\",\"name\":\"Lovme Loja Er\u00f3tica N\u00ba1 em Portugal\",\"description\":\"A melhor loja er\u00f3tica de Portugal.\",\"alternateName\":\"Loja Er\u00f3tica Lovme\",\"potentialAction\":[{\"@type\":\"SearchAction\",\"target\":{\"@type\":\"EntryPoint\",\"urlTemplate\":\"https:\\\/\\\/lovme.pt\\\/?s={search_term_string}\"},\"query-input\":{\"@type\":\"PropertyValueSpecification\",\"valueRequired\":true,\"valueName\":\"search_term_string\"}}],\"inLanguage\":\"pt-PT\"}]}<\/script>\n<!-- \/ Yoast SEO plugin. -->","yoast_head_json":{"title":"BLACK HOLE - GEL \u00c0 BASE DE \u00c1GUA EXTRA DILATA\u00c7\u00c3O 6 ML DOSE \u00daNICA - Lovme","robots":{"index":"index","follow":"follow","max-snippet":"max-snippet:-1","max-image-preview":"max-image-preview:large","max-video-preview":"max-video-preview:-1"},"canonical":"https:\/\/lovme.pt\/index.php\/produto\/black-hole-gel-a-base-de-agua-extra-dilatacao-6-ml-dose-unica\/","og_locale":"pt_PT","og_type":"article","og_title":"BLACK HOLE - GEL \u00c0 BASE DE \u00c1GUA EXTRA DILATA\u00c7\u00c3O 6 ML DOSE \u00daNICA - Lovme","og_description":"BLACK HOLE - GEL \u00c0 BASE DE \u00c1GUA EXTRA DILATA\u00c7\u00c3O 6 ML DOSE \u00daNICA","og_url":"https:\/\/lovme.pt\/index.php\/produto\/black-hole-gel-a-base-de-agua-extra-dilatacao-6-ml-dose-unica\/","og_site_name":"Lovme","article_modified_time":"2026-02-25T08:12:37+00:00","og_image":[{"width":800,"height":800,"url":"https:\/\/erki24nd3ub.exactdn.com\/wp-content\/uploads\/dream\/img\/img_154541_f0552bb950369f4a0257881ccc29b149_1.png?strip=all","type":"image\/png"}],"twitter_card":"summary_large_image","twitter_misc":{"Tempo estimado de leitura":"2 minutos"},"schema":{"@context":"https:\/\/schema.org","@graph":[{"@type":"WebPage","@id":"https:\/\/lovme.pt\/index.php\/produto\/black-hole-gel-a-base-de-agua-extra-dilatacao-6-ml-dose-unica\/","url":"https:\/\/lovme.pt\/index.php\/produto\/black-hole-gel-a-base-de-agua-extra-dilatacao-6-ml-dose-unica\/","name":"BLACK HOLE - GEL \u00c0 BASE DE \u00c1GUA EXTRA DILATA\u00c7\u00c3O 6 ML DOSE \u00daNICA - Lovme","isPartOf":{"@id":"https:\/\/lovme.pt\/#website"},"primaryImageOfPage":{"@id":"https:\/\/lovme.pt\/index.php\/produto\/black-hole-gel-a-base-de-agua-extra-dilatacao-6-ml-dose-unica\/#primaryimage"},"image":{"@id":"https:\/\/lovme.pt\/index.php\/produto\/black-hole-gel-a-base-de-agua-extra-dilatacao-6-ml-dose-unica\/#primaryimage"},"thumbnailUrl":"https:\/\/erki24nd3ub.exactdn.com\/wp-content\/uploads\/dream\/img\/img_154541_f0552bb950369f4a0257881ccc29b149_1.png?strip=all","datePublished":"2025-09-30T09:50:02+00:00","dateModified":"2026-02-25T08:12:37+00:00","breadcrumb":{"@id":"https:\/\/lovme.pt\/index.php\/produto\/black-hole-gel-a-base-de-agua-extra-dilatacao-6-ml-dose-unica\/#breadcrumb"},"inLanguage":"pt-PT","potentialAction":[{"@type":"ReadAction","target":["https:\/\/lovme.pt\/index.php\/produto\/black-hole-gel-a-base-de-agua-extra-dilatacao-6-ml-dose-unica\/"]}]},{"@type":"ImageObject","inLanguage":"pt-PT","@id":"https:\/\/lovme.pt\/index.php\/produto\/black-hole-gel-a-base-de-agua-extra-dilatacao-6-ml-dose-unica\/#primaryimage","url":"https:\/\/erki24nd3ub.exactdn.com\/wp-content\/uploads\/dream\/img\/img_154541_f0552bb950369f4a0257881ccc29b149_1.png?strip=all","contentUrl":"https:\/\/erki24nd3ub.exactdn.com\/wp-content\/uploads\/dream\/img\/img_154541_f0552bb950369f4a0257881ccc29b149_1.png?strip=all","width":800,"height":800},{"@type":"BreadcrumbList","@id":"https:\/\/lovme.pt\/index.php\/produto\/black-hole-gel-a-base-de-agua-extra-dilatacao-6-ml-dose-unica\/#breadcrumb","itemListElement":[{"@type":"ListItem","position":1,"name":"In\u00edcio","item":"https:\/\/lovme.pt\/"},{"@type":"ListItem","position":2,"name":"Loja","item":"https:\/\/lovme.pt\/index.php\/loja\/"},{"@type":"ListItem","position":3,"name":"BLACK HOLE &#8211; GEL \u00c0 BASE DE \u00c1GUA EXTRA DILATA\u00c7\u00c3O 6 ML DOSE \u00daNICA"}]},{"@type":"WebSite","@id":"https:\/\/lovme.pt\/#website","url":"https:\/\/lovme.pt\/","name":"Lovme Loja Er\u00f3tica N\u00ba1 em Portugal","description":"A melhor loja er\u00f3tica de Portugal.","alternateName":"Loja Er\u00f3tica Lovme","potentialAction":[{"@type":"SearchAction","target":{"@type":"EntryPoint","urlTemplate":"https:\/\/lovme.pt\/?s={search_term_string}"},"query-input":{"@type":"PropertyValueSpecification","valueRequired":true,"valueName":"search_term_string"}}],"inLanguage":"pt-PT"}]}},"_links":{"self":[{"href":"https:\/\/lovme.pt\/index.php\/wp-json\/wp\/v2\/product\/38838","targetHints":{"allow":["GET"]}}],"collection":[{"href":"https:\/\/lovme.pt\/index.php\/wp-json\/wp\/v2\/product"}],"about":[{"href":"https:\/\/lovme.pt\/index.php\/wp-json\/wp\/v2\/types\/product"}],"wp:featuredmedia":[{"embeddable":true,"href":"https:\/\/lovme.pt\/index.php\/wp-json\/wp\/v2\/media\/57632"}],"wp:attachment":[{"href":"https:\/\/lovme.pt\/index.php\/wp-json\/wp\/v2\/media?parent=38838"}],"wp:term":[{"taxonomy":"product_brand","embeddable":true,"href":"https:\/\/lovme.pt\/index.php\/wp-json\/wp\/v2\/product_brand?post=38838"},{"taxonomy":"product_cat","embeddable":true,"href":"https:\/\/lovme.pt\/index.php\/wp-json\/wp\/v2\/product_cat?post=38838"},{"taxonomy":"product_tag","embeddable":true,"href":"https:\/\/lovme.pt\/index.php\/wp-json\/wp\/v2\/product_tag?post=38838"}],"curies":[{"name":"wp","href":"https:\/\/api.w.org\/{rel}","templated":true}]}}