{"id":37438,"date":"2025-09-30T10:09:49","date_gmt":"2025-09-30T10:09:49","guid":{"rendered":"https:\/\/lovme.pt\/?post_type=product&#038;p=37438"},"modified":"2026-02-25T07:46:33","modified_gmt":"2026-02-25T07:46:33","slug":"ohmama-pequena-cobertura-de-penis-e-testiculos-de-silicone","status":"publish","type":"product","link":"https:\/\/lovme.pt\/index.php\/produto\/ohmama-pequena-cobertura-de-penis-e-testiculos-de-silicone\/","title":{"rendered":"OHMAMA &#8211; PEQUENA COBERTURA DE P\u00caNIS E TEST\u00cdCULOS DE SILICONE"},"content":{"rendered":"<p>Oh m&atilde;e! Sabemos que poucas coisas s&atilde;o melhores do que um bom orgasmo e a import&acirc;ncia de manter uma boa sa&uacute;de sexual pelas suas in&uacute;meras vantagens: melhora o fluxo sangu&iacute;neo, levanta o &acirc;nimo, promove o sono, mant&eacute;m o c&eacute;rebro saud&aacute;vel, &eacute; um analg&eacute;sico natural, reduz o stress , al&eacute;m de proporcionar bem-estar e melhorar a sa&uacute;de emocional.<\/p>\n<p>Estamos cientes de tudo isto, por isso com a gama de brinquedos masculinos da <strong>Ohmama<\/strong> iremos ajud&aacute;-lo para que o consiga!<\/p>\n<p><strong>Caracter&iacute;sticas<\/strong><\/p>\n<ul>\n<li>manga peniana de silicone<\/li>\n<li>Ganhe espessura, tamanho e restrinja os test&iacute;culos<\/li>\n<li>Apresenta&ccedil;&atilde;o em saco higi&eacute;nico selado<\/li>\n<li>Material: Silicone hipoalerg&ecirc;nico<\/li>\n<li>Medidas:\n<ul>\n<li>Comprimento: 10cm<\/li>\n<li>Di&acirc;metro: 3,6 cm<\/li>\n<\/ul>\n<\/li>\n<\/ul>\n<p><strong>A MARCA<\/strong><\/p>\n<p>A gama de produtos OHMAMA &eacute; perfeita para presentear. Um produto dispon&iacute;vel para todos com qualidade perfeita. Uma combina&ccedil;&atilde;o &uacute;nica nesta linha especial de brinquedos para adultos<\/p>\n","protected":false},"excerpt":{"rendered":"<p>OHMAMA &#8211; PEQUENA COBERTURA DE P\u00caNIS E TEST\u00cdCULOS DE SILICONE<\/p>\n","protected":false},"featured_media":63395,"template":"","meta":{"_acf_changed":false},"product_brand":[],"product_cat":[60],"product_tag":[],"class_list":{"0":"post-37438","1":"product","2":"type-product","3":"status-publish","4":"has-post-thumbnail","6":"product_cat-para-eles","7":"yith_product_brand-ohmamaohmama-for-him","9":"first","10":"instock","11":"taxable","12":"shipping-taxable","13":"purchasable","14":"product-type-simple"},"acf":[],"yoast_head":"<!-- This site is optimized with the Yoast SEO plugin v27.4 - https:\/\/yoast.com\/product\/yoast-seo-wordpress\/ -->\n<title>OHMAMA - PEQUENA COBERTURA DE P\u00caNIS E TEST\u00cdCULOS DE SILICONE - Lovme<\/title>\n<meta name=\"robots\" content=\"index, follow, max-snippet:-1, max-image-preview:large, max-video-preview:-1\" \/>\n<link rel=\"canonical\" href=\"https:\/\/lovme.pt\/index.php\/produto\/ohmama-pequena-cobertura-de-penis-e-testiculos-de-silicone\/\" \/>\n<meta property=\"og:locale\" content=\"pt_PT\" \/>\n<meta property=\"og:type\" content=\"article\" \/>\n<meta property=\"og:title\" content=\"OHMAMA - PEQUENA COBERTURA DE P\u00caNIS E TEST\u00cdCULOS DE SILICONE - Lovme\" \/>\n<meta property=\"og:description\" content=\"OHMAMA - PEQUENA COBERTURA DE P\u00caNIS E TEST\u00cdCULOS DE SILICONE\" \/>\n<meta property=\"og:url\" content=\"https:\/\/lovme.pt\/index.php\/produto\/ohmama-pequena-cobertura-de-penis-e-testiculos-de-silicone\/\" \/>\n<meta property=\"og:site_name\" content=\"Lovme\" \/>\n<meta property=\"article:modified_time\" content=\"2026-02-25T07:46:33+00:00\" \/>\n<meta property=\"og:image\" content=\"https:\/\/erki24nd3ub.exactdn.com\/wp-content\/uploads\/dream\/img\/img_114423_04da930dbf3fe89184ab546c2893c3b1_1.png?strip=all\" \/>\n\t<meta property=\"og:image:width\" content=\"800\" \/>\n\t<meta property=\"og:image:height\" content=\"800\" \/>\n\t<meta property=\"og:image:type\" content=\"image\/png\" \/>\n<meta name=\"twitter:card\" content=\"summary_large_image\" \/>\n<meta name=\"twitter:label1\" content=\"Tempo estimado de leitura\" \/>\n\t<meta name=\"twitter:data1\" content=\"1 minuto\" \/>\n<script type=\"application\/ld+json\" class=\"yoast-schema-graph\">{\"@context\":\"https:\\\/\\\/schema.org\",\"@graph\":[{\"@type\":\"WebPage\",\"@id\":\"https:\\\/\\\/lovme.pt\\\/index.php\\\/produto\\\/ohmama-pequena-cobertura-de-penis-e-testiculos-de-silicone\\\/\",\"url\":\"https:\\\/\\\/lovme.pt\\\/index.php\\\/produto\\\/ohmama-pequena-cobertura-de-penis-e-testiculos-de-silicone\\\/\",\"name\":\"OHMAMA - PEQUENA COBERTURA DE P\u00caNIS E TEST\u00cdCULOS DE SILICONE - Lovme\",\"isPartOf\":{\"@id\":\"https:\\\/\\\/lovme.pt\\\/#website\"},\"primaryImageOfPage\":{\"@id\":\"https:\\\/\\\/lovme.pt\\\/index.php\\\/produto\\\/ohmama-pequena-cobertura-de-penis-e-testiculos-de-silicone\\\/#primaryimage\"},\"image\":{\"@id\":\"https:\\\/\\\/lovme.pt\\\/index.php\\\/produto\\\/ohmama-pequena-cobertura-de-penis-e-testiculos-de-silicone\\\/#primaryimage\"},\"thumbnailUrl\":\"https:\\\/\\\/erki24nd3ub.exactdn.com\\\/wp-content\\\/uploads\\\/dream\\\/img\\\/img_114423_04da930dbf3fe89184ab546c2893c3b1_1.png?strip=all\",\"datePublished\":\"2025-09-30T10:09:49+00:00\",\"dateModified\":\"2026-02-25T07:46:33+00:00\",\"breadcrumb\":{\"@id\":\"https:\\\/\\\/lovme.pt\\\/index.php\\\/produto\\\/ohmama-pequena-cobertura-de-penis-e-testiculos-de-silicone\\\/#breadcrumb\"},\"inLanguage\":\"pt-PT\",\"potentialAction\":[{\"@type\":\"ReadAction\",\"target\":[\"https:\\\/\\\/lovme.pt\\\/index.php\\\/produto\\\/ohmama-pequena-cobertura-de-penis-e-testiculos-de-silicone\\\/\"]}]},{\"@type\":\"ImageObject\",\"inLanguage\":\"pt-PT\",\"@id\":\"https:\\\/\\\/lovme.pt\\\/index.php\\\/produto\\\/ohmama-pequena-cobertura-de-penis-e-testiculos-de-silicone\\\/#primaryimage\",\"url\":\"https:\\\/\\\/erki24nd3ub.exactdn.com\\\/wp-content\\\/uploads\\\/dream\\\/img\\\/img_114423_04da930dbf3fe89184ab546c2893c3b1_1.png?strip=all\",\"contentUrl\":\"https:\\\/\\\/erki24nd3ub.exactdn.com\\\/wp-content\\\/uploads\\\/dream\\\/img\\\/img_114423_04da930dbf3fe89184ab546c2893c3b1_1.png?strip=all\",\"width\":800,\"height\":800},{\"@type\":\"BreadcrumbList\",\"@id\":\"https:\\\/\\\/lovme.pt\\\/index.php\\\/produto\\\/ohmama-pequena-cobertura-de-penis-e-testiculos-de-silicone\\\/#breadcrumb\",\"itemListElement\":[{\"@type\":\"ListItem\",\"position\":1,\"name\":\"In\u00edcio\",\"item\":\"https:\\\/\\\/lovme.pt\\\/\"},{\"@type\":\"ListItem\",\"position\":2,\"name\":\"Loja\",\"item\":\"https:\\\/\\\/lovme.pt\\\/index.php\\\/loja\\\/\"},{\"@type\":\"ListItem\",\"position\":3,\"name\":\"OHMAMA &#8211; PEQUENA COBERTURA DE P\u00caNIS E TEST\u00cdCULOS DE SILICONE\"}]},{\"@type\":\"WebSite\",\"@id\":\"https:\\\/\\\/lovme.pt\\\/#website\",\"url\":\"https:\\\/\\\/lovme.pt\\\/\",\"name\":\"Lovme Loja Er\u00f3tica N\u00ba1 em Portugal\",\"description\":\"A melhor loja er\u00f3tica de Portugal.\",\"alternateName\":\"Loja Er\u00f3tica Lovme\",\"potentialAction\":[{\"@type\":\"SearchAction\",\"target\":{\"@type\":\"EntryPoint\",\"urlTemplate\":\"https:\\\/\\\/lovme.pt\\\/?s={search_term_string}\"},\"query-input\":{\"@type\":\"PropertyValueSpecification\",\"valueRequired\":true,\"valueName\":\"search_term_string\"}}],\"inLanguage\":\"pt-PT\"}]}<\/script>\n<!-- \/ Yoast SEO plugin. -->","yoast_head_json":{"title":"OHMAMA - PEQUENA COBERTURA DE P\u00caNIS E TEST\u00cdCULOS DE SILICONE - Lovme","robots":{"index":"index","follow":"follow","max-snippet":"max-snippet:-1","max-image-preview":"max-image-preview:large","max-video-preview":"max-video-preview:-1"},"canonical":"https:\/\/lovme.pt\/index.php\/produto\/ohmama-pequena-cobertura-de-penis-e-testiculos-de-silicone\/","og_locale":"pt_PT","og_type":"article","og_title":"OHMAMA - PEQUENA COBERTURA DE P\u00caNIS E TEST\u00cdCULOS DE SILICONE - Lovme","og_description":"OHMAMA - PEQUENA COBERTURA DE P\u00caNIS E TEST\u00cdCULOS DE SILICONE","og_url":"https:\/\/lovme.pt\/index.php\/produto\/ohmama-pequena-cobertura-de-penis-e-testiculos-de-silicone\/","og_site_name":"Lovme","article_modified_time":"2026-02-25T07:46:33+00:00","og_image":[{"width":800,"height":800,"url":"https:\/\/erki24nd3ub.exactdn.com\/wp-content\/uploads\/dream\/img\/img_114423_04da930dbf3fe89184ab546c2893c3b1_1.png?strip=all","type":"image\/png"}],"twitter_card":"summary_large_image","twitter_misc":{"Tempo estimado de leitura":"1 minuto"},"schema":{"@context":"https:\/\/schema.org","@graph":[{"@type":"WebPage","@id":"https:\/\/lovme.pt\/index.php\/produto\/ohmama-pequena-cobertura-de-penis-e-testiculos-de-silicone\/","url":"https:\/\/lovme.pt\/index.php\/produto\/ohmama-pequena-cobertura-de-penis-e-testiculos-de-silicone\/","name":"OHMAMA - PEQUENA COBERTURA DE P\u00caNIS E TEST\u00cdCULOS DE SILICONE - Lovme","isPartOf":{"@id":"https:\/\/lovme.pt\/#website"},"primaryImageOfPage":{"@id":"https:\/\/lovme.pt\/index.php\/produto\/ohmama-pequena-cobertura-de-penis-e-testiculos-de-silicone\/#primaryimage"},"image":{"@id":"https:\/\/lovme.pt\/index.php\/produto\/ohmama-pequena-cobertura-de-penis-e-testiculos-de-silicone\/#primaryimage"},"thumbnailUrl":"https:\/\/erki24nd3ub.exactdn.com\/wp-content\/uploads\/dream\/img\/img_114423_04da930dbf3fe89184ab546c2893c3b1_1.png?strip=all","datePublished":"2025-09-30T10:09:49+00:00","dateModified":"2026-02-25T07:46:33+00:00","breadcrumb":{"@id":"https:\/\/lovme.pt\/index.php\/produto\/ohmama-pequena-cobertura-de-penis-e-testiculos-de-silicone\/#breadcrumb"},"inLanguage":"pt-PT","potentialAction":[{"@type":"ReadAction","target":["https:\/\/lovme.pt\/index.php\/produto\/ohmama-pequena-cobertura-de-penis-e-testiculos-de-silicone\/"]}]},{"@type":"ImageObject","inLanguage":"pt-PT","@id":"https:\/\/lovme.pt\/index.php\/produto\/ohmama-pequena-cobertura-de-penis-e-testiculos-de-silicone\/#primaryimage","url":"https:\/\/erki24nd3ub.exactdn.com\/wp-content\/uploads\/dream\/img\/img_114423_04da930dbf3fe89184ab546c2893c3b1_1.png?strip=all","contentUrl":"https:\/\/erki24nd3ub.exactdn.com\/wp-content\/uploads\/dream\/img\/img_114423_04da930dbf3fe89184ab546c2893c3b1_1.png?strip=all","width":800,"height":800},{"@type":"BreadcrumbList","@id":"https:\/\/lovme.pt\/index.php\/produto\/ohmama-pequena-cobertura-de-penis-e-testiculos-de-silicone\/#breadcrumb","itemListElement":[{"@type":"ListItem","position":1,"name":"In\u00edcio","item":"https:\/\/lovme.pt\/"},{"@type":"ListItem","position":2,"name":"Loja","item":"https:\/\/lovme.pt\/index.php\/loja\/"},{"@type":"ListItem","position":3,"name":"OHMAMA &#8211; PEQUENA COBERTURA DE P\u00caNIS E TEST\u00cdCULOS DE SILICONE"}]},{"@type":"WebSite","@id":"https:\/\/lovme.pt\/#website","url":"https:\/\/lovme.pt\/","name":"Lovme Loja Er\u00f3tica N\u00ba1 em Portugal","description":"A melhor loja er\u00f3tica de Portugal.","alternateName":"Loja Er\u00f3tica Lovme","potentialAction":[{"@type":"SearchAction","target":{"@type":"EntryPoint","urlTemplate":"https:\/\/lovme.pt\/?s={search_term_string}"},"query-input":{"@type":"PropertyValueSpecification","valueRequired":true,"valueName":"search_term_string"}}],"inLanguage":"pt-PT"}]}},"_links":{"self":[{"href":"https:\/\/lovme.pt\/index.php\/wp-json\/wp\/v2\/product\/37438","targetHints":{"allow":["GET"]}}],"collection":[{"href":"https:\/\/lovme.pt\/index.php\/wp-json\/wp\/v2\/product"}],"about":[{"href":"https:\/\/lovme.pt\/index.php\/wp-json\/wp\/v2\/types\/product"}],"wp:featuredmedia":[{"embeddable":true,"href":"https:\/\/lovme.pt\/index.php\/wp-json\/wp\/v2\/media\/63395"}],"wp:attachment":[{"href":"https:\/\/lovme.pt\/index.php\/wp-json\/wp\/v2\/media?parent=37438"}],"wp:term":[{"taxonomy":"product_brand","embeddable":true,"href":"https:\/\/lovme.pt\/index.php\/wp-json\/wp\/v2\/product_brand?post=37438"},{"taxonomy":"product_cat","embeddable":true,"href":"https:\/\/lovme.pt\/index.php\/wp-json\/wp\/v2\/product_cat?post=37438"},{"taxonomy":"product_tag","embeddable":true,"href":"https:\/\/lovme.pt\/index.php\/wp-json\/wp\/v2\/product_tag?post=37438"}],"curies":[{"name":"wp","href":"https:\/\/api.w.org\/{rel}","templated":true}]}}