{"id":33067,"date":"2025-10-01T02:36:34","date_gmt":"2025-10-01T02:36:34","guid":{"rendered":"https:\/\/lovme.pt\/?post_type=product&#038;p=33067"},"modified":"2026-04-02T12:31:50","modified_gmt":"2026-04-02T12:31:50","slug":"500-cosmetics-phiero-secret-natural-inodorless-combinacao-hormonios-sexuais-femininos-15-ml","status":"publish","type":"product","link":"https:\/\/lovme.pt\/index.php\/produto\/500-cosmetics-phiero-secret-natural-inodorless-combinacao-hormonios-sexuais-femininos-15-ml\/","title":{"rendered":"500 COSMETICS &#8211; PHIERO SECRET NATURAL INODORLESS COMBINA\u00c7\u00c3O HORM\u00d4NIOS SEXUAIS FEMININOS 15 ML"},"content":{"rendered":"<p>Phiero Secret &eacute; uma combina&ccedil;&atilde;o de subst&acirc;ncias inodoras que atuam como horm&ocirc;nios sexuais femininos, aumentando a atra&ccedil;&atilde;o sexual. Baseia-se no poder de atra&ccedil;&atilde;o natural dos ferom&ocirc;nios para capturar o interesse masculino. N&atilde;o apresenta odor, podendo ser combinado como desejar com qualquer tipo de fragr&acirc;ncia. O c&eacute;rebro recebe o sinal diante de um est&iacute;mulo positivo e desencadeia rea&ccedil;&otilde;es que, como consequ&ecirc;ncia, provocam no receptor uma atra&ccedil;&atilde;o e saudade de quem o liberou.<\/p>\n<p>Phiero Secret &eacute; indicado para:<\/p>\n<ul>\n<li>Aumenta a atra&ccedil;&atilde;o sexual<\/li>\n<li>Promove relacionamentos pessoais<\/li>\n<li>Aumentar a atra&ccedil;&atilde;o feminina<\/li>\n<li>Aumento da confian&ccedil;a e autoestima<\/li>\n<li>Combina com qualquer perfume Efeito imediato<\/li>\n<li>15ml<\/li>\n<\/ul>\n<p>Facilite seus flertes e melhore as situa&ccedil;&otilde;es de casal com a fragr&acirc;ncia com ferom&ocirc;nios Phiero Secret Phiero Secret conta com o poder natural de atra&ccedil;&atilde;o dos ferom&ocirc;nios para capturar o interesse masculino. N&atilde;o apresenta odor, podendo ser combinado como desejar com qualquer tipo de fragr&acirc;ncia.<\/p>\n<p>Os ferom&ocirc;nios s&atilde;o inodoros e conscientemente indetect&aacute;veis para o olfato humano, mas nosso olfato pode perceber os ferom&ocirc;nios secretados, sem ter consci&ecirc;ncia disso. O c&eacute;rebro recebe o sinal diante de um est&iacute;mulo positivo e desencadeia rea&ccedil;&otilde;es que, como consequ&ecirc;ncia, provocam no receptor uma atra&ccedil;&atilde;o e saudade de quem o liberou.<\/p>\n<p>Para que os ferom&ocirc;nios sejam capturados pelo nosso corpo, eles devem ser apresentados como subst&acirc;ncias vol&aacute;teis, pois essas subst&acirc;ncias devem ser capazes de viajar de um corpo para outro na forma de part&iacute;culas, para posteriormente serem capturadas, como acontece com os odores.<\/p>\n<p style=\"text-align: center\"><img decoding=\"async\" alt=\"\" src=\"https:\/\/erki24nd3ub.exactdn.com\/UserFiles\/images\/info-feromonas-mujer-en.jpg?strip=all&w=1920\" style=\"width: 643px;height: 440px\" \/><\/p>\n<p>&nbsp;<\/p>\n","protected":false},"excerpt":{"rendered":"<p>500 COSMETICS &#8211; PHIERO SECRET NATURAL INODORLESS COMBINA\u00c7\u00c3O HORM\u00d4NIOS SEXUAIS FEMININOS 15 ML<\/p>\n","protected":false},"featured_media":98017,"template":"","meta":{"_acf_changed":false},"product_brand":[],"product_cat":[49],"product_tag":[],"class_list":{"0":"post-33067","1":"product","2":"type-product","3":"status-publish","4":"has-post-thumbnail","6":"product_cat-cosmeticos","7":"yith_product_brand-500cosmetics","9":"first","10":"instock","11":"taxable","12":"shipping-taxable","13":"purchasable","14":"product-type-simple"},"acf":[],"yoast_head":"<!-- This site is optimized with the Yoast SEO plugin v27.4 - https:\/\/yoast.com\/product\/yoast-seo-wordpress\/ -->\n<title>500 COSMETICS - PHIERO SECRET NATURAL INODORLESS COMBINA\u00c7\u00c3O HORM\u00d4NIOS SEXUAIS FEMININOS 15 ML - Lovme<\/title>\n<meta name=\"robots\" content=\"index, follow, max-snippet:-1, max-image-preview:large, max-video-preview:-1\" \/>\n<link rel=\"canonical\" href=\"https:\/\/lovme.pt\/index.php\/produto\/500-cosmetics-phiero-secret-natural-inodorless-combinacao-hormonios-sexuais-femininos-15-ml\/\" \/>\n<meta property=\"og:locale\" content=\"pt_PT\" \/>\n<meta property=\"og:type\" content=\"article\" \/>\n<meta property=\"og:title\" content=\"500 COSMETICS - PHIERO SECRET NATURAL INODORLESS COMBINA\u00c7\u00c3O HORM\u00d4NIOS SEXUAIS FEMININOS 15 ML - Lovme\" \/>\n<meta property=\"og:description\" content=\"500 COSMETICS - PHIERO SECRET NATURAL INODORLESS COMBINA\u00c7\u00c3O HORM\u00d4NIOS SEXUAIS FEMININOS 15 ML\" \/>\n<meta property=\"og:url\" content=\"https:\/\/lovme.pt\/index.php\/produto\/500-cosmetics-phiero-secret-natural-inodorless-combinacao-hormonios-sexuais-femininos-15-ml\/\" \/>\n<meta property=\"og:site_name\" content=\"Lovme\" \/>\n<meta property=\"article:modified_time\" content=\"2026-04-02T12:31:50+00:00\" \/>\n<meta property=\"og:image\" content=\"https:\/\/erki24nd3ub.exactdn.com\/wp-content\/uploads\/dream\/img\/img_124306_3668e9386e27b90f4de0f0a0e2642527_1.jpg?strip=all\" \/>\n\t<meta property=\"og:image:width\" content=\"800\" \/>\n\t<meta property=\"og:image:height\" content=\"800\" \/>\n\t<meta property=\"og:image:type\" content=\"image\/jpeg\" \/>\n<meta name=\"twitter:card\" content=\"summary_large_image\" \/>\n<meta name=\"twitter:label1\" content=\"Tempo estimado de leitura\" \/>\n\t<meta name=\"twitter:data1\" content=\"2 minutos\" \/>\n<script type=\"application\/ld+json\" class=\"yoast-schema-graph\">{\"@context\":\"https:\\\/\\\/schema.org\",\"@graph\":[{\"@type\":\"WebPage\",\"@id\":\"https:\\\/\\\/lovme.pt\\\/index.php\\\/produto\\\/500-cosmetics-phiero-secret-natural-inodorless-combinacao-hormonios-sexuais-femininos-15-ml\\\/\",\"url\":\"https:\\\/\\\/lovme.pt\\\/index.php\\\/produto\\\/500-cosmetics-phiero-secret-natural-inodorless-combinacao-hormonios-sexuais-femininos-15-ml\\\/\",\"name\":\"500 COSMETICS - PHIERO SECRET NATURAL INODORLESS COMBINA\u00c7\u00c3O HORM\u00d4NIOS SEXUAIS FEMININOS 15 ML - Lovme\",\"isPartOf\":{\"@id\":\"https:\\\/\\\/lovme.pt\\\/#website\"},\"primaryImageOfPage\":{\"@id\":\"https:\\\/\\\/lovme.pt\\\/index.php\\\/produto\\\/500-cosmetics-phiero-secret-natural-inodorless-combinacao-hormonios-sexuais-femininos-15-ml\\\/#primaryimage\"},\"image\":{\"@id\":\"https:\\\/\\\/lovme.pt\\\/index.php\\\/produto\\\/500-cosmetics-phiero-secret-natural-inodorless-combinacao-hormonios-sexuais-femininos-15-ml\\\/#primaryimage\"},\"thumbnailUrl\":\"https:\\\/\\\/erki24nd3ub.exactdn.com\\\/wp-content\\\/uploads\\\/dream\\\/img\\\/img_124306_3668e9386e27b90f4de0f0a0e2642527_1.jpg?strip=all\",\"datePublished\":\"2025-10-01T02:36:34+00:00\",\"dateModified\":\"2026-04-02T12:31:50+00:00\",\"breadcrumb\":{\"@id\":\"https:\\\/\\\/lovme.pt\\\/index.php\\\/produto\\\/500-cosmetics-phiero-secret-natural-inodorless-combinacao-hormonios-sexuais-femininos-15-ml\\\/#breadcrumb\"},\"inLanguage\":\"pt-PT\",\"potentialAction\":[{\"@type\":\"ReadAction\",\"target\":[\"https:\\\/\\\/lovme.pt\\\/index.php\\\/produto\\\/500-cosmetics-phiero-secret-natural-inodorless-combinacao-hormonios-sexuais-femininos-15-ml\\\/\"]}]},{\"@type\":\"ImageObject\",\"inLanguage\":\"pt-PT\",\"@id\":\"https:\\\/\\\/lovme.pt\\\/index.php\\\/produto\\\/500-cosmetics-phiero-secret-natural-inodorless-combinacao-hormonios-sexuais-femininos-15-ml\\\/#primaryimage\",\"url\":\"https:\\\/\\\/erki24nd3ub.exactdn.com\\\/wp-content\\\/uploads\\\/dream\\\/img\\\/img_124306_3668e9386e27b90f4de0f0a0e2642527_1.jpg?strip=all\",\"contentUrl\":\"https:\\\/\\\/erki24nd3ub.exactdn.com\\\/wp-content\\\/uploads\\\/dream\\\/img\\\/img_124306_3668e9386e27b90f4de0f0a0e2642527_1.jpg?strip=all\",\"width\":800,\"height\":800},{\"@type\":\"BreadcrumbList\",\"@id\":\"https:\\\/\\\/lovme.pt\\\/index.php\\\/produto\\\/500-cosmetics-phiero-secret-natural-inodorless-combinacao-hormonios-sexuais-femininos-15-ml\\\/#breadcrumb\",\"itemListElement\":[{\"@type\":\"ListItem\",\"position\":1,\"name\":\"In\u00edcio\",\"item\":\"https:\\\/\\\/lovme.pt\\\/\"},{\"@type\":\"ListItem\",\"position\":2,\"name\":\"Loja\",\"item\":\"https:\\\/\\\/lovme.pt\\\/index.php\\\/loja\\\/\"},{\"@type\":\"ListItem\",\"position\":3,\"name\":\"500 COSMETICS &#8211; PHIERO SECRET NATURAL INODORLESS COMBINA\u00c7\u00c3O HORM\u00d4NIOS SEXUAIS FEMININOS 15 ML\"}]},{\"@type\":\"WebSite\",\"@id\":\"https:\\\/\\\/lovme.pt\\\/#website\",\"url\":\"https:\\\/\\\/lovme.pt\\\/\",\"name\":\"Lovme Loja Er\u00f3tica N\u00ba1 em Portugal\",\"description\":\"A melhor loja er\u00f3tica de Portugal.\",\"alternateName\":\"Loja Er\u00f3tica Lovme\",\"potentialAction\":[{\"@type\":\"SearchAction\",\"target\":{\"@type\":\"EntryPoint\",\"urlTemplate\":\"https:\\\/\\\/lovme.pt\\\/?s={search_term_string}\"},\"query-input\":{\"@type\":\"PropertyValueSpecification\",\"valueRequired\":true,\"valueName\":\"search_term_string\"}}],\"inLanguage\":\"pt-PT\"}]}<\/script>\n<!-- \/ Yoast SEO plugin. -->","yoast_head_json":{"title":"500 COSMETICS - PHIERO SECRET NATURAL INODORLESS COMBINA\u00c7\u00c3O HORM\u00d4NIOS SEXUAIS FEMININOS 15 ML - Lovme","robots":{"index":"index","follow":"follow","max-snippet":"max-snippet:-1","max-image-preview":"max-image-preview:large","max-video-preview":"max-video-preview:-1"},"canonical":"https:\/\/lovme.pt\/index.php\/produto\/500-cosmetics-phiero-secret-natural-inodorless-combinacao-hormonios-sexuais-femininos-15-ml\/","og_locale":"pt_PT","og_type":"article","og_title":"500 COSMETICS - PHIERO SECRET NATURAL INODORLESS COMBINA\u00c7\u00c3O HORM\u00d4NIOS SEXUAIS FEMININOS 15 ML - Lovme","og_description":"500 COSMETICS - PHIERO SECRET NATURAL INODORLESS COMBINA\u00c7\u00c3O HORM\u00d4NIOS SEXUAIS FEMININOS 15 ML","og_url":"https:\/\/lovme.pt\/index.php\/produto\/500-cosmetics-phiero-secret-natural-inodorless-combinacao-hormonios-sexuais-femininos-15-ml\/","og_site_name":"Lovme","article_modified_time":"2026-04-02T12:31:50+00:00","og_image":[{"width":800,"height":800,"url":"https:\/\/erki24nd3ub.exactdn.com\/wp-content\/uploads\/dream\/img\/img_124306_3668e9386e27b90f4de0f0a0e2642527_1.jpg?strip=all","type":"image\/jpeg"}],"twitter_card":"summary_large_image","twitter_misc":{"Tempo estimado de leitura":"2 minutos"},"schema":{"@context":"https:\/\/schema.org","@graph":[{"@type":"WebPage","@id":"https:\/\/lovme.pt\/index.php\/produto\/500-cosmetics-phiero-secret-natural-inodorless-combinacao-hormonios-sexuais-femininos-15-ml\/","url":"https:\/\/lovme.pt\/index.php\/produto\/500-cosmetics-phiero-secret-natural-inodorless-combinacao-hormonios-sexuais-femininos-15-ml\/","name":"500 COSMETICS - PHIERO SECRET NATURAL INODORLESS COMBINA\u00c7\u00c3O HORM\u00d4NIOS SEXUAIS FEMININOS 15 ML - Lovme","isPartOf":{"@id":"https:\/\/lovme.pt\/#website"},"primaryImageOfPage":{"@id":"https:\/\/lovme.pt\/index.php\/produto\/500-cosmetics-phiero-secret-natural-inodorless-combinacao-hormonios-sexuais-femininos-15-ml\/#primaryimage"},"image":{"@id":"https:\/\/lovme.pt\/index.php\/produto\/500-cosmetics-phiero-secret-natural-inodorless-combinacao-hormonios-sexuais-femininos-15-ml\/#primaryimage"},"thumbnailUrl":"https:\/\/erki24nd3ub.exactdn.com\/wp-content\/uploads\/dream\/img\/img_124306_3668e9386e27b90f4de0f0a0e2642527_1.jpg?strip=all","datePublished":"2025-10-01T02:36:34+00:00","dateModified":"2026-04-02T12:31:50+00:00","breadcrumb":{"@id":"https:\/\/lovme.pt\/index.php\/produto\/500-cosmetics-phiero-secret-natural-inodorless-combinacao-hormonios-sexuais-femininos-15-ml\/#breadcrumb"},"inLanguage":"pt-PT","potentialAction":[{"@type":"ReadAction","target":["https:\/\/lovme.pt\/index.php\/produto\/500-cosmetics-phiero-secret-natural-inodorless-combinacao-hormonios-sexuais-femininos-15-ml\/"]}]},{"@type":"ImageObject","inLanguage":"pt-PT","@id":"https:\/\/lovme.pt\/index.php\/produto\/500-cosmetics-phiero-secret-natural-inodorless-combinacao-hormonios-sexuais-femininos-15-ml\/#primaryimage","url":"https:\/\/erki24nd3ub.exactdn.com\/wp-content\/uploads\/dream\/img\/img_124306_3668e9386e27b90f4de0f0a0e2642527_1.jpg?strip=all","contentUrl":"https:\/\/erki24nd3ub.exactdn.com\/wp-content\/uploads\/dream\/img\/img_124306_3668e9386e27b90f4de0f0a0e2642527_1.jpg?strip=all","width":800,"height":800},{"@type":"BreadcrumbList","@id":"https:\/\/lovme.pt\/index.php\/produto\/500-cosmetics-phiero-secret-natural-inodorless-combinacao-hormonios-sexuais-femininos-15-ml\/#breadcrumb","itemListElement":[{"@type":"ListItem","position":1,"name":"In\u00edcio","item":"https:\/\/lovme.pt\/"},{"@type":"ListItem","position":2,"name":"Loja","item":"https:\/\/lovme.pt\/index.php\/loja\/"},{"@type":"ListItem","position":3,"name":"500 COSMETICS &#8211; PHIERO SECRET NATURAL INODORLESS COMBINA\u00c7\u00c3O HORM\u00d4NIOS SEXUAIS FEMININOS 15 ML"}]},{"@type":"WebSite","@id":"https:\/\/lovme.pt\/#website","url":"https:\/\/lovme.pt\/","name":"Lovme Loja Er\u00f3tica N\u00ba1 em Portugal","description":"A melhor loja er\u00f3tica de Portugal.","alternateName":"Loja Er\u00f3tica Lovme","potentialAction":[{"@type":"SearchAction","target":{"@type":"EntryPoint","urlTemplate":"https:\/\/lovme.pt\/?s={search_term_string}"},"query-input":{"@type":"PropertyValueSpecification","valueRequired":true,"valueName":"search_term_string"}}],"inLanguage":"pt-PT"}]}},"_links":{"self":[{"href":"https:\/\/lovme.pt\/index.php\/wp-json\/wp\/v2\/product\/33067","targetHints":{"allow":["GET"]}}],"collection":[{"href":"https:\/\/lovme.pt\/index.php\/wp-json\/wp\/v2\/product"}],"about":[{"href":"https:\/\/lovme.pt\/index.php\/wp-json\/wp\/v2\/types\/product"}],"wp:featuredmedia":[{"embeddable":true,"href":"https:\/\/lovme.pt\/index.php\/wp-json\/wp\/v2\/media\/98017"}],"wp:attachment":[{"href":"https:\/\/lovme.pt\/index.php\/wp-json\/wp\/v2\/media?parent=33067"}],"wp:term":[{"taxonomy":"product_brand","embeddable":true,"href":"https:\/\/lovme.pt\/index.php\/wp-json\/wp\/v2\/product_brand?post=33067"},{"taxonomy":"product_cat","embeddable":true,"href":"https:\/\/lovme.pt\/index.php\/wp-json\/wp\/v2\/product_cat?post=33067"},{"taxonomy":"product_tag","embeddable":true,"href":"https:\/\/lovme.pt\/index.php\/wp-json\/wp\/v2\/product_tag?post=33067"}],"curies":[{"name":"wp","href":"https:\/\/api.w.org\/{rel}","templated":true}]}}