{"id":32979,"date":"2025-09-30T10:08:59","date_gmt":"2025-09-30T10:08:59","guid":{"rendered":"https:\/\/lovme.pt\/?post_type=product&#038;p=32979"},"modified":"2026-03-31T22:22:32","modified_gmt":"2026-03-31T22:22:32","slug":"virilxl-extensao-do-penis-e-bainha-v11-transparente","status":"publish","type":"product","link":"https:\/\/lovme.pt\/index.php\/produto\/virilxl-extensao-do-penis-e-bainha-v11-transparente\/","title":{"rendered":"VIRILXL &#8211; EXTENS\u00c3O DO P\u00caNIS E BAINHA V11 TRANSPARENTE"},"content":{"rendered":"<p>Aumente a sua espessura e intensifique o prazer para ambos com esta manga para p&eacute;nis VirilXL Extension. Esta manga macia e el&aacute;stica pode ser cortada para caber na maioria dos tamanhos. Basta cortar onde come&ccedil;a a glande e voc&ecirc; estar&aacute; pronto para a a&ccedil;&atilde;o. Voc&ecirc; sentir&aacute; todas as sensa&ccedil;&otilde;es e seu parceiro desfrutar&aacute; de uma nova espessura.<\/p>\n<p>Deslize a manga sobre a sua ere&ccedil;&atilde;o e satisfa&ccedil;a todos os seus desejos com o seu novo tamanho ainda mais grosso! O material supermacio feito de 100% pele tpe, parece uma segunda pele.<\/p>\n<p>Realize fantasias emocionantes ao deslizar seu p&ecirc;nis na bainha e seu escroto na al&ccedil;a. Depois que esta manga de extens&atilde;o estiver fixada, voc&ecirc; ter&aacute; mais comprimento e circunfer&ecirc;ncia para brincar com suporte total.<\/p>\n<ul>\n<li>Adicione at&eacute; 30% do comprimento do seu tamanho normal.<\/li>\n<li>Uma largura extra de 33%.<\/li>\n<li>Texturizado, adiciona mais emo&ccedil;&atilde;o.<\/li>\n<li>Prolonga a ejacula&ccedil;&atilde;o gra&ccedil;as &agrave; cinta genital.<\/li>\n<li>Comprimento inser&iacute;vel: 13,5 cm<\/li>\n<li>Di&acirc;metro; 4cm<\/li>\n<li>Como fa&ccedil;o para limpar a extens&atilde;o VirilXL?<\/li>\n<\/ul>\n<p>VirilXL pode ser facilmente limpo antes e depois de cada utiliza&ccedil;&atilde;o. A superf&iacute;cie pode ser limpa com sab&atilde;o neutro e &aacute;gua morna. Para uma desinfec&ccedil;&atilde;o completa recomendamos o Spray Desinfetante Waterfeek, o limpador de brinquedos Intimichic ou o desinfetante Nina Kik&iacute; que combina perfeitamente com o TPE macio. Para uma coloca&ccedil;&atilde;o suave e um treino sem problemas, aconselhamos tamb&eacute;m a utiliza&ccedil;&atilde;o de algumas gotas de lubrificante, como a vers&atilde;o cl&aacute;ssica do Waterfeel ou Aqua.<\/p>\n","protected":false},"excerpt":{"rendered":"<p>VIRILXL &#8211; MANGA EXTRA CONFORTO EXTENSOR DE P\u00caNIS V11TRANSPARENTE<\/p>\n","protected":false},"featured_media":63199,"template":"","meta":{"_acf_changed":false},"product_brand":[],"product_cat":[17,60],"product_tag":[],"class_list":{"0":"post-32979","1":"product","2":"type-product","3":"status-publish","4":"has-post-thumbnail","6":"product_cat-brinquedos-de-bem-estar-sexual","7":"product_cat-para-eles","8":"yith_product_brand-virilxl","10":"first","11":"instock","12":"taxable","13":"shipping-taxable","14":"purchasable","15":"product-type-simple"},"acf":[],"yoast_head":"<!-- This site is optimized with the Yoast SEO plugin v27.4 - https:\/\/yoast.com\/product\/yoast-seo-wordpress\/ -->\n<title>VIRILXL - EXTENS\u00c3O DO P\u00caNIS E BAINHA V11 TRANSPARENTE - Lovme<\/title>\n<meta name=\"robots\" content=\"index, follow, max-snippet:-1, max-image-preview:large, max-video-preview:-1\" \/>\n<link rel=\"canonical\" href=\"https:\/\/lovme.pt\/index.php\/produto\/virilxl-extensao-do-penis-e-bainha-v11-transparente\/\" \/>\n<meta property=\"og:locale\" content=\"pt_PT\" \/>\n<meta property=\"og:type\" content=\"article\" \/>\n<meta property=\"og:title\" content=\"VIRILXL - EXTENS\u00c3O DO P\u00caNIS E BAINHA V11 TRANSPARENTE - Lovme\" \/>\n<meta property=\"og:description\" content=\"VIRILXL - MANGA EXTRA CONFORTO EXTENSOR DE P\u00caNIS V11TRANSPARENTE\" \/>\n<meta property=\"og:url\" content=\"https:\/\/lovme.pt\/index.php\/produto\/virilxl-extensao-do-penis-e-bainha-v11-transparente\/\" \/>\n<meta property=\"og:site_name\" content=\"Lovme\" \/>\n<meta property=\"article:modified_time\" content=\"2026-03-31T22:22:32+00:00\" \/>\n<meta property=\"og:image\" content=\"https:\/\/erki24nd3ub.exactdn.com\/wp-content\/uploads\/dream\/img\/img_153586_c549a21427651043b384901a2747f0cf_1.png?strip=all\" \/>\n\t<meta property=\"og:image:width\" content=\"800\" \/>\n\t<meta property=\"og:image:height\" content=\"800\" \/>\n\t<meta property=\"og:image:type\" content=\"image\/png\" \/>\n<meta name=\"twitter:card\" content=\"summary_large_image\" \/>\n<meta name=\"twitter:label1\" content=\"Tempo estimado de leitura\" \/>\n\t<meta name=\"twitter:data1\" content=\"2 minutos\" \/>\n<script type=\"application\/ld+json\" class=\"yoast-schema-graph\">{\"@context\":\"https:\\\/\\\/schema.org\",\"@graph\":[{\"@type\":\"WebPage\",\"@id\":\"https:\\\/\\\/lovme.pt\\\/index.php\\\/produto\\\/virilxl-extensao-do-penis-e-bainha-v11-transparente\\\/\",\"url\":\"https:\\\/\\\/lovme.pt\\\/index.php\\\/produto\\\/virilxl-extensao-do-penis-e-bainha-v11-transparente\\\/\",\"name\":\"VIRILXL - EXTENS\u00c3O DO P\u00caNIS E BAINHA V11 TRANSPARENTE - Lovme\",\"isPartOf\":{\"@id\":\"https:\\\/\\\/lovme.pt\\\/#website\"},\"primaryImageOfPage\":{\"@id\":\"https:\\\/\\\/lovme.pt\\\/index.php\\\/produto\\\/virilxl-extensao-do-penis-e-bainha-v11-transparente\\\/#primaryimage\"},\"image\":{\"@id\":\"https:\\\/\\\/lovme.pt\\\/index.php\\\/produto\\\/virilxl-extensao-do-penis-e-bainha-v11-transparente\\\/#primaryimage\"},\"thumbnailUrl\":\"https:\\\/\\\/erki24nd3ub.exactdn.com\\\/wp-content\\\/uploads\\\/dream\\\/img\\\/img_153586_c549a21427651043b384901a2747f0cf_1.png?strip=all\",\"datePublished\":\"2025-09-30T10:08:59+00:00\",\"dateModified\":\"2026-03-31T22:22:32+00:00\",\"breadcrumb\":{\"@id\":\"https:\\\/\\\/lovme.pt\\\/index.php\\\/produto\\\/virilxl-extensao-do-penis-e-bainha-v11-transparente\\\/#breadcrumb\"},\"inLanguage\":\"pt-PT\",\"potentialAction\":[{\"@type\":\"ReadAction\",\"target\":[\"https:\\\/\\\/lovme.pt\\\/index.php\\\/produto\\\/virilxl-extensao-do-penis-e-bainha-v11-transparente\\\/\"]}]},{\"@type\":\"ImageObject\",\"inLanguage\":\"pt-PT\",\"@id\":\"https:\\\/\\\/lovme.pt\\\/index.php\\\/produto\\\/virilxl-extensao-do-penis-e-bainha-v11-transparente\\\/#primaryimage\",\"url\":\"https:\\\/\\\/erki24nd3ub.exactdn.com\\\/wp-content\\\/uploads\\\/dream\\\/img\\\/img_153586_c549a21427651043b384901a2747f0cf_1.png?strip=all\",\"contentUrl\":\"https:\\\/\\\/erki24nd3ub.exactdn.com\\\/wp-content\\\/uploads\\\/dream\\\/img\\\/img_153586_c549a21427651043b384901a2747f0cf_1.png?strip=all\",\"width\":800,\"height\":800},{\"@type\":\"BreadcrumbList\",\"@id\":\"https:\\\/\\\/lovme.pt\\\/index.php\\\/produto\\\/virilxl-extensao-do-penis-e-bainha-v11-transparente\\\/#breadcrumb\",\"itemListElement\":[{\"@type\":\"ListItem\",\"position\":1,\"name\":\"In\u00edcio\",\"item\":\"https:\\\/\\\/lovme.pt\\\/\"},{\"@type\":\"ListItem\",\"position\":2,\"name\":\"Loja\",\"item\":\"https:\\\/\\\/lovme.pt\\\/index.php\\\/loja\\\/\"},{\"@type\":\"ListItem\",\"position\":3,\"name\":\"VIRILXL &#8211; EXTENS\u00c3O DO P\u00caNIS E BAINHA V11 TRANSPARENTE\"}]},{\"@type\":\"WebSite\",\"@id\":\"https:\\\/\\\/lovme.pt\\\/#website\",\"url\":\"https:\\\/\\\/lovme.pt\\\/\",\"name\":\"Lovme Loja Er\u00f3tica N\u00ba1 em Portugal\",\"description\":\"A melhor loja er\u00f3tica de Portugal.\",\"alternateName\":\"Loja Er\u00f3tica Lovme\",\"potentialAction\":[{\"@type\":\"SearchAction\",\"target\":{\"@type\":\"EntryPoint\",\"urlTemplate\":\"https:\\\/\\\/lovme.pt\\\/?s={search_term_string}\"},\"query-input\":{\"@type\":\"PropertyValueSpecification\",\"valueRequired\":true,\"valueName\":\"search_term_string\"}}],\"inLanguage\":\"pt-PT\"}]}<\/script>\n<!-- \/ Yoast SEO plugin. -->","yoast_head_json":{"title":"VIRILXL - EXTENS\u00c3O DO P\u00caNIS E BAINHA V11 TRANSPARENTE - Lovme","robots":{"index":"index","follow":"follow","max-snippet":"max-snippet:-1","max-image-preview":"max-image-preview:large","max-video-preview":"max-video-preview:-1"},"canonical":"https:\/\/lovme.pt\/index.php\/produto\/virilxl-extensao-do-penis-e-bainha-v11-transparente\/","og_locale":"pt_PT","og_type":"article","og_title":"VIRILXL - EXTENS\u00c3O DO P\u00caNIS E BAINHA V11 TRANSPARENTE - Lovme","og_description":"VIRILXL - MANGA EXTRA CONFORTO EXTENSOR DE P\u00caNIS V11TRANSPARENTE","og_url":"https:\/\/lovme.pt\/index.php\/produto\/virilxl-extensao-do-penis-e-bainha-v11-transparente\/","og_site_name":"Lovme","article_modified_time":"2026-03-31T22:22:32+00:00","og_image":[{"width":800,"height":800,"url":"https:\/\/erki24nd3ub.exactdn.com\/wp-content\/uploads\/dream\/img\/img_153586_c549a21427651043b384901a2747f0cf_1.png?strip=all","type":"image\/png"}],"twitter_card":"summary_large_image","twitter_misc":{"Tempo estimado de leitura":"2 minutos"},"schema":{"@context":"https:\/\/schema.org","@graph":[{"@type":"WebPage","@id":"https:\/\/lovme.pt\/index.php\/produto\/virilxl-extensao-do-penis-e-bainha-v11-transparente\/","url":"https:\/\/lovme.pt\/index.php\/produto\/virilxl-extensao-do-penis-e-bainha-v11-transparente\/","name":"VIRILXL - EXTENS\u00c3O DO P\u00caNIS E BAINHA V11 TRANSPARENTE - Lovme","isPartOf":{"@id":"https:\/\/lovme.pt\/#website"},"primaryImageOfPage":{"@id":"https:\/\/lovme.pt\/index.php\/produto\/virilxl-extensao-do-penis-e-bainha-v11-transparente\/#primaryimage"},"image":{"@id":"https:\/\/lovme.pt\/index.php\/produto\/virilxl-extensao-do-penis-e-bainha-v11-transparente\/#primaryimage"},"thumbnailUrl":"https:\/\/erki24nd3ub.exactdn.com\/wp-content\/uploads\/dream\/img\/img_153586_c549a21427651043b384901a2747f0cf_1.png?strip=all","datePublished":"2025-09-30T10:08:59+00:00","dateModified":"2026-03-31T22:22:32+00:00","breadcrumb":{"@id":"https:\/\/lovme.pt\/index.php\/produto\/virilxl-extensao-do-penis-e-bainha-v11-transparente\/#breadcrumb"},"inLanguage":"pt-PT","potentialAction":[{"@type":"ReadAction","target":["https:\/\/lovme.pt\/index.php\/produto\/virilxl-extensao-do-penis-e-bainha-v11-transparente\/"]}]},{"@type":"ImageObject","inLanguage":"pt-PT","@id":"https:\/\/lovme.pt\/index.php\/produto\/virilxl-extensao-do-penis-e-bainha-v11-transparente\/#primaryimage","url":"https:\/\/erki24nd3ub.exactdn.com\/wp-content\/uploads\/dream\/img\/img_153586_c549a21427651043b384901a2747f0cf_1.png?strip=all","contentUrl":"https:\/\/erki24nd3ub.exactdn.com\/wp-content\/uploads\/dream\/img\/img_153586_c549a21427651043b384901a2747f0cf_1.png?strip=all","width":800,"height":800},{"@type":"BreadcrumbList","@id":"https:\/\/lovme.pt\/index.php\/produto\/virilxl-extensao-do-penis-e-bainha-v11-transparente\/#breadcrumb","itemListElement":[{"@type":"ListItem","position":1,"name":"In\u00edcio","item":"https:\/\/lovme.pt\/"},{"@type":"ListItem","position":2,"name":"Loja","item":"https:\/\/lovme.pt\/index.php\/loja\/"},{"@type":"ListItem","position":3,"name":"VIRILXL &#8211; EXTENS\u00c3O DO P\u00caNIS E BAINHA V11 TRANSPARENTE"}]},{"@type":"WebSite","@id":"https:\/\/lovme.pt\/#website","url":"https:\/\/lovme.pt\/","name":"Lovme Loja Er\u00f3tica N\u00ba1 em Portugal","description":"A melhor loja er\u00f3tica de Portugal.","alternateName":"Loja Er\u00f3tica Lovme","potentialAction":[{"@type":"SearchAction","target":{"@type":"EntryPoint","urlTemplate":"https:\/\/lovme.pt\/?s={search_term_string}"},"query-input":{"@type":"PropertyValueSpecification","valueRequired":true,"valueName":"search_term_string"}}],"inLanguage":"pt-PT"}]}},"_links":{"self":[{"href":"https:\/\/lovme.pt\/index.php\/wp-json\/wp\/v2\/product\/32979","targetHints":{"allow":["GET"]}}],"collection":[{"href":"https:\/\/lovme.pt\/index.php\/wp-json\/wp\/v2\/product"}],"about":[{"href":"https:\/\/lovme.pt\/index.php\/wp-json\/wp\/v2\/types\/product"}],"wp:featuredmedia":[{"embeddable":true,"href":"https:\/\/lovme.pt\/index.php\/wp-json\/wp\/v2\/media\/63199"}],"wp:attachment":[{"href":"https:\/\/lovme.pt\/index.php\/wp-json\/wp\/v2\/media?parent=32979"}],"wp:term":[{"taxonomy":"product_brand","embeddable":true,"href":"https:\/\/lovme.pt\/index.php\/wp-json\/wp\/v2\/product_brand?post=32979"},{"taxonomy":"product_cat","embeddable":true,"href":"https:\/\/lovme.pt\/index.php\/wp-json\/wp\/v2\/product_cat?post=32979"},{"taxonomy":"product_tag","embeddable":true,"href":"https:\/\/lovme.pt\/index.php\/wp-json\/wp\/v2\/product_tag?post=32979"}],"curies":[{"name":"wp","href":"https:\/\/api.w.org\/{rel}","templated":true}]}}