{"id":32771,"date":"2025-10-01T02:15:44","date_gmt":"2025-10-01T02:15:44","guid":{"rendered":"https:\/\/lovme.pt\/?post_type=product&#038;p=32771"},"modified":"2026-02-25T06:33:08","modified_gmt":"2026-02-25T06:33:08","slug":"ohmama-masturbador-com-vibracao-anus","status":"publish","type":"product","link":"https:\/\/lovme.pt\/index.php\/produto\/ohmama-masturbador-com-vibracao-anus\/","title":{"rendered":"OHMAMA &#8211; MASTURBADOR COM VIBRA\u00c7\u00c3O ANUS"},"content":{"rendered":"<p>Oh m&atilde;e! Isso &eacute; exatamente o que voc&ecirc; dir&aacute; quando tiver em m&atilde;os e puder desfrutar do prazer que este incr&iacute;vel masturbador para homem com vibra&ccedil;&atilde;o lhe proporcionar&aacute;. Aplique uma quantidade generosa de lubrificante &agrave; base de &aacute;gua (recomendamos lubrificantes da marca Waterfeel para maior prazer) e divirta-se!<\/p>\n<ul>\n<li>Masturbador para homem<\/li>\n<li>Entrada: &acirc;nus<\/li>\n<li>Com vibra&ccedil;&atilde;o<\/li>\n<li>bala remov&iacute;vel<\/li>\n<li>Perfeito para brincar sozinho ou em casal<\/li>\n<li>Limpa facilmente com &aacute;gua morna e sab&atilde;o com pH neutro<\/li>\n<li>Ergon&ocirc;mico para f&aacute;cil ader&ecirc;ncia e manuseio<\/li>\n<li>Baterias bala vibrat&oacute;rias: 3 x LR44<\/li>\n<li>Medidas da concha: 18 x 6,5 cm<\/li>\n<\/ul>\n<p>A MARCA<\/p>\n<p>A gama de produtos OHMAMA &eacute; perfeita para presentear. Um produto dispon&iacute;vel para todos com qualidade perfeita. Uma combina&ccedil;&atilde;o &uacute;nica nesta linha de brinquedos de edi&ccedil;&atilde;o especial de Natal.<\/p>\n<p>&nbsp;<\/p>\n","protected":false},"excerpt":{"rendered":"<p>OHMAMA &#8211; MASTURBADOR COM VIBRA\u00c7\u00c3O DE BUNDA<\/p>\n","protected":false},"featured_media":95784,"template":"","meta":{"_acf_changed":false},"product_brand":[],"product_cat":[17,63,76],"product_tag":[],"class_list":{"0":"post-32771","1":"product","2":"type-product","3":"status-publish","4":"has-post-thumbnail","6":"product_cat-brinquedos-de-bem-estar-sexual","7":"product_cat-sexo-anal","8":"product_cat-vibradores","9":"yith_product_brand-ohmamaohmama-for-him","11":"first","12":"instock","13":"taxable","14":"shipping-taxable","15":"purchasable","16":"product-type-simple"},"acf":[],"yoast_head":"<!-- This site is optimized with the Yoast SEO plugin v27.4 - https:\/\/yoast.com\/product\/yoast-seo-wordpress\/ -->\n<title>OHMAMA - MASTURBADOR COM VIBRA\u00c7\u00c3O ANUS - Lovme<\/title>\n<meta name=\"robots\" content=\"index, follow, max-snippet:-1, max-image-preview:large, max-video-preview:-1\" \/>\n<link rel=\"canonical\" href=\"https:\/\/lovme.pt\/index.php\/produto\/ohmama-masturbador-com-vibracao-anus\/\" \/>\n<meta property=\"og:locale\" content=\"pt_PT\" \/>\n<meta property=\"og:type\" content=\"article\" \/>\n<meta property=\"og:title\" content=\"OHMAMA - MASTURBADOR COM VIBRA\u00c7\u00c3O ANUS - Lovme\" \/>\n<meta property=\"og:description\" content=\"OHMAMA - MASTURBADOR COM VIBRA\u00c7\u00c3O DE BUNDA\" \/>\n<meta property=\"og:url\" content=\"https:\/\/lovme.pt\/index.php\/produto\/ohmama-masturbador-com-vibracao-anus\/\" \/>\n<meta property=\"og:site_name\" content=\"Lovme\" \/>\n<meta property=\"article:modified_time\" content=\"2026-02-25T06:33:08+00:00\" \/>\n<meta property=\"og:image\" content=\"https:\/\/erki24nd3ub.exactdn.com\/wp-content\/uploads\/dream\/img\/img_95361_c6a8e78efa09215def78b32ec88aa2d0_1.png?strip=all\" \/>\n\t<meta property=\"og:image:width\" content=\"800\" \/>\n\t<meta property=\"og:image:height\" content=\"800\" \/>\n\t<meta property=\"og:image:type\" content=\"image\/png\" \/>\n<meta name=\"twitter:card\" content=\"summary_large_image\" \/>\n<meta name=\"twitter:label1\" content=\"Tempo estimado de leitura\" \/>\n\t<meta name=\"twitter:data1\" content=\"1 minuto\" \/>\n<script type=\"application\/ld+json\" class=\"yoast-schema-graph\">{\"@context\":\"https:\\\/\\\/schema.org\",\"@graph\":[{\"@type\":\"WebPage\",\"@id\":\"https:\\\/\\\/lovme.pt\\\/index.php\\\/produto\\\/ohmama-masturbador-com-vibracao-anus\\\/\",\"url\":\"https:\\\/\\\/lovme.pt\\\/index.php\\\/produto\\\/ohmama-masturbador-com-vibracao-anus\\\/\",\"name\":\"OHMAMA - MASTURBADOR COM VIBRA\u00c7\u00c3O ANUS - Lovme\",\"isPartOf\":{\"@id\":\"https:\\\/\\\/lovme.pt\\\/#website\"},\"primaryImageOfPage\":{\"@id\":\"https:\\\/\\\/lovme.pt\\\/index.php\\\/produto\\\/ohmama-masturbador-com-vibracao-anus\\\/#primaryimage\"},\"image\":{\"@id\":\"https:\\\/\\\/lovme.pt\\\/index.php\\\/produto\\\/ohmama-masturbador-com-vibracao-anus\\\/#primaryimage\"},\"thumbnailUrl\":\"https:\\\/\\\/erki24nd3ub.exactdn.com\\\/wp-content\\\/uploads\\\/dream\\\/img\\\/img_95361_c6a8e78efa09215def78b32ec88aa2d0_1.png?strip=all\",\"datePublished\":\"2025-10-01T02:15:44+00:00\",\"dateModified\":\"2026-02-25T06:33:08+00:00\",\"breadcrumb\":{\"@id\":\"https:\\\/\\\/lovme.pt\\\/index.php\\\/produto\\\/ohmama-masturbador-com-vibracao-anus\\\/#breadcrumb\"},\"inLanguage\":\"pt-PT\",\"potentialAction\":[{\"@type\":\"ReadAction\",\"target\":[\"https:\\\/\\\/lovme.pt\\\/index.php\\\/produto\\\/ohmama-masturbador-com-vibracao-anus\\\/\"]}]},{\"@type\":\"ImageObject\",\"inLanguage\":\"pt-PT\",\"@id\":\"https:\\\/\\\/lovme.pt\\\/index.php\\\/produto\\\/ohmama-masturbador-com-vibracao-anus\\\/#primaryimage\",\"url\":\"https:\\\/\\\/erki24nd3ub.exactdn.com\\\/wp-content\\\/uploads\\\/dream\\\/img\\\/img_95361_c6a8e78efa09215def78b32ec88aa2d0_1.png?strip=all\",\"contentUrl\":\"https:\\\/\\\/erki24nd3ub.exactdn.com\\\/wp-content\\\/uploads\\\/dream\\\/img\\\/img_95361_c6a8e78efa09215def78b32ec88aa2d0_1.png?strip=all\",\"width\":800,\"height\":800},{\"@type\":\"BreadcrumbList\",\"@id\":\"https:\\\/\\\/lovme.pt\\\/index.php\\\/produto\\\/ohmama-masturbador-com-vibracao-anus\\\/#breadcrumb\",\"itemListElement\":[{\"@type\":\"ListItem\",\"position\":1,\"name\":\"In\u00edcio\",\"item\":\"https:\\\/\\\/lovme.pt\\\/\"},{\"@type\":\"ListItem\",\"position\":2,\"name\":\"Loja\",\"item\":\"https:\\\/\\\/lovme.pt\\\/index.php\\\/loja\\\/\"},{\"@type\":\"ListItem\",\"position\":3,\"name\":\"OHMAMA &#8211; MASTURBADOR COM VIBRA\u00c7\u00c3O ANUS\"}]},{\"@type\":\"WebSite\",\"@id\":\"https:\\\/\\\/lovme.pt\\\/#website\",\"url\":\"https:\\\/\\\/lovme.pt\\\/\",\"name\":\"Lovme Loja Er\u00f3tica N\u00ba1 em Portugal\",\"description\":\"A melhor loja er\u00f3tica de Portugal.\",\"alternateName\":\"Loja Er\u00f3tica Lovme\",\"potentialAction\":[{\"@type\":\"SearchAction\",\"target\":{\"@type\":\"EntryPoint\",\"urlTemplate\":\"https:\\\/\\\/lovme.pt\\\/?s={search_term_string}\"},\"query-input\":{\"@type\":\"PropertyValueSpecification\",\"valueRequired\":true,\"valueName\":\"search_term_string\"}}],\"inLanguage\":\"pt-PT\"}]}<\/script>\n<!-- \/ Yoast SEO plugin. -->","yoast_head_json":{"title":"OHMAMA - MASTURBADOR COM VIBRA\u00c7\u00c3O ANUS - Lovme","robots":{"index":"index","follow":"follow","max-snippet":"max-snippet:-1","max-image-preview":"max-image-preview:large","max-video-preview":"max-video-preview:-1"},"canonical":"https:\/\/lovme.pt\/index.php\/produto\/ohmama-masturbador-com-vibracao-anus\/","og_locale":"pt_PT","og_type":"article","og_title":"OHMAMA - MASTURBADOR COM VIBRA\u00c7\u00c3O ANUS - Lovme","og_description":"OHMAMA - MASTURBADOR COM VIBRA\u00c7\u00c3O DE BUNDA","og_url":"https:\/\/lovme.pt\/index.php\/produto\/ohmama-masturbador-com-vibracao-anus\/","og_site_name":"Lovme","article_modified_time":"2026-02-25T06:33:08+00:00","og_image":[{"width":800,"height":800,"url":"https:\/\/erki24nd3ub.exactdn.com\/wp-content\/uploads\/dream\/img\/img_95361_c6a8e78efa09215def78b32ec88aa2d0_1.png?strip=all","type":"image\/png"}],"twitter_card":"summary_large_image","twitter_misc":{"Tempo estimado de leitura":"1 minuto"},"schema":{"@context":"https:\/\/schema.org","@graph":[{"@type":"WebPage","@id":"https:\/\/lovme.pt\/index.php\/produto\/ohmama-masturbador-com-vibracao-anus\/","url":"https:\/\/lovme.pt\/index.php\/produto\/ohmama-masturbador-com-vibracao-anus\/","name":"OHMAMA - MASTURBADOR COM VIBRA\u00c7\u00c3O ANUS - Lovme","isPartOf":{"@id":"https:\/\/lovme.pt\/#website"},"primaryImageOfPage":{"@id":"https:\/\/lovme.pt\/index.php\/produto\/ohmama-masturbador-com-vibracao-anus\/#primaryimage"},"image":{"@id":"https:\/\/lovme.pt\/index.php\/produto\/ohmama-masturbador-com-vibracao-anus\/#primaryimage"},"thumbnailUrl":"https:\/\/erki24nd3ub.exactdn.com\/wp-content\/uploads\/dream\/img\/img_95361_c6a8e78efa09215def78b32ec88aa2d0_1.png?strip=all","datePublished":"2025-10-01T02:15:44+00:00","dateModified":"2026-02-25T06:33:08+00:00","breadcrumb":{"@id":"https:\/\/lovme.pt\/index.php\/produto\/ohmama-masturbador-com-vibracao-anus\/#breadcrumb"},"inLanguage":"pt-PT","potentialAction":[{"@type":"ReadAction","target":["https:\/\/lovme.pt\/index.php\/produto\/ohmama-masturbador-com-vibracao-anus\/"]}]},{"@type":"ImageObject","inLanguage":"pt-PT","@id":"https:\/\/lovme.pt\/index.php\/produto\/ohmama-masturbador-com-vibracao-anus\/#primaryimage","url":"https:\/\/erki24nd3ub.exactdn.com\/wp-content\/uploads\/dream\/img\/img_95361_c6a8e78efa09215def78b32ec88aa2d0_1.png?strip=all","contentUrl":"https:\/\/erki24nd3ub.exactdn.com\/wp-content\/uploads\/dream\/img\/img_95361_c6a8e78efa09215def78b32ec88aa2d0_1.png?strip=all","width":800,"height":800},{"@type":"BreadcrumbList","@id":"https:\/\/lovme.pt\/index.php\/produto\/ohmama-masturbador-com-vibracao-anus\/#breadcrumb","itemListElement":[{"@type":"ListItem","position":1,"name":"In\u00edcio","item":"https:\/\/lovme.pt\/"},{"@type":"ListItem","position":2,"name":"Loja","item":"https:\/\/lovme.pt\/index.php\/loja\/"},{"@type":"ListItem","position":3,"name":"OHMAMA &#8211; MASTURBADOR COM VIBRA\u00c7\u00c3O ANUS"}]},{"@type":"WebSite","@id":"https:\/\/lovme.pt\/#website","url":"https:\/\/lovme.pt\/","name":"Lovme Loja Er\u00f3tica N\u00ba1 em Portugal","description":"A melhor loja er\u00f3tica de Portugal.","alternateName":"Loja Er\u00f3tica Lovme","potentialAction":[{"@type":"SearchAction","target":{"@type":"EntryPoint","urlTemplate":"https:\/\/lovme.pt\/?s={search_term_string}"},"query-input":{"@type":"PropertyValueSpecification","valueRequired":true,"valueName":"search_term_string"}}],"inLanguage":"pt-PT"}]}},"_links":{"self":[{"href":"https:\/\/lovme.pt\/index.php\/wp-json\/wp\/v2\/product\/32771","targetHints":{"allow":["GET"]}}],"collection":[{"href":"https:\/\/lovme.pt\/index.php\/wp-json\/wp\/v2\/product"}],"about":[{"href":"https:\/\/lovme.pt\/index.php\/wp-json\/wp\/v2\/types\/product"}],"wp:featuredmedia":[{"embeddable":true,"href":"https:\/\/lovme.pt\/index.php\/wp-json\/wp\/v2\/media\/95784"}],"wp:attachment":[{"href":"https:\/\/lovme.pt\/index.php\/wp-json\/wp\/v2\/media?parent=32771"}],"wp:term":[{"taxonomy":"product_brand","embeddable":true,"href":"https:\/\/lovme.pt\/index.php\/wp-json\/wp\/v2\/product_brand?post=32771"},{"taxonomy":"product_cat","embeddable":true,"href":"https:\/\/lovme.pt\/index.php\/wp-json\/wp\/v2\/product_cat?post=32771"},{"taxonomy":"product_tag","embeddable":true,"href":"https:\/\/lovme.pt\/index.php\/wp-json\/wp\/v2\/product_tag?post=32771"}],"curies":[{"name":"wp","href":"https:\/\/api.w.org\/{rel}","templated":true}]}}