{"id":32711,"date":"2026-01-19T16:06:30","date_gmt":"2026-01-19T16:06:30","guid":{"rendered":"https:\/\/lovme.pt\/?post_type=product&#038;p=32711"},"modified":"2026-02-25T06:31:12","modified_gmt":"2026-02-25T06:31:12","slug":"blacksilver-ovo-vibratorio-recarregavel-jenell","status":"publish","type":"product","link":"https:\/\/lovme.pt\/index.php\/produto\/blacksilver-ovo-vibratorio-recarregavel-jenell\/","title":{"rendered":"BLACK&amp;SILVER &#8211; OVO VIBRAT\u00d3RIO RECARREG\u00c1VEL JENELL"},"content":{"rendered":"<p>A bala de silicone com controle remoto Jenell da Black&amp;Silver proporciona puro prazer. Com o sexy brinquedo preto &eacute; absolutamente imposs&iacute;vel resistir &agrave; tenta&ccedil;&atilde;o por muito tempo.<\/p>\n<p>Pequeno, compacto e sempre com voc&ecirc; quando voc&ecirc; estiver fora de casa: Mime-se com o elegante Bullet enquanto viaja ou em lugares desconhecidos. Passa despercebido em qualquer bolsa e impressiona pelo seu design simples.<\/p>\n<p>UM MULTI-TALENTO EM PADDING<\/p>\n<p>O potente motor conduz voc&ecirc; atrav&eacute;s de 10 programas de vibra&ccedil;&atilde;o diferentes at&eacute; o auge do seu prazer: desde uma massagem suave at&eacute; uma vibra&ccedil;&atilde;o &iacute;ntima, tudo est&aacute; inclu&iacute;do. Mergulhe na loucura desenfreada alterando as configura&ccedil;&otilde;es do programa do criador de prazer de tempos em tempos enquanto se estimula. N&atilde;o h&aacute; problema com o controle remoto! O clit&oacute;ris &eacute; uma das zonas mais er&oacute;genas das mulheres. Basta estimular a sua p&eacute;rola do amor com esta bala e desfrutar das ondas de prazer que te invadem. Gra&ccedil;as &agrave; sua textura elegante e macia, Jenell em forma de ovo &eacute; particularmente promissora e sedutora. Massagens altamente er&oacute;ticas s&atilde;o poss&iacute;veis com a ponta redonda. A estrutura agradavelmente macia proporciona est&iacute;mulos sensoriais especiais.<\/p>\n<p>A sua natureza imperme&aacute;vel equipa este transportador de lux&uacute;ria para jogos sexuais celestiais, em locais t&atilde;o maravilhosos como o chuveiro, a banheira ou a piscina. Grandes sensa&ccedil;&otilde;es atrav&eacute;s da estimula&ccedil;&atilde;o vaginal sensual!<\/p>\n<p>Especifica&ccedil;&otilde;es T&eacute;cnicas Jenell<\/p>\n<ul>\n<li>Ovo vibrat&oacute;rio Jenell<\/li>\n<li>Controlado por controle remoto<\/li>\n<li>USB recarreg&aacute;vel<\/li>\n<li>silicone m&eacute;dico<\/li>\n<li>material flex&iacute;vel<\/li>\n<li>100% &agrave; prova d&#039;&aacute;gua.<\/li>\n<li>Vibra&ccedil;&otilde;es poderosas.<\/li>\n<li>10 modos de vibra&ccedil;&atilde;o.<\/li>\n<li>Medidas: 17 cm x 3,4 cm<\/li>\n<li>Seguro para o corpo e sem ftalatos<\/li>\n<\/ul>\n<p>O produto j&aacute; cont&eacute;m baterias integradas, que voc&ecirc; pode carregar facilmente com o cabo de carregamento USB inclu&iacute;do.<\/p>\n<p>Com a bala de silicone preta da Black&amp;Silver voc&ecirc; tem tudo para se mimar seguindo todas as regras da arte.<\/p>\n<p>AINDA MAIS DIVERS&Atilde;O COM LUBRIFICANTES<\/p>\n<p>Para o m&aacute;ximo prazer suave, use sempre Jenell com um dos lubrificantes originais &agrave; base de &aacute;gua Waterfeel, que combinam idealmente com o produto. Isso tornar&aacute; sua experi&ecirc;ncia &uacute;mida e intensa e adicionar&aacute; um fator extra de variedade. Eles est&atilde;o dispon&iacute;veis em muitas variantes, inclusive com efeito de aquecimento. A composi&ccedil;&atilde;o vegana &agrave; base de &aacute;gua &eacute; suave para o material e mant&eacute;m a superf&iacute;cie fosca e sedosa do seu anel bonita e lisa.<\/p>\n<p>MATERIAL E CUIDADOS<\/p>\n<p>Jenell &eacute; feito de silicone m&eacute;dico macio e sedoso. O produto pode ser facilmente limpo com um pouco de sab&atilde;o e &aacute;gua morna. Com um pouco de limpador desinfetante para brinquedos, voc&ecirc; pode garantir uma higiene particularmente completa em todos os aspectos, de prefer&ecirc;ncia com o spray desinfetante perfeitamente coordenado da Waterfeel.<\/p>\n<p><span>**Observa&ccedil;&atilde;o; Este produto est&aacute; proibido de ser vendido em qualquer canal de com&eacute;rcio eletr&ocirc;nico. A venda &eacute; autorizada para pontos f&iacute;sicos.<\/span><\/p>\n","protected":false},"excerpt":{"rendered":"<p>BLACK&amp;SILVER &#8211; OVO VIBRAT\u00d3RIO RECARREG\u00c1VEL JENELL<\/p>\n","protected":false},"featured_media":106195,"template":"","meta":{"_acf_changed":false},"product_brand":[],"product_cat":[17,61,76],"product_tag":[],"class_list":{"0":"post-32711","1":"product","2":"type-product","3":"status-publish","4":"has-post-thumbnail","6":"product_cat-brinquedos-de-bem-estar-sexual","7":"product_cat-para-elas","8":"product_cat-vibradores","9":"yith_product_brand-blacksilver","11":"first","12":"instock","13":"taxable","14":"shipping-taxable","15":"purchasable","16":"product-type-simple"},"acf":[],"yoast_head":"<!-- This site is optimized with the Yoast SEO plugin v27.4 - https:\/\/yoast.com\/product\/yoast-seo-wordpress\/ -->\n<title>BLACK&amp;SILVER - OVO VIBRAT\u00d3RIO RECARREG\u00c1VEL JENELL - Lovme<\/title>\n<meta name=\"robots\" content=\"index, follow, max-snippet:-1, max-image-preview:large, max-video-preview:-1\" \/>\n<link rel=\"canonical\" href=\"https:\/\/lovme.pt\/index.php\/produto\/blacksilver-ovo-vibratorio-recarregavel-jenell\/\" \/>\n<meta property=\"og:locale\" content=\"pt_PT\" \/>\n<meta property=\"og:type\" content=\"article\" \/>\n<meta property=\"og:title\" content=\"BLACK&amp;SILVER - OVO VIBRAT\u00d3RIO RECARREG\u00c1VEL JENELL - Lovme\" \/>\n<meta property=\"og:description\" content=\"BLACK&amp;SILVER - OVO VIBRAT\u00d3RIO RECARREG\u00c1VEL JENELL\" \/>\n<meta property=\"og:url\" content=\"https:\/\/lovme.pt\/index.php\/produto\/blacksilver-ovo-vibratorio-recarregavel-jenell\/\" \/>\n<meta property=\"og:site_name\" content=\"Lovme\" \/>\n<meta property=\"article:modified_time\" content=\"2026-02-25T06:31:12+00:00\" \/>\n<meta property=\"og:image\" content=\"https:\/\/erki24nd3ub.exactdn.com\/wp-content\/uploads\/dream\/img\/img_94761_3e0e909861e2967433daa5b8e7960aa7_1.png?strip=all\" \/>\n\t<meta property=\"og:image:width\" content=\"800\" \/>\n\t<meta property=\"og:image:height\" content=\"800\" \/>\n\t<meta property=\"og:image:type\" content=\"image\/png\" \/>\n<meta name=\"twitter:card\" content=\"summary_large_image\" \/>\n<meta name=\"twitter:label1\" content=\"Tempo estimado de leitura\" \/>\n\t<meta name=\"twitter:data1\" content=\"3 minutos\" \/>\n<script type=\"application\/ld+json\" class=\"yoast-schema-graph\">{\"@context\":\"https:\\\/\\\/schema.org\",\"@graph\":[{\"@type\":\"WebPage\",\"@id\":\"https:\\\/\\\/lovme.pt\\\/index.php\\\/produto\\\/blacksilver-ovo-vibratorio-recarregavel-jenell\\\/\",\"url\":\"https:\\\/\\\/lovme.pt\\\/index.php\\\/produto\\\/blacksilver-ovo-vibratorio-recarregavel-jenell\\\/\",\"name\":\"BLACK&amp;SILVER - OVO VIBRAT\u00d3RIO RECARREG\u00c1VEL JENELL - Lovme\",\"isPartOf\":{\"@id\":\"https:\\\/\\\/lovme.pt\\\/#website\"},\"primaryImageOfPage\":{\"@id\":\"https:\\\/\\\/lovme.pt\\\/index.php\\\/produto\\\/blacksilver-ovo-vibratorio-recarregavel-jenell\\\/#primaryimage\"},\"image\":{\"@id\":\"https:\\\/\\\/lovme.pt\\\/index.php\\\/produto\\\/blacksilver-ovo-vibratorio-recarregavel-jenell\\\/#primaryimage\"},\"thumbnailUrl\":\"https:\\\/\\\/erki24nd3ub.exactdn.com\\\/wp-content\\\/uploads\\\/dream\\\/img\\\/img_94761_3e0e909861e2967433daa5b8e7960aa7_1.png?strip=all\",\"datePublished\":\"2026-01-19T16:06:30+00:00\",\"dateModified\":\"2026-02-25T06:31:12+00:00\",\"breadcrumb\":{\"@id\":\"https:\\\/\\\/lovme.pt\\\/index.php\\\/produto\\\/blacksilver-ovo-vibratorio-recarregavel-jenell\\\/#breadcrumb\"},\"inLanguage\":\"pt-PT\",\"potentialAction\":[{\"@type\":\"ReadAction\",\"target\":[\"https:\\\/\\\/lovme.pt\\\/index.php\\\/produto\\\/blacksilver-ovo-vibratorio-recarregavel-jenell\\\/\"]}]},{\"@type\":\"ImageObject\",\"inLanguage\":\"pt-PT\",\"@id\":\"https:\\\/\\\/lovme.pt\\\/index.php\\\/produto\\\/blacksilver-ovo-vibratorio-recarregavel-jenell\\\/#primaryimage\",\"url\":\"https:\\\/\\\/erki24nd3ub.exactdn.com\\\/wp-content\\\/uploads\\\/dream\\\/img\\\/img_94761_3e0e909861e2967433daa5b8e7960aa7_1.png?strip=all\",\"contentUrl\":\"https:\\\/\\\/erki24nd3ub.exactdn.com\\\/wp-content\\\/uploads\\\/dream\\\/img\\\/img_94761_3e0e909861e2967433daa5b8e7960aa7_1.png?strip=all\",\"width\":800,\"height\":800},{\"@type\":\"BreadcrumbList\",\"@id\":\"https:\\\/\\\/lovme.pt\\\/index.php\\\/produto\\\/blacksilver-ovo-vibratorio-recarregavel-jenell\\\/#breadcrumb\",\"itemListElement\":[{\"@type\":\"ListItem\",\"position\":1,\"name\":\"In\u00edcio\",\"item\":\"https:\\\/\\\/lovme.pt\\\/\"},{\"@type\":\"ListItem\",\"position\":2,\"name\":\"Loja\",\"item\":\"https:\\\/\\\/lovme.pt\\\/index.php\\\/loja\\\/\"},{\"@type\":\"ListItem\",\"position\":3,\"name\":\"BLACK&amp;SILVER &#8211; OVO VIBRAT\u00d3RIO RECARREG\u00c1VEL JENELL\"}]},{\"@type\":\"WebSite\",\"@id\":\"https:\\\/\\\/lovme.pt\\\/#website\",\"url\":\"https:\\\/\\\/lovme.pt\\\/\",\"name\":\"Lovme Loja Er\u00f3tica N\u00ba1 em Portugal\",\"description\":\"A melhor loja er\u00f3tica de Portugal.\",\"alternateName\":\"Loja Er\u00f3tica Lovme\",\"potentialAction\":[{\"@type\":\"SearchAction\",\"target\":{\"@type\":\"EntryPoint\",\"urlTemplate\":\"https:\\\/\\\/lovme.pt\\\/?s={search_term_string}\"},\"query-input\":{\"@type\":\"PropertyValueSpecification\",\"valueRequired\":true,\"valueName\":\"search_term_string\"}}],\"inLanguage\":\"pt-PT\"}]}<\/script>\n<!-- \/ Yoast SEO plugin. -->","yoast_head_json":{"title":"BLACK&amp;SILVER - OVO VIBRAT\u00d3RIO RECARREG\u00c1VEL JENELL - Lovme","robots":{"index":"index","follow":"follow","max-snippet":"max-snippet:-1","max-image-preview":"max-image-preview:large","max-video-preview":"max-video-preview:-1"},"canonical":"https:\/\/lovme.pt\/index.php\/produto\/blacksilver-ovo-vibratorio-recarregavel-jenell\/","og_locale":"pt_PT","og_type":"article","og_title":"BLACK&amp;SILVER - OVO VIBRAT\u00d3RIO RECARREG\u00c1VEL JENELL - Lovme","og_description":"BLACK&amp;SILVER - OVO VIBRAT\u00d3RIO RECARREG\u00c1VEL JENELL","og_url":"https:\/\/lovme.pt\/index.php\/produto\/blacksilver-ovo-vibratorio-recarregavel-jenell\/","og_site_name":"Lovme","article_modified_time":"2026-02-25T06:31:12+00:00","og_image":[{"width":800,"height":800,"url":"https:\/\/erki24nd3ub.exactdn.com\/wp-content\/uploads\/dream\/img\/img_94761_3e0e909861e2967433daa5b8e7960aa7_1.png?strip=all","type":"image\/png"}],"twitter_card":"summary_large_image","twitter_misc":{"Tempo estimado de leitura":"3 minutos"},"schema":{"@context":"https:\/\/schema.org","@graph":[{"@type":"WebPage","@id":"https:\/\/lovme.pt\/index.php\/produto\/blacksilver-ovo-vibratorio-recarregavel-jenell\/","url":"https:\/\/lovme.pt\/index.php\/produto\/blacksilver-ovo-vibratorio-recarregavel-jenell\/","name":"BLACK&amp;SILVER - OVO VIBRAT\u00d3RIO RECARREG\u00c1VEL JENELL - Lovme","isPartOf":{"@id":"https:\/\/lovme.pt\/#website"},"primaryImageOfPage":{"@id":"https:\/\/lovme.pt\/index.php\/produto\/blacksilver-ovo-vibratorio-recarregavel-jenell\/#primaryimage"},"image":{"@id":"https:\/\/lovme.pt\/index.php\/produto\/blacksilver-ovo-vibratorio-recarregavel-jenell\/#primaryimage"},"thumbnailUrl":"https:\/\/erki24nd3ub.exactdn.com\/wp-content\/uploads\/dream\/img\/img_94761_3e0e909861e2967433daa5b8e7960aa7_1.png?strip=all","datePublished":"2026-01-19T16:06:30+00:00","dateModified":"2026-02-25T06:31:12+00:00","breadcrumb":{"@id":"https:\/\/lovme.pt\/index.php\/produto\/blacksilver-ovo-vibratorio-recarregavel-jenell\/#breadcrumb"},"inLanguage":"pt-PT","potentialAction":[{"@type":"ReadAction","target":["https:\/\/lovme.pt\/index.php\/produto\/blacksilver-ovo-vibratorio-recarregavel-jenell\/"]}]},{"@type":"ImageObject","inLanguage":"pt-PT","@id":"https:\/\/lovme.pt\/index.php\/produto\/blacksilver-ovo-vibratorio-recarregavel-jenell\/#primaryimage","url":"https:\/\/erki24nd3ub.exactdn.com\/wp-content\/uploads\/dream\/img\/img_94761_3e0e909861e2967433daa5b8e7960aa7_1.png?strip=all","contentUrl":"https:\/\/erki24nd3ub.exactdn.com\/wp-content\/uploads\/dream\/img\/img_94761_3e0e909861e2967433daa5b8e7960aa7_1.png?strip=all","width":800,"height":800},{"@type":"BreadcrumbList","@id":"https:\/\/lovme.pt\/index.php\/produto\/blacksilver-ovo-vibratorio-recarregavel-jenell\/#breadcrumb","itemListElement":[{"@type":"ListItem","position":1,"name":"In\u00edcio","item":"https:\/\/lovme.pt\/"},{"@type":"ListItem","position":2,"name":"Loja","item":"https:\/\/lovme.pt\/index.php\/loja\/"},{"@type":"ListItem","position":3,"name":"BLACK&amp;SILVER &#8211; OVO VIBRAT\u00d3RIO RECARREG\u00c1VEL JENELL"}]},{"@type":"WebSite","@id":"https:\/\/lovme.pt\/#website","url":"https:\/\/lovme.pt\/","name":"Lovme Loja Er\u00f3tica N\u00ba1 em Portugal","description":"A melhor loja er\u00f3tica de Portugal.","alternateName":"Loja Er\u00f3tica Lovme","potentialAction":[{"@type":"SearchAction","target":{"@type":"EntryPoint","urlTemplate":"https:\/\/lovme.pt\/?s={search_term_string}"},"query-input":{"@type":"PropertyValueSpecification","valueRequired":true,"valueName":"search_term_string"}}],"inLanguage":"pt-PT"}]}},"_links":{"self":[{"href":"https:\/\/lovme.pt\/index.php\/wp-json\/wp\/v2\/product\/32711","targetHints":{"allow":["GET"]}}],"collection":[{"href":"https:\/\/lovme.pt\/index.php\/wp-json\/wp\/v2\/product"}],"about":[{"href":"https:\/\/lovme.pt\/index.php\/wp-json\/wp\/v2\/types\/product"}],"wp:featuredmedia":[{"embeddable":true,"href":"https:\/\/lovme.pt\/index.php\/wp-json\/wp\/v2\/media\/106195"}],"wp:attachment":[{"href":"https:\/\/lovme.pt\/index.php\/wp-json\/wp\/v2\/media?parent=32711"}],"wp:term":[{"taxonomy":"product_brand","embeddable":true,"href":"https:\/\/lovme.pt\/index.php\/wp-json\/wp\/v2\/product_brand?post=32711"},{"taxonomy":"product_cat","embeddable":true,"href":"https:\/\/lovme.pt\/index.php\/wp-json\/wp\/v2\/product_cat?post=32711"},{"taxonomy":"product_tag","embeddable":true,"href":"https:\/\/lovme.pt\/index.php\/wp-json\/wp\/v2\/product_tag?post=32711"}],"curies":[{"name":"wp","href":"https:\/\/api.w.org\/{rel}","templated":true}]}}