{"id":28941,"date":"2025-09-30T09:53:54","date_gmt":"2025-09-30T09:53:54","guid":{"rendered":"https:\/\/lovme.pt\/?post_type=product&#038;p=28941"},"modified":"2026-04-14T10:37:02","modified_gmt":"2026-04-14T10:37:02","slug":"moressa-jogo-de-dados-eroticos-frances","status":"publish","type":"product","link":"https:\/\/lovme.pt\/index.php\/produto\/moressa-jogo-de-dados-eroticos-frances\/","title":{"rendered":"MORESSA &#8211; JOGO DE DADOS ER\u00d3TICOS FRANC\u00caS"},"content":{"rendered":"<p>Os dados perfeitos em busca de novas emo&ccedil;&otilde;es.<\/p>\n<p>Um jogo simples, mas eficaz, que oferece infinitas horas er&oacute;ticas, estes dados s&atilde;o um jogo divertido que todos podem ganhar!<\/p>\n<p>Inclui uma pequena bolsa de cetim para manter os dados er&oacute;ticos seguros.<br \/>\nQuando o beijo e os l&aacute;bios surgirem, voc&ecirc; poder&aacute; dizer &ldquo;muito f&aacute;cil&rdquo;. Estendendo a m&atilde;o para o seu amante, esticando os bra&ccedil;os e pegando-o pelos ombros para pressionar os l&aacute;bios nos dele.<\/p>\n<p>Seu parceiro rapidamente pega os dados, embaralha-os maliciosamente e joga-os em voc&ecirc; de maneira divertida. Ao cair do seu peito, eles caem no ch&atilde;o e leem, mordem e pesco&ccedil;o.<br \/>\nGritando de excita&ccedil;&atilde;o, seu parceiro fica excitado e coloca a boca quente e &uacute;mida em seu pesco&ccedil;o, depois crava lenta e sedutoramente os dentes em sua pele. Um suave gemido de prazer deixa seus l&aacute;bios incontrolavelmente.<\/p>\n<p>Voc&ecirc; pede ao seu amante para soprar lentamente um jato de ar quente nos dados para dar sorte. Observando seu parceiro agitar vigorosamente os dados em suas m&atilde;os, voc&ecirc; rapidamente cruza os dedos, esperando ansiosamente para ver o que vai acontecer na sua vez.<\/p>\n<p>&Agrave; medida que o dado branco cai de suas m&atilde;os, voc&ecirc; v&ecirc; o dado rosa escapar de suas m&atilde;os e descer para o tapete.<br \/>\nVoc&ecirc; pode jogar milhares de maneiras de jogar.<\/p>\n<ul>\n<li>LINGUA FRANCESA<\/li>\n<\/ul>\n<p>Cont&eacute;m:<\/p>\n<ul>\n<li>1 dado de a&ccedil;&atilde;o (cor rosa)<\/li>\n<li>1 dado de localiza&ccedil;&atilde;o (branco)<\/li>\n<li>Bolsa pr&aacute;tica com logo Moressa para que voc&ecirc; possa guard&aacute;-los e lev&aacute;-los para onde quiser para que a paix&atilde;o n&atilde;o tenha limites<\/li>\n<\/ul>\n<p>Caracter&iacute;sticas t&eacute;cnicas;<\/p>\n<ul>\n<li>2 cm de comprimento<\/li>\n<li>2cm de largura<\/li>\n<li>Resina<\/li>\n<li>Fabricado na Europa<\/li>\n<li>Material seguro para o corpo<\/li>\n<li>Sem Falatos.<\/li>\n<\/ul>\n<p>Moressa &eacute; marca refer&ecirc;ncia em design, qualidade e tecnologia. Desenvolvemos um produto inovador e cuidamos de cada processo de fabrica&ccedil;&atilde;o para alcan&ccedil;ar o melhor resultado. Moressa &eacute; s&iacute;mbolo de energia, for&ccedil;a e garantia. Comprar um Sextoy Moressa &eacute; se sentir refletido nas not&iacute;cias de hoje. Cada Brinquedo Moressa ir&aacute; transport&aacute;-lo para diferentes sensa&ccedil;&otilde;es. Um resultado incompar&aacute;vel gra&ccedil;as ao confort&aacute;vel silicone Premium e aos designs ergon&ocirc;micos.<\/p>\n","protected":false},"excerpt":{"rendered":"<p>MORESSA &#8211; JOGO DE DADOS ER\u00d3TICOS FRANC\u00caS<\/p>\n","protected":false},"featured_media":59049,"template":"","meta":{"_acf_changed":false},"product_brand":[],"product_cat":[69],"product_tag":[],"class_list":{"0":"post-28941","1":"product","2":"type-product","3":"status-publish","4":"has-post-thumbnail","6":"product_cat-jogos-eroticos","7":"yith_product_brand-moressa","9":"first","10":"instock","11":"taxable","12":"shipping-taxable","13":"purchasable","14":"product-type-simple"},"acf":[],"yoast_head":"<!-- This site is optimized with the Yoast SEO plugin v27.4 - https:\/\/yoast.com\/product\/yoast-seo-wordpress\/ -->\n<title>MORESSA - JOGO DE DADOS ER\u00d3TICOS FRANC\u00caS - Lovme<\/title>\n<meta name=\"robots\" content=\"index, follow, max-snippet:-1, max-image-preview:large, max-video-preview:-1\" \/>\n<link rel=\"canonical\" href=\"https:\/\/lovme.pt\/index.php\/produto\/moressa-jogo-de-dados-eroticos-frances\/\" \/>\n<meta property=\"og:locale\" content=\"pt_PT\" \/>\n<meta property=\"og:type\" content=\"article\" \/>\n<meta property=\"og:title\" content=\"MORESSA - JOGO DE DADOS ER\u00d3TICOS FRANC\u00caS - Lovme\" \/>\n<meta property=\"og:description\" content=\"MORESSA - JOGO DE DADOS ER\u00d3TICOS FRANC\u00caS\" \/>\n<meta property=\"og:url\" content=\"https:\/\/lovme.pt\/index.php\/produto\/moressa-jogo-de-dados-eroticos-frances\/\" \/>\n<meta property=\"og:site_name\" content=\"Lovme\" \/>\n<meta property=\"article:modified_time\" content=\"2026-04-14T10:37:02+00:00\" \/>\n<meta property=\"og:image\" content=\"https:\/\/erki24nd3ub.exactdn.com\/wp-content\/uploads\/dream\/img\/img_212960_a50ed26dcb372c39460775174c381e07_1.png?strip=all\" \/>\n\t<meta property=\"og:image:width\" content=\"900\" \/>\n\t<meta property=\"og:image:height\" content=\"900\" \/>\n\t<meta property=\"og:image:type\" content=\"image\/png\" \/>\n<meta name=\"twitter:card\" content=\"summary_large_image\" \/>\n<meta name=\"twitter:label1\" content=\"Tempo estimado de leitura\" \/>\n\t<meta name=\"twitter:data1\" content=\"2 minutos\" \/>\n<script type=\"application\/ld+json\" class=\"yoast-schema-graph\">{\"@context\":\"https:\\\/\\\/schema.org\",\"@graph\":[{\"@type\":\"WebPage\",\"@id\":\"https:\\\/\\\/lovme.pt\\\/index.php\\\/produto\\\/moressa-jogo-de-dados-eroticos-frances\\\/\",\"url\":\"https:\\\/\\\/lovme.pt\\\/index.php\\\/produto\\\/moressa-jogo-de-dados-eroticos-frances\\\/\",\"name\":\"MORESSA - JOGO DE DADOS ER\u00d3TICOS FRANC\u00caS - Lovme\",\"isPartOf\":{\"@id\":\"https:\\\/\\\/lovme.pt\\\/#website\"},\"primaryImageOfPage\":{\"@id\":\"https:\\\/\\\/lovme.pt\\\/index.php\\\/produto\\\/moressa-jogo-de-dados-eroticos-frances\\\/#primaryimage\"},\"image\":{\"@id\":\"https:\\\/\\\/lovme.pt\\\/index.php\\\/produto\\\/moressa-jogo-de-dados-eroticos-frances\\\/#primaryimage\"},\"thumbnailUrl\":\"https:\\\/\\\/erki24nd3ub.exactdn.com\\\/wp-content\\\/uploads\\\/dream\\\/img\\\/img_212960_a50ed26dcb372c39460775174c381e07_1.png?strip=all\",\"datePublished\":\"2025-09-30T09:53:54+00:00\",\"dateModified\":\"2026-04-14T10:37:02+00:00\",\"breadcrumb\":{\"@id\":\"https:\\\/\\\/lovme.pt\\\/index.php\\\/produto\\\/moressa-jogo-de-dados-eroticos-frances\\\/#breadcrumb\"},\"inLanguage\":\"pt-PT\",\"potentialAction\":[{\"@type\":\"ReadAction\",\"target\":[\"https:\\\/\\\/lovme.pt\\\/index.php\\\/produto\\\/moressa-jogo-de-dados-eroticos-frances\\\/\"]}]},{\"@type\":\"ImageObject\",\"inLanguage\":\"pt-PT\",\"@id\":\"https:\\\/\\\/lovme.pt\\\/index.php\\\/produto\\\/moressa-jogo-de-dados-eroticos-frances\\\/#primaryimage\",\"url\":\"https:\\\/\\\/erki24nd3ub.exactdn.com\\\/wp-content\\\/uploads\\\/dream\\\/img\\\/img_212960_a50ed26dcb372c39460775174c381e07_1.png?strip=all\",\"contentUrl\":\"https:\\\/\\\/erki24nd3ub.exactdn.com\\\/wp-content\\\/uploads\\\/dream\\\/img\\\/img_212960_a50ed26dcb372c39460775174c381e07_1.png?strip=all\",\"width\":900,\"height\":900},{\"@type\":\"BreadcrumbList\",\"@id\":\"https:\\\/\\\/lovme.pt\\\/index.php\\\/produto\\\/moressa-jogo-de-dados-eroticos-frances\\\/#breadcrumb\",\"itemListElement\":[{\"@type\":\"ListItem\",\"position\":1,\"name\":\"In\u00edcio\",\"item\":\"https:\\\/\\\/lovme.pt\\\/\"},{\"@type\":\"ListItem\",\"position\":2,\"name\":\"Loja\",\"item\":\"https:\\\/\\\/lovme.pt\\\/index.php\\\/loja\\\/\"},{\"@type\":\"ListItem\",\"position\":3,\"name\":\"MORESSA &#8211; JOGO DE DADOS ER\u00d3TICOS FRANC\u00caS\"}]},{\"@type\":\"WebSite\",\"@id\":\"https:\\\/\\\/lovme.pt\\\/#website\",\"url\":\"https:\\\/\\\/lovme.pt\\\/\",\"name\":\"Lovme Loja Er\u00f3tica N\u00ba1 em Portugal\",\"description\":\"A melhor loja er\u00f3tica de Portugal.\",\"alternateName\":\"Loja Er\u00f3tica Lovme\",\"potentialAction\":[{\"@type\":\"SearchAction\",\"target\":{\"@type\":\"EntryPoint\",\"urlTemplate\":\"https:\\\/\\\/lovme.pt\\\/?s={search_term_string}\"},\"query-input\":{\"@type\":\"PropertyValueSpecification\",\"valueRequired\":true,\"valueName\":\"search_term_string\"}}],\"inLanguage\":\"pt-PT\"}]}<\/script>\n<!-- \/ Yoast SEO plugin. -->","yoast_head_json":{"title":"MORESSA - JOGO DE DADOS ER\u00d3TICOS FRANC\u00caS - Lovme","robots":{"index":"index","follow":"follow","max-snippet":"max-snippet:-1","max-image-preview":"max-image-preview:large","max-video-preview":"max-video-preview:-1"},"canonical":"https:\/\/lovme.pt\/index.php\/produto\/moressa-jogo-de-dados-eroticos-frances\/","og_locale":"pt_PT","og_type":"article","og_title":"MORESSA - JOGO DE DADOS ER\u00d3TICOS FRANC\u00caS - Lovme","og_description":"MORESSA - JOGO DE DADOS ER\u00d3TICOS FRANC\u00caS","og_url":"https:\/\/lovme.pt\/index.php\/produto\/moressa-jogo-de-dados-eroticos-frances\/","og_site_name":"Lovme","article_modified_time":"2026-04-14T10:37:02+00:00","og_image":[{"width":900,"height":900,"url":"https:\/\/erki24nd3ub.exactdn.com\/wp-content\/uploads\/dream\/img\/img_212960_a50ed26dcb372c39460775174c381e07_1.png?strip=all","type":"image\/png"}],"twitter_card":"summary_large_image","twitter_misc":{"Tempo estimado de leitura":"2 minutos"},"schema":{"@context":"https:\/\/schema.org","@graph":[{"@type":"WebPage","@id":"https:\/\/lovme.pt\/index.php\/produto\/moressa-jogo-de-dados-eroticos-frances\/","url":"https:\/\/lovme.pt\/index.php\/produto\/moressa-jogo-de-dados-eroticos-frances\/","name":"MORESSA - JOGO DE DADOS ER\u00d3TICOS FRANC\u00caS - Lovme","isPartOf":{"@id":"https:\/\/lovme.pt\/#website"},"primaryImageOfPage":{"@id":"https:\/\/lovme.pt\/index.php\/produto\/moressa-jogo-de-dados-eroticos-frances\/#primaryimage"},"image":{"@id":"https:\/\/lovme.pt\/index.php\/produto\/moressa-jogo-de-dados-eroticos-frances\/#primaryimage"},"thumbnailUrl":"https:\/\/erki24nd3ub.exactdn.com\/wp-content\/uploads\/dream\/img\/img_212960_a50ed26dcb372c39460775174c381e07_1.png?strip=all","datePublished":"2025-09-30T09:53:54+00:00","dateModified":"2026-04-14T10:37:02+00:00","breadcrumb":{"@id":"https:\/\/lovme.pt\/index.php\/produto\/moressa-jogo-de-dados-eroticos-frances\/#breadcrumb"},"inLanguage":"pt-PT","potentialAction":[{"@type":"ReadAction","target":["https:\/\/lovme.pt\/index.php\/produto\/moressa-jogo-de-dados-eroticos-frances\/"]}]},{"@type":"ImageObject","inLanguage":"pt-PT","@id":"https:\/\/lovme.pt\/index.php\/produto\/moressa-jogo-de-dados-eroticos-frances\/#primaryimage","url":"https:\/\/erki24nd3ub.exactdn.com\/wp-content\/uploads\/dream\/img\/img_212960_a50ed26dcb372c39460775174c381e07_1.png?strip=all","contentUrl":"https:\/\/erki24nd3ub.exactdn.com\/wp-content\/uploads\/dream\/img\/img_212960_a50ed26dcb372c39460775174c381e07_1.png?strip=all","width":900,"height":900},{"@type":"BreadcrumbList","@id":"https:\/\/lovme.pt\/index.php\/produto\/moressa-jogo-de-dados-eroticos-frances\/#breadcrumb","itemListElement":[{"@type":"ListItem","position":1,"name":"In\u00edcio","item":"https:\/\/lovme.pt\/"},{"@type":"ListItem","position":2,"name":"Loja","item":"https:\/\/lovme.pt\/index.php\/loja\/"},{"@type":"ListItem","position":3,"name":"MORESSA &#8211; JOGO DE DADOS ER\u00d3TICOS FRANC\u00caS"}]},{"@type":"WebSite","@id":"https:\/\/lovme.pt\/#website","url":"https:\/\/lovme.pt\/","name":"Lovme Loja Er\u00f3tica N\u00ba1 em Portugal","description":"A melhor loja er\u00f3tica de Portugal.","alternateName":"Loja Er\u00f3tica Lovme","potentialAction":[{"@type":"SearchAction","target":{"@type":"EntryPoint","urlTemplate":"https:\/\/lovme.pt\/?s={search_term_string}"},"query-input":{"@type":"PropertyValueSpecification","valueRequired":true,"valueName":"search_term_string"}}],"inLanguage":"pt-PT"}]}},"_links":{"self":[{"href":"https:\/\/lovme.pt\/index.php\/wp-json\/wp\/v2\/product\/28941","targetHints":{"allow":["GET"]}}],"collection":[{"href":"https:\/\/lovme.pt\/index.php\/wp-json\/wp\/v2\/product"}],"about":[{"href":"https:\/\/lovme.pt\/index.php\/wp-json\/wp\/v2\/types\/product"}],"wp:featuredmedia":[{"embeddable":true,"href":"https:\/\/lovme.pt\/index.php\/wp-json\/wp\/v2\/media\/59049"}],"wp:attachment":[{"href":"https:\/\/lovme.pt\/index.php\/wp-json\/wp\/v2\/media?parent=28941"}],"wp:term":[{"taxonomy":"product_brand","embeddable":true,"href":"https:\/\/lovme.pt\/index.php\/wp-json\/wp\/v2\/product_brand?post=28941"},{"taxonomy":"product_cat","embeddable":true,"href":"https:\/\/lovme.pt\/index.php\/wp-json\/wp\/v2\/product_cat?post=28941"},{"taxonomy":"product_tag","embeddable":true,"href":"https:\/\/lovme.pt\/index.php\/wp-json\/wp\/v2\/product_tag?post=28941"}],"curies":[{"name":"wp","href":"https:\/\/api.w.org\/{rel}","templated":true}]}}