{"id":28822,"date":"2025-10-01T02:15:37","date_gmt":"2025-10-01T02:15:37","guid":{"rendered":"https:\/\/lovme.pt\/?post_type=product&#038;p=28822"},"modified":"2026-04-15T16:37:02","modified_gmt":"2026-04-15T16:37:02","slug":"jamyjob-masturbador-de-experiencia-de-bunda","status":"publish","type":"product","link":"https:\/\/lovme.pt\/index.php\/produto\/jamyjob-masturbador-de-experiencia-de-bunda\/","title":{"rendered":"JAMYJOB &#8211; EXPERI\u00caNCIA DE MASTURBADOR"},"content":{"rendered":"<p><strong>O masturbador Jamyjob<\/strong><\/p>\n<p> <strong>A Jamyjob Toys<\/strong> apresenta tr\u00eas masturbadores perfeitos para uso individual, com um parceiro ou para levar consigo para qualquer lugar. Feitos de TPR, eles intensificam a sensa\u00e7\u00e3o de prazer, aumentando o bem-estar durante a masturba\u00e7\u00e3o masculina.<\/p>\n<p> Instru\u00e7\u00f5es de uso;<\/p>\n<p> Antes de usar, aplique um lubrificante \u00e0 base de \u00e1gua e sem parabenos, como Waterfeel ou Nina Kik\u00ed.<\/p>\n<p> Ap\u00f3s o uso, se n\u00e3o houver ejacula\u00e7\u00e3o interna, limpe com sabonete neutro e \u00e1gua morna. Se houver ejacula\u00e7\u00e3o interna, remova a manga, coloque-a em \u00e1gua corrente e limpe com sabonete neutro. Deixe secar. Ap\u00f3s a secagem, estar\u00e1 pronta para uso novamente.<\/p>\n<ul>\n<li> Formato do \u00e2nus<\/li>\n<li> Material: TPR livre de ftalatos<\/li>\n<\/ul>\n<p> <strong>5 BENEF\u00cdCIOS DA MASTURBA\u00c7\u00c3O MASCULINA<\/strong><\/p>\n<p> A masturba\u00e7\u00e3o ainda \u00e9 vista em algumas sociedades como imoral e prejudicial. De fato, \u00e9 quase um tabu, raramente discutido em encontros sociais e reservado para assuntos privados. Tamb\u00e9m n\u00e3o devemos ignorar algumas lendas urbanas que circulam sobre a masturba\u00e7\u00e3o masculina: como a de que causa esterilidade, cegueira ou acne. No entanto, essa t\u00e9cnica proporciona prazer e relaxamento, entre outros benef\u00edcios. Abaixo, apresentamos 5 benef\u00edcios da masturba\u00e7\u00e3o masculina.<\/p>\n<ul>\n<li> <strong>Previne o c\u00e2ncer de pr\u00f3stata<\/strong><\/li>\n<\/ul>\n<p> O c\u00e2ncer de pr\u00f3stata \u00e9 o tipo de c\u00e2ncer mais comum entre homens com mais de 70 anos. Ali\u00e1s, sua incid\u00eancia est\u00e1 aumentando, como demonstra o fato de j\u00e1 representar 12% dos novos casos de c\u00e2ncer detectados na Europa.<\/p>\n<p> Diversos estudos revelaram que o esvaziamento frequente da pr\u00f3stata, que ocorre atrav\u00e9s da ejacula\u00e7\u00e3o, pode prevenir o surgimento do c\u00e2ncer de pr\u00f3stata. Alguns estudos afirmam que homens que se masturbam mais de cinco vezes por semana t\u00eam 30% menos chances de desenvolver c\u00e2ncer de pr\u00f3stata.<\/p>\n<ul>\n<li> <strong>Relaxante Natural<\/strong><\/li>\n<\/ul>\n<p> As formas mais comuns de relaxar s\u00e3o o ch\u00e1 de camomila, a leitura, a ioga ou at\u00e9 mesmo comprimidos. Mas a masturba\u00e7\u00e3o tamb\u00e9m pode proporcionar essa sensa\u00e7\u00e3o, al\u00e9m de ajudar a combater a ins\u00f4nia. Quando um homem atinge o orgasmo, seu c\u00e9rebro libera horm\u00f4nios como a serotonina e a ocitocina, que est\u00e3o associados ao sono.<\/p>\n<ul>\n<li> <strong>Aumento da fertilidade<\/strong><\/li>\n<\/ul>\n<p> Ao contr\u00e1rio da cren\u00e7a popular, a masturba\u00e7\u00e3o n\u00e3o afeta a qualidade do s\u00eamen. Na verdade, ocorre o contr\u00e1rio, pois ela melhora a motilidade dos espermatozoides. Isso acontece porque a ejacula\u00e7\u00e3o expulsa os espermatozoides residuais, garantindo que os novos espermatozoides liberados sejam mais saud\u00e1veis e jovens.<\/p>\n<ul>\n<li> <strong>Preven\u00e7\u00e3o de infec\u00e7\u00f5es<\/strong><\/li>\n<\/ul>\n<p> A cada ejacula\u00e7\u00e3o, as bact\u00e9rias s\u00e3o expelidas. Portanto, os canais ejaculat\u00f3rios s\u00e3o limpos, prevenindo o desenvolvimento de infec\u00e7\u00f5es. Mas, al\u00e9m de notar isso nos genitais, voc\u00ea tamb\u00e9m perceber\u00e1 em outras partes do corpo.<\/p>\n<ul>\n<li> <strong>Aumenta a felicidade<\/strong><\/li>\n<\/ul>\n<p> Com a masturba\u00e7\u00e3o, liberamos uma s\u00e9rie de horm\u00f4nios, como dopamina e oxitocina, que est\u00e3o associados aos n\u00edveis de felicidade. Os circuitos de prazer do c\u00e9rebro s\u00e3o ativados, melhorando o humor e a sensa\u00e7\u00e3o de bem-estar.<\/p>\n<p> Use <strong>o Jamyjob<\/strong> frequentemente para melhorar seu desempenho sexual!<\/p>\n","protected":false},"excerpt":{"rendered":"<p>JAMYJOB &#8211; EXPERI\u00caNCIA DE MASTURBADOR<\/p>\n","protected":false},"featured_media":95771,"template":"","meta":{"_acf_changed":false},"product_brand":[],"product_cat":[17,63],"product_tag":[],"class_list":{"0":"post-28822","1":"product","2":"type-product","3":"status-publish","4":"has-post-thumbnail","6":"product_cat-brinquedos-de-bem-estar-sexual","7":"product_cat-sexo-anal","8":"yith_product_brand-jamyjob","10":"first","11":"instock","12":"taxable","13":"shipping-taxable","14":"purchasable","15":"product-type-simple"},"acf":[],"yoast_head":"<!-- This site is optimized with the Yoast SEO plugin v27.4 - https:\/\/yoast.com\/product\/yoast-seo-wordpress\/ -->\n<title>JAMYJOB - EXPERI\u00caNCIA DE MASTURBADOR - Lovme<\/title>\n<meta name=\"robots\" content=\"index, follow, max-snippet:-1, max-image-preview:large, max-video-preview:-1\" \/>\n<link rel=\"canonical\" href=\"https:\/\/lovme.pt\/index.php\/produto\/jamyjob-masturbador-de-experiencia-de-bunda\/\" \/>\n<meta property=\"og:locale\" content=\"pt_PT\" \/>\n<meta property=\"og:type\" content=\"article\" \/>\n<meta property=\"og:title\" content=\"JAMYJOB - EXPERI\u00caNCIA DE MASTURBADOR - Lovme\" \/>\n<meta property=\"og:description\" content=\"JAMYJOB - EXPERI\u00caNCIA DE MASTURBADOR\" \/>\n<meta property=\"og:url\" content=\"https:\/\/lovme.pt\/index.php\/produto\/jamyjob-masturbador-de-experiencia-de-bunda\/\" \/>\n<meta property=\"og:site_name\" content=\"Lovme\" \/>\n<meta property=\"article:modified_time\" content=\"2026-04-15T16:37:02+00:00\" \/>\n<meta property=\"og:image\" content=\"https:\/\/erki24nd3ub.exactdn.com\/wp-content\/uploads\/dream\/img\/img_90434_b6db9f71adb058c61328d36d7569a4f4_1.png?strip=all\" \/>\n\t<meta property=\"og:image:width\" content=\"768\" \/>\n\t<meta property=\"og:image:height\" content=\"769\" \/>\n\t<meta property=\"og:image:type\" content=\"image\/png\" \/>\n<meta name=\"twitter:card\" content=\"summary_large_image\" \/>\n<meta name=\"twitter:label1\" content=\"Tempo estimado de leitura\" \/>\n\t<meta name=\"twitter:data1\" content=\"3 minutos\" \/>\n<script type=\"application\/ld+json\" class=\"yoast-schema-graph\">{\"@context\":\"https:\\\/\\\/schema.org\",\"@graph\":[{\"@type\":\"WebPage\",\"@id\":\"https:\\\/\\\/lovme.pt\\\/index.php\\\/produto\\\/jamyjob-masturbador-de-experiencia-de-bunda\\\/\",\"url\":\"https:\\\/\\\/lovme.pt\\\/index.php\\\/produto\\\/jamyjob-masturbador-de-experiencia-de-bunda\\\/\",\"name\":\"JAMYJOB - EXPERI\u00caNCIA DE MASTURBADOR - Lovme\",\"isPartOf\":{\"@id\":\"https:\\\/\\\/lovme.pt\\\/#website\"},\"primaryImageOfPage\":{\"@id\":\"https:\\\/\\\/lovme.pt\\\/index.php\\\/produto\\\/jamyjob-masturbador-de-experiencia-de-bunda\\\/#primaryimage\"},\"image\":{\"@id\":\"https:\\\/\\\/lovme.pt\\\/index.php\\\/produto\\\/jamyjob-masturbador-de-experiencia-de-bunda\\\/#primaryimage\"},\"thumbnailUrl\":\"https:\\\/\\\/erki24nd3ub.exactdn.com\\\/wp-content\\\/uploads\\\/dream\\\/img\\\/img_90434_b6db9f71adb058c61328d36d7569a4f4_1.png?strip=all\",\"datePublished\":\"2025-10-01T02:15:37+00:00\",\"dateModified\":\"2026-04-15T16:37:02+00:00\",\"breadcrumb\":{\"@id\":\"https:\\\/\\\/lovme.pt\\\/index.php\\\/produto\\\/jamyjob-masturbador-de-experiencia-de-bunda\\\/#breadcrumb\"},\"inLanguage\":\"pt-PT\",\"potentialAction\":[{\"@type\":\"ReadAction\",\"target\":[\"https:\\\/\\\/lovme.pt\\\/index.php\\\/produto\\\/jamyjob-masturbador-de-experiencia-de-bunda\\\/\"]}]},{\"@type\":\"ImageObject\",\"inLanguage\":\"pt-PT\",\"@id\":\"https:\\\/\\\/lovme.pt\\\/index.php\\\/produto\\\/jamyjob-masturbador-de-experiencia-de-bunda\\\/#primaryimage\",\"url\":\"https:\\\/\\\/erki24nd3ub.exactdn.com\\\/wp-content\\\/uploads\\\/dream\\\/img\\\/img_90434_b6db9f71adb058c61328d36d7569a4f4_1.png?strip=all\",\"contentUrl\":\"https:\\\/\\\/erki24nd3ub.exactdn.com\\\/wp-content\\\/uploads\\\/dream\\\/img\\\/img_90434_b6db9f71adb058c61328d36d7569a4f4_1.png?strip=all\",\"width\":768,\"height\":769},{\"@type\":\"BreadcrumbList\",\"@id\":\"https:\\\/\\\/lovme.pt\\\/index.php\\\/produto\\\/jamyjob-masturbador-de-experiencia-de-bunda\\\/#breadcrumb\",\"itemListElement\":[{\"@type\":\"ListItem\",\"position\":1,\"name\":\"In\u00edcio\",\"item\":\"https:\\\/\\\/lovme.pt\\\/\"},{\"@type\":\"ListItem\",\"position\":2,\"name\":\"Loja\",\"item\":\"https:\\\/\\\/lovme.pt\\\/index.php\\\/loja\\\/\"},{\"@type\":\"ListItem\",\"position\":3,\"name\":\"JAMYJOB &#8211; EXPERI\u00caNCIA DE MASTURBADOR\"}]},{\"@type\":\"WebSite\",\"@id\":\"https:\\\/\\\/lovme.pt\\\/#website\",\"url\":\"https:\\\/\\\/lovme.pt\\\/\",\"name\":\"Lovme Loja Er\u00f3tica N\u00ba1 em Portugal\",\"description\":\"A melhor loja er\u00f3tica de Portugal.\",\"alternateName\":\"Loja Er\u00f3tica Lovme\",\"potentialAction\":[{\"@type\":\"SearchAction\",\"target\":{\"@type\":\"EntryPoint\",\"urlTemplate\":\"https:\\\/\\\/lovme.pt\\\/?s={search_term_string}\"},\"query-input\":{\"@type\":\"PropertyValueSpecification\",\"valueRequired\":true,\"valueName\":\"search_term_string\"}}],\"inLanguage\":\"pt-PT\"}]}<\/script>\n<!-- \/ Yoast SEO plugin. -->","yoast_head_json":{"title":"JAMYJOB - EXPERI\u00caNCIA DE MASTURBADOR - Lovme","robots":{"index":"index","follow":"follow","max-snippet":"max-snippet:-1","max-image-preview":"max-image-preview:large","max-video-preview":"max-video-preview:-1"},"canonical":"https:\/\/lovme.pt\/index.php\/produto\/jamyjob-masturbador-de-experiencia-de-bunda\/","og_locale":"pt_PT","og_type":"article","og_title":"JAMYJOB - EXPERI\u00caNCIA DE MASTURBADOR - Lovme","og_description":"JAMYJOB - EXPERI\u00caNCIA DE MASTURBADOR","og_url":"https:\/\/lovme.pt\/index.php\/produto\/jamyjob-masturbador-de-experiencia-de-bunda\/","og_site_name":"Lovme","article_modified_time":"2026-04-15T16:37:02+00:00","og_image":[{"width":768,"height":769,"url":"https:\/\/erki24nd3ub.exactdn.com\/wp-content\/uploads\/dream\/img\/img_90434_b6db9f71adb058c61328d36d7569a4f4_1.png?strip=all","type":"image\/png"}],"twitter_card":"summary_large_image","twitter_misc":{"Tempo estimado de leitura":"3 minutos"},"schema":{"@context":"https:\/\/schema.org","@graph":[{"@type":"WebPage","@id":"https:\/\/lovme.pt\/index.php\/produto\/jamyjob-masturbador-de-experiencia-de-bunda\/","url":"https:\/\/lovme.pt\/index.php\/produto\/jamyjob-masturbador-de-experiencia-de-bunda\/","name":"JAMYJOB - EXPERI\u00caNCIA DE MASTURBADOR - Lovme","isPartOf":{"@id":"https:\/\/lovme.pt\/#website"},"primaryImageOfPage":{"@id":"https:\/\/lovme.pt\/index.php\/produto\/jamyjob-masturbador-de-experiencia-de-bunda\/#primaryimage"},"image":{"@id":"https:\/\/lovme.pt\/index.php\/produto\/jamyjob-masturbador-de-experiencia-de-bunda\/#primaryimage"},"thumbnailUrl":"https:\/\/erki24nd3ub.exactdn.com\/wp-content\/uploads\/dream\/img\/img_90434_b6db9f71adb058c61328d36d7569a4f4_1.png?strip=all","datePublished":"2025-10-01T02:15:37+00:00","dateModified":"2026-04-15T16:37:02+00:00","breadcrumb":{"@id":"https:\/\/lovme.pt\/index.php\/produto\/jamyjob-masturbador-de-experiencia-de-bunda\/#breadcrumb"},"inLanguage":"pt-PT","potentialAction":[{"@type":"ReadAction","target":["https:\/\/lovme.pt\/index.php\/produto\/jamyjob-masturbador-de-experiencia-de-bunda\/"]}]},{"@type":"ImageObject","inLanguage":"pt-PT","@id":"https:\/\/lovme.pt\/index.php\/produto\/jamyjob-masturbador-de-experiencia-de-bunda\/#primaryimage","url":"https:\/\/erki24nd3ub.exactdn.com\/wp-content\/uploads\/dream\/img\/img_90434_b6db9f71adb058c61328d36d7569a4f4_1.png?strip=all","contentUrl":"https:\/\/erki24nd3ub.exactdn.com\/wp-content\/uploads\/dream\/img\/img_90434_b6db9f71adb058c61328d36d7569a4f4_1.png?strip=all","width":768,"height":769},{"@type":"BreadcrumbList","@id":"https:\/\/lovme.pt\/index.php\/produto\/jamyjob-masturbador-de-experiencia-de-bunda\/#breadcrumb","itemListElement":[{"@type":"ListItem","position":1,"name":"In\u00edcio","item":"https:\/\/lovme.pt\/"},{"@type":"ListItem","position":2,"name":"Loja","item":"https:\/\/lovme.pt\/index.php\/loja\/"},{"@type":"ListItem","position":3,"name":"JAMYJOB &#8211; EXPERI\u00caNCIA DE MASTURBADOR"}]},{"@type":"WebSite","@id":"https:\/\/lovme.pt\/#website","url":"https:\/\/lovme.pt\/","name":"Lovme Loja Er\u00f3tica N\u00ba1 em Portugal","description":"A melhor loja er\u00f3tica de Portugal.","alternateName":"Loja Er\u00f3tica Lovme","potentialAction":[{"@type":"SearchAction","target":{"@type":"EntryPoint","urlTemplate":"https:\/\/lovme.pt\/?s={search_term_string}"},"query-input":{"@type":"PropertyValueSpecification","valueRequired":true,"valueName":"search_term_string"}}],"inLanguage":"pt-PT"}]}},"_links":{"self":[{"href":"https:\/\/lovme.pt\/index.php\/wp-json\/wp\/v2\/product\/28822","targetHints":{"allow":["GET"]}}],"collection":[{"href":"https:\/\/lovme.pt\/index.php\/wp-json\/wp\/v2\/product"}],"about":[{"href":"https:\/\/lovme.pt\/index.php\/wp-json\/wp\/v2\/types\/product"}],"wp:featuredmedia":[{"embeddable":true,"href":"https:\/\/lovme.pt\/index.php\/wp-json\/wp\/v2\/media\/95771"}],"wp:attachment":[{"href":"https:\/\/lovme.pt\/index.php\/wp-json\/wp\/v2\/media?parent=28822"}],"wp:term":[{"taxonomy":"product_brand","embeddable":true,"href":"https:\/\/lovme.pt\/index.php\/wp-json\/wp\/v2\/product_brand?post=28822"},{"taxonomy":"product_cat","embeddable":true,"href":"https:\/\/lovme.pt\/index.php\/wp-json\/wp\/v2\/product_cat?post=28822"},{"taxonomy":"product_tag","embeddable":true,"href":"https:\/\/lovme.pt\/index.php\/wp-json\/wp\/v2\/product_tag?post=28822"}],"curies":[{"name":"wp","href":"https:\/\/api.w.org\/{rel}","templated":true}]}}